-- Dumping data for table ps_gsitemap_sitemap
-- 



-- 
-- Definition of ps_guest
-- 

CREATE TABLE IF NOT EXISTS `ps_guest` (
  `id_guest` int(10) unsigned NOT NULL AUTO_INCREMENT,
  `id_operating_system` int(10) unsigned DEFAULT NULL,
  `id_web_browser` int(10) unsigned DEFAULT NULL,
  `id_customer` int(10) unsigned DEFAULT NULL,
  `javascript` tinyint(1) DEFAULT '0',
  `screen_resolution_x` smallint(5) unsigned DEFAULT NULL,
  `screen_resolution_y` smallint(5) unsigned DEFAULT NULL,
  `screen_color` tinyint(3) unsigned DEFAULT NULL,
  `sun_java` tinyint(1) DEFAULT NULL,
  `adobe_flash` tinyint(1) DEFAULT NULL,
  `adobe_director` tinyint(1) DEFAULT NULL,
  `apple_quicktime` tinyint(1) DEFAULT NULL,
  `real_player` tinyint(1) DEFAULT NULL,
  `windows_media` tinyint(1) DEFAULT NULL,
  `accept_language` varchar(8) DEFAULT NULL,
  `mobile_theme` tinyint(1) NOT NULL DEFAULT '0',
  PRIMARY KEY (`id_guest`),
  KEY `id_customer` (`id_customer`),
  KEY `id_operating_system` (`id_operating_system`),
  KEY `id_web_browser` (`id_web_browser`)
) ENGINE=InnoDB AUTO_INCREMENT=9 DEFAULT CHARSET=utf8mb4;

-- 
-- Dumping data for table ps_guest
-- 

INSERT INTO `ps_guest`(`id_guest`,`id_operating_system`,`id_web_browser`,`id_customer`,`javascript`,`screen_resolution_x`,`screen_resolution_y`,`screen_color`,`sun_java`,`adobe_flash`,`adobe_director`,`apple_quicktime`,`real_player`,`windows_media`,`accept_language`,`mobile_theme`) VALUES
(1,0,0,2,0,0,0,0,0,0,0,0,0,0,'',0),
(2,0,0,0,0,0,0,0,0,0,0,0,0,0,'',0),
(3,6,11,0,0,0,0,0,0,0,0,0,0,0,'es',0),
(4,6,11,0,0,0,0,0,0,0,0,0,0,0,'es',0),
(5,6,11,0,0,0,0,0,0,0,0,0,0,0,'es',0),
(6,9,11,0,0,0,0,0,0,0,0,0,0,0,'es',0),
(7,6,3,0,0,0,0,0,0,0,0,0,0,0,'es',0),
(8,6,3,0,0,0,0,0,0,0,0,0,0,0,'es',0);

-- 
-- Definition of ps_homeslider
-- 

CREATE TABLE IF NOT EXISTS `ps_homeslider` (
  `id_homeslider_slides` int(10) unsigned NOT NULL AUTO_INCREMENT,
  `id_shop` int(10) unsigned NOT NULL,
  PRIMARY KEY (`id_homeslider_slides`,`id_shop`)
) ENGINE=InnoDB AUTO_INCREMENT=4 DEFAULT CHARSET=utf8;

-- 
-- Dumping data for table ps_homeslider
-- 

INSERT INTO `ps_homeslider`(`id_homeslider_slides`,`id_shop`) VALUES
(1,1),
(2,1),
(3,1);

-- 
-- Definition of ps_homeslider_slides
-- 

CREATE TABLE IF NOT EXISTS `ps_homeslider_slides` (
  `id_homeslider_slides` int(10) unsigned NOT NULL AUTO_INCREMENT,
  `position` int(10) unsigned NOT NULL DEFAULT '0',
  `active` tinyint(1) unsigned NOT NULL DEFAULT '0',
  PRIMARY KEY (`id_homeslider_slides`)
) ENGINE=InnoDB AUTO_INCREMENT=4 DEFAULT CHARSET=utf8;

-- 
-- Dumping data for table ps_homeslider_slides
-- 

INSERT INTO `ps_homeslider_slides`(`id_homeslider_slides`,`position`,`active`) VALUES
(1,1,1),
(2,2,1),
(3,3,1);

-- 
-- Definition of ps_homeslider_slides_lang
-- 

CREATE TABLE IF NOT EXISTS `ps_homeslider_slides_lang` (
  `id_homeslider_slides` int(10) unsigned NOT NULL,
  `id_lang` int(10) unsigned NOT NULL,
  `title` varchar(255) NOT NULL,
  `description` text NOT NULL,
  `legend` varchar(255) NOT NULL,
  `url` varchar(255) NOT NULL,
  `image` varchar(255) NOT NULL,
  PRIMARY KEY (`id_homeslider_slides`,`id_lang`)
) ENGINE=InnoDB DEFAULT CHARSET=utf8;

-- 
-- Dumping data for table ps_homeslider_slides_lang
-- 

INSERT INTO `ps_homeslider_slides_lang`(`id_homeslider_slides`,`id_lang`,`title`,`description`,`legend`,`url`,`image`) VALUES
(1,1,'Sample 1','<h3>EXCEPTEUR OCCAECAT</h3>\n                <p>Lorem ipsum dolor sit amet, consectetur adipiscing elit. Proin tristique in tortor et dignissim. Quisque non tempor leo. Maecenas egestas sem elit</p>','sample-1','http://www.prestashop.com/?utm_source=back-office&utm_medium=v17_homeslider&utm_campaign=back-office-ES&utm_content=download','sample-1.jpg'),
(2,1,'Sample 2','<h3>EXCEPTEUR OCCAECAT</h3>\n                <p>Lorem ipsum dolor sit amet, consectetur adipiscing elit. Proin tristique in tortor et dignissim. Quisque non tempor leo. Maecenas egestas sem elit</p>','sample-2','http://www.prestashop.com/?utm_source=back-office&utm_medium=v17_homeslider&utm_campaign=back-office-ES&utm_content=download','sample-2.jpg'),
(3,1,'Sample 3','<h3>EXCEPTEUR OCCAECAT</h3>\n                <p>Lorem ipsum dolor sit amet, consectetur adipiscing elit. Proin tristique in tortor et dignissim. Quisque non tempor leo. Maecenas egestas sem elit</p>','sample-3','http://www.prestashop.com/?utm_source=back-office&utm_medium=v17_homeslider&utm_campaign=back-office-ES&utm_content=download','sample-3.jpg');

-- 
-- Definition of ps_hook
-- 

CREATE TABLE IF NOT EXISTS `ps_hook` (
  `id_hook` int(10) unsigned NOT NULL AUTO_INCREMENT,
  `name` varchar(191) NOT NULL,
  `title` varchar(255) NOT NULL,
  `description` text,
  `position` tinyint(1) NOT NULL DEFAULT '1',
  PRIMARY KEY (`id_hook`),
  UNIQUE KEY `hook_name` (`name`)
) ENGINE=InnoDB AUTO_INCREMENT=609 DEFAULT CHARSET=utf8mb4;

-- 
-- Dumping data for table ps_hook
-- 

INSERT INTO `ps_hook`(`id_hook`,`name`,`title`,`description`,`position`) VALUES
(1,'actionValidateOrder','New orders','',1),
(2,'displayMaintenance','Maintenance Page','This hook displays new elements on the maintenance page',1),
(3,'displayProductPageDrawer','Product Page Drawer','This hook displays content in the right sidebar of the product page',1),
(4,'actionPaymentConfirmation','Payment confirmation','This hook displays new elements after the payment is validated',1),
(5,'displayPaymentReturn','Payment return','',1),
(6,'actionUpdateQuantity','Quantity update','Quantity is updated only when a customer effectively places their order',1),
(7,'displayRightColumn','Right column blocks','This hook displays new elements in the right-hand column',1),
(8,'displayWrapperTop','Main wrapper section (top)','This hook displays new elements in the top of the main wrapper',1),
(9,'displayWrapperBottom','Main wrapper section (bottom)','This hook displays new elements in the bottom of the main wrapper',1),
(10,'displayContentWrapperTop','Content wrapper section (top)','This hook displays new elements in the top of the content wrapper',1),
(11,'displayContentWrapperBottom','Content wrapper section (bottom)','This hook displays new elements in the bottom of the content wrapper',1),
(12,'displayLeftColumn','Left column blocks','This hook displays new elements in the left-hand column',1),
(13,'displayHome','Homepage content','This hook displays new elements on the homepage',1),
(14,'displayHeader','Pages html head section','This hook adds additional elements in the head section of your pages (head section of html)',1),
(15,'actionCartSave','Cart creation and update','This hook is displayed when a product is added to the cart or if the cart''s content is modified',1),
(16,'actionAuthentication','Successful customer authentication','This hook is displayed after a customer successfully signs in',1),
(17,'actionProductAdd','Product creation','This hook is displayed after a product is created',1),
(18,'actionProductUpdate','Product update','This hook is displayed after a product has been updated',1),
(19,'displayAfterBodyOpeningTag','Very top of pages','Use this hook for advertisement or modals you want to load first',1),
(20,'displayBeforeBodyClosingTag','Very bottom of pages','Use this hook for your modals or any content you want to load at the very end',1),
(21,'displayTop','Top of pages','This hook displays additional elements at the top of your pages',1),
(22,'displayNavFullWidth','Navigation','This hook displays full width navigation menu at the top of your pages',1),
(23,'displayRightColumnProduct','New elements on the product page (right column)','This hook displays new elements in the right-hand column of the product page',1),
(24,'actionProductDelete','Product deletion','This hook is called when a product is deleted',1),
(25,'actionObjectProductInCartDeleteBefore','Cart product removal','This hook is called before a product is removed from a cart',1),
(26,'actionObjectProductInCartDeleteAfter','Cart product removal','This hook is called after a product is removed from a cart',1),
(27,'displayFooterProduct','Product footer','This hook adds new blocks under the product''s description',1),
(28,'displayInvoice','Invoice','This hook displays new blocks on the invoice (order)',1),
(29,'actionOrderStatusUpdate','Order status update - Event','This hook launches modules when the status of an order changes',1),
(30,'displayAdminOrder','Display new elements in the Back Office, tab AdminOrder','This hook launches modules when the AdminOrder tab is displayed in the Back Office',1),
(31,'displayAdminOrderTabOrder','Display new elements in Back Office, AdminOrder, panel Order','This hook launches modules when the AdminOrder tab is displayed in the Back Office and extends / override Order panel tabs',1),
(32,'displayAdminOrderTabShip','Display new elements in Back Office, AdminOrder, panel Shipping','This hook launches modules when the AdminOrder tab is displayed in the Back Office and extends / override Shipping panel tabs',1),
(33,'displayAdminOrderContentOrder','Display new elements in Back Office, AdminOrder, panel Order','This hook launches modules when the AdminOrder tab is displayed in the Back Office and extends / override Order panel content',1),
(34,'displayAdminOrderContentShip','Display new elements in Back Office, AdminOrder, panel Shipping','This hook launches modules when the AdminOrder tab is displayed in the Back Office and extends / override Shipping panel content',1),
(35,'displayFooter','Footer','This hook displays new blocks in the footer',1),
(36,'displayPDFInvoice','PDF Invoice','This hook allows you to display additional information on PDF invoices',1),
(37,'displayInvoiceLegalFreeText','PDF Invoice - Legal Free Text','This hook allows you to modify the legal free text on PDF invoices',1),
(38,'displayAdminCustomers','Display new elements in the Back Office, tab AdminCustomers','This hook launches modules when the AdminCustomers tab is displayed in the Back Office',1),
(39,'displayAdminCustomersAddressesItemAction','Display new elements in the Back Office, tab AdminCustomers, Addresses actions','This hook launches modules when the Addresses list into the AdminCustomers tab is displayed in the Back Office',1),
(40,'displayOrderConfirmation','Order confirmation page','This hook is called within an order''s confirmation page',1),
(41,'actionCustomerAccountAdd','Successful customer account creation','This hook is called when a new customer creates an account successfully',1),
(42,'actionCustomerAccountUpdate','Successful customer account update','This hook is called when a customer updates its account successfully',1),
(43,'displayCustomerAccount','Customer account displayed in Front Office','This hook displays new elements on the customer account page',1),
(44,'actionOrderSlipAdd','Order slip creation','This hook is called when a new credit slip is added regarding client order',1),
(45,'displayShoppingCartFooter','Shopping cart footer','This hook displays some specific information on the shopping cart''s page',1),
(46,'displayCreateAccountEmailFormBottom','Customer authentication form','This hook displays some information on the bottom of the email form',1),
(47,'displayAuthenticateFormBottom','Customer authentication form','This hook displays some information on the bottom of the authentication form',1),
(48,'displayCustomerAccountForm','Customer account creation form','This hook displays some information on the form to create a customer account',1),
(49,'displayAdminStatsModules','Stats - Modules','',1),
(50,'displayAdminStatsGraphEngine','Graph engines','',1),
(51,'actionOrderReturn','Returned product','This hook is displayed when a customer returns a product ',1),
(52,'displayProductAdditionalInfo','Product page additional info','This hook adds additional information on the product page',1),
(53,'displayBackOfficeHome','Administration panel homepage','This hook is displayed on the admin panel''s homepage',1),
(54,'displayAdminStatsGridEngine','Grid engines','',1),
(55,'actionWatermark','Watermark','',1),
(56,'actionProductCancel','Product cancelled','This hook is called when you cancel a product in an order',1),
(57,'displayLeftColumnProduct','New elements on the product page (left column)','This hook displays new elements in the left-hand column of the product page',1),
(58,'actionProductOutOfStock','Out-of-stock product','This hook displays new action buttons if a product is out of stock',1),
(59,'actionProductAttributeUpdate','Product attribute update','This hook is displayed when a product''s attribute is updated',1),
(60,'displayCarrierList','Extra carrier (module mode)','',1),
(61,'displayShoppingCart','Shopping cart - Additional button','This hook displays new action buttons within the shopping cart',1),
(62,'actionCarrierUpdate','Carrier Update','This hook is called when a carrier is updated',1),
(63,'actionOrderStatusPostUpdate','Post update of order status','',1),
(64,'displayCustomerAccountFormTop','Block above the form for create an account','This hook is displayed above the customer''s account creation form',1),
(65,'displayBackOfficeHeader','Administration panel header','This hook is displayed in the header of the admin panel',1),
(66,'displayBackOfficeTop','Administration panel hover the tabs','This hook is displayed on the roll hover of the tabs within the admin panel',1),
(67,'displayAdminEndContent','Administration end of content','This hook is displayed at the end of the main content, before the footer',1),
(68,'displayBackOfficeFooter','Administration panel footer','This hook is displayed within the admin panel''s footer',1),
(69,'actionProductAttributeDelete','Product attribute deletion','This hook is displayed when a product''s attribute is deleted',1),
(70,'actionCarrierProcess','Carrier process','',1),
(71,'displayBeforeCarrier','Before carriers list','This hook is displayed before the carrier list in Front Office',1),
(72,'displayAfterCarrier','After carriers list','This hook is displayed after the carrier list in Front Office',1),
(73,'displayOrderDetail','Order detail','This hook is displayed within the order''s details in Front Office',1),
(74,'actionPaymentCCAdd','Payment CC added','',1),
(75,'actionCategoryAdd','Category creation','This hook is displayed when a category is created',1),
(76,'actionCategoryUpdate','Category modification','This hook is displayed when a category is modified',1),
(77,'actionCategoryDelete','Category deletion','This hook is displayed when a category is deleted',1),
(78,'displayPaymentTop','Top of payment page','This hook is displayed at the top of the payment page',1),
(79,'actionHtaccessCreate','After htaccess creation','This hook is displayed after the htaccess creation',1),
(80,'actionAdminMetaSave','After saving the configuration in AdminMeta','This hook is displayed after saving the configuration in AdminMeta',1),
(81,'displayAttributeGroupForm','Add fields to the form ''attribute group''','This hook adds fields to the form ''attribute group''',1),
(82,'actionAttributeGroupSave','Saving an attribute group','This hook is called while saving an attributes group',1),
(83,'actionAttributeGroupDelete','Deleting attribute group','This hook is called while deleting an attributes  group',1),
(84,'displayFeatureForm','Add fields to the form ''feature''','This hook adds fields to the form ''feature''',1),
(85,'actionFeatureSave','Saving attributes'' features','This hook is called while saving an attributes features',1),
(86,'actionFeatureDelete','Deleting attributes'' features','This hook is called while deleting an attributes features',1),
(87,'actionProductSave','Saving products','This hook is called while saving products',1),
(88,'displayAttributeGroupPostProcess','On post-process in admin attribute group','This hook is called on post-process in admin attribute group',1),
(89,'displayFeaturePostProcess','On post-process in admin feature','This hook is called on post-process in admin feature',1),
(90,'displayFeatureValueForm','Add fields to the form ''feature value''','This hook adds fields to the form ''feature value''',1),
(91,'displayFeatureValuePostProcess','On post-process in admin feature value','This hook is called on post-process in admin feature value',1),
(92,'actionFeatureValueDelete','Deleting attributes'' features'' values','This hook is called while deleting an attributes features value',1),
(93,'actionFeatureValueSave','Saving an attributes features value','This hook is called while saving an attributes features value',1),
(94,'displayAttributeForm','Add fields to the form ''attribute value''','This hook adds fields to the form ''attribute value''',1),
(95,'actionAttributePostProcess','On post-process in admin feature value','This hook is called on post-process in admin feature value',1),
(96,'actionAttributeDelete','Deleting an attributes features value','This hook is called while deleting an attributes features value',1),
(97,'actionAttributeSave','Saving an attributes features value','This hook is called while saving an attributes features value',1),
(98,'actionTaxManager','Tax Manager Factory','',1),
(99,'displayMyAccountBlock','My account block','This hook displays extra information within the ''my account'' block\"',1),
(100,'actionModuleInstallBefore','actionModuleInstallBefore','',1),
(101,'actionModuleInstallAfter','actionModuleInstallAfter','',1),
(102,'displayTopColumn','Top column blocks','This hook displays new elements in the top of columns',1),
(103,'displayBackOfficeCategory','Display new elements in the Back Office, tab AdminCategories','This hook launches modules when the AdminCategories tab is displayed in the Back Office',1),
(104,'displayProductListFunctionalButtons','Display new elements in the Front Office, products list','This hook launches modules when the products list is displayed in the Front Office',1),
(105,'displayNav','Navigation','',1),
(106,'displayOverrideTemplate','Change the default template of current controller','',1),
(107,'actionAdminLoginControllerSetMedia','Set media on admin login page header','This hook is called after adding media to admin login page header',1),
(108,'actionOrderEdited','Order edited','This hook is called when an order is edited',1),
(109,'actionEmailAddBeforeContent','Add extra content before mail content','This hook is called just before fetching mail template',1),
(110,'actionEmailAddAfterContent','Add extra content after mail content','This hook is called just after fetching mail template',1),
(111,'sendMailAlterTemplateVars','Alter template vars on the fly','This hook is called when Mail::send() is called',1),
(112,'displayCartExtraProductActions','Extra buttons in shopping cart','This hook adds extra buttons to the product lines, in the shopping cart',1),
(113,'displayPaymentByBinaries','Payment form generated by binaries','This hook displays form generated by binaries during the checkout',1),
(114,'additionalCustomerFormFields','Add fields to the Customer form','This hook returns an array of FormFields to add them to the customer registration form',1),
(115,'additionalCustomerAddressFields','Add fields to the Customer address form','This hook returns an array of FormFields to add them to the customer address registration form',1),
(116,'addWebserviceResources','Add extra webservice resource','This hook is called when webservice resources list in webservice controller',1),
(117,'displayCustomerLoginFormAfter','Display elements after login form','This hook displays new elements after the login form',1),
(118,'actionClearCache','Clear smarty cache','This hook is called when smarty''s cache is cleared',1),
(119,'actionClearCompileCache','Clear smarty compile cache','This hook is called when smarty''s compile cache is cleared',1),
(120,'actionClearSf2Cache','Clear Sf2 cache','This hook is called when the Symfony cache is cleared',1),
(121,'actionValidateCustomerAddressForm','Customer address form validation','This hook is called when a customer submit its address form',1),
(122,'displayCarrierExtraContent','Display additional content for a carrier (e.g pickup points)','This hook calls only the module related to the carrier, in order to add options when needed',1),
(123,'validateCustomerFormFields','Customer registration form validation','This hook is called to a module when it has sent additional fields with additionalCustomerFormFields',1),
(124,'displayProductExtraContent','Display extra content on the product page','This hook expects ProductExtraContent instances, which will be properly displayed by the template on the product page',1),
(125,'filterCmsContent','Filter the content page','This hook is called just before fetching content page',1),
(126,'filterCmsCategoryContent','Filter the content page category','This hook is called just before fetching content page category',1),
(127,'filterProductContent','Filter the content page product','This hook is called just before fetching content page product',1),
(128,'filterCategoryContent','Filter the content page category','This hook is called just before fetching content page category',1),
(129,'filterManufacturerContent','Filter the content page manufacturer','This hook is called just before fetching content page manufacturer',1),
(130,'filterSupplierContent','Filter the content page supplier','This hook is called just before fetching content page supplier',1),
(131,'filterHtmlContent','Filter HTML field before rending a page','This hook is called just before fetching a page on HTML field',1),
(132,'displayDashboardTop','Dashboard Top','Displays the content in the dashboard''s top area',1),
(133,'actionUpdateLangAfter','Update \"lang\" tables','Update \"lang\" tables after adding or updating a language',1),
(134,'actionOutputHTMLBefore','Before HTML output','This hook is used to filter the whole HTML page before it is rendered (only front)',1),
(135,'displayAfterProductThumbs','Display extra content below product thumbs','This hook displays new elements below product images ex. additional media',1),
(136,'actionDispatcherBefore','Before dispatch','This hook is called at the beginning of the dispatch method of the Dispatcher',1),
(137,'actionDispatcherAfter','After dispatch','This hook is called at the end of the dispatch method of the Dispatcher',1),
(138,'filterProductSearch','Filter search products result','This hook is called in order to allow to modify search product result',1),
(139,'actionProductSearchAfter','Event triggered after search product completed','This hook is called after the product search. Parameters are already filter',1),
(140,'actionEmailSendBefore','Before sending an email','This hook is used to filter the content or the metadata of an email before sending it or even prevent its sending',1),
(141,'displayAdminProductsMainStepLeftColumnMiddle','Display new elements in back office product page, left column of the Basic settings tab','This hook launches modules when the back office product page is displayed',1),
(142,'displayAdminProductsMainStepLeftColumnBottom','Display new elements in back office product page, left column of the Basic settings tab','This hook launches modules when the back office product page is displayed',1),
(143,'displayAdminProductsMainStepRightColumnBottom','Display new elements in back office product page, right column of the Basic settings tab','This hook launches modules when the back office product page is displayed',1),
(144,'displayAdminProductsQuantitiesStepBottom','Display new elements in back office product page, Quantities/Combinations tab','This hook launches modules when the back office product page is displayed',1),
(145,'displayAdminProductsPriceStepBottom','Display new elements in back office product page, Price tab','This hook launches modules when the back office product page is displayed',1),
(146,'displayAdminProductsOptionsStepTop','Display new elements in back office product page, Options tab','This hook launches modules when the back office product page is displayed',1),
(147,'displayAdminProductsOptionsStepBottom','Display new elements in back office product page, Options tab','This hook launches modules when the back office product page is displayed',1),
(148,'displayAdminProductsSeoStepBottom','Display new elements in back office product page, SEO tab','This hook launches modules when the back office product page is displayed',1),
(149,'displayAdminProductsShippingStepBottom','Display new elements in back office product page, Shipping tab','This hook launches modules when the back office product page is displayed',1),
(150,'displayAdminProductsExtra','Admin Product Extra Module Tab','This hook displays extra content in the Module tab on the product edit page',1),
(151,'displayAdminProductsCombinationBottom','Display new elements in back office product page, Combination tab','This hook launches modules when the back office product page is displayed',1),
(152,'displayDashboardToolbarTopMenu','Display new elements in back office page with a dashboard, on top Menu','This hook launches modules when a page with a dashboard is displayed',1),
(153,'displayDashboardToolbarIcons','Display new elements in back office page with dashboard, on icons list','This hook launches modules when the back office with dashboard is displayed',1),
(154,'actionBuildFrontEndObject','Manage elements added to the \"prestashop\" javascript object','This hook allows you to customize the \"prestashop\" javascript object that is included in all front office pages',1),
(155,'actionFrontControllerInitAfter','Perform actions after front office controller initialization','This hook is launched after the initialization of all front office controllers',1),
(156,'actionFrontControllerInitBefore','Perform actions before front office controller initialization','This hook is launched before the initialization of all front office controllers',1),
(157,'actionAdminControllerInitAfter','Perform actions after admin controller initialization','This hook is launched after the initialization of all admin controllers',1),
(158,'actionAdminControllerInitBefore','Perform actions before admin controller initialization','This hook is launched before the initialization of all admin controllers',1),
(159,'actionControllerInitAfter','Perform actions after controller initialization','This hook is launched after the initialization of all controllers',1),
(160,'actionControllerInitBefore','Perform actions before controller initialization','This hook is launched before the initialization of all controllers',1),
(161,'actionAdminLoginControllerBefore','Perform actions before admin login controller initialization','This hook is launched before the initialization of the login controller',1),
(162,'actionAdminLoginControllerLoginBefore','Perform actions before admin login controller login action initialization','This hook is launched before the initialization of the login action in login controller',1),
(163,'actionAdminLoginControllerLoginAfter','Perform actions after admin login controller login action initialization','This hook is launched after the initialization of the login action in login controller',1),
(164,'actionAdminLoginControllerForgotBefore','Perform actions before admin login controller forgot action initialization','This hook is launched before the initialization of the forgot action in login controller',1),
(165,'actionAdminLoginControllerForgotAfter','Perform actions after admin login controller forgot action initialization','This hook is launched after the initialization of the forgot action in login controller',1),
(166,'actionAdminLoginControllerResetBefore','Perform actions before admin login controller reset action initialization','This hook is launched before the initialization of the reset action in login controller',1),
(167,'actionAdminLoginControllerResetAfter','Perform actions after admin login controller reset action initialization','This hook is launched after the initialization of the reset action in login controller',1),
(168,'actionAdministrationPageForm','Manage Administration Page form fields','This hook adds, update or remove fields of the Administration Page form',1),
(169,'actionPerformancePageForm','Manage Performance Page form fields','This hook adds, update or remove fields of the Performance Page form',1),
(170,'actionMaintenancePageForm','Manage Maintenance Page form fields','This hook adds, update or remove fields of the Maintenance Page form',1),
(171,'actionWebserviceKeyGridPresenterModifier','Modify Webservice grid view data','This hook allows to alter presented Webservice grid data',1),
(172,'actionWebserviceKeyGridDefinitionModifier','Modifying Webservice grid definition','This hook allows to alter Webservice grid columns, actions and filters',1),
(173,'actionWebserviceKeyGridQueryBuilderModifier','Modify Webservice grid query builder','This hook allows to alter Doctrine query builder for Webservice grid',1),
(174,'actionWebserviceKeyGridFilterFormModifier','Modify filters form for Webservice grid','This hook allows to alter filters form used in Webservice',1),
(175,'actionSqlRequestGridPresenterModifier','Modify SQL Manager grid view data','This hook allows to alter presented SQL Manager grid data',1),
(176,'actionSqlRequestGridDefinitionModifier','Modifying SQL Manager grid definition','This hook allows to alter SQL Manager grid columns, actions and filters',1),
(177,'actionSqlRequestGridQueryBuilderModifier','Modify SQL Manager grid query builder','This hook allows to alter Doctrine query builder for SQL Manager grid',1),
(178,'actionSqlRequestGridFilterFormModifier','Modify filters form for SQL Manager grid','This hook allows to alter filters form used in SQL Manager',1),
(179,'actionMetaGridPresenterModifier','Modify SEO and URLs grid view data','This hook allows to alter presented SEO and URLs grid data',1),
(180,'actionMetaGridDefinitionModifier','Modifying SEO and URLs grid definition','This hook allows to alter SEO and URLs grid columns, actions and filters',1),
(181,'actionMetaGridQueryBuilderModifier','Modify SEO and URLs grid query builder','This hook allows to alter Doctrine query builder for SEO and URLs grid',1),
(182,'actionMetaGridFilterFormModifier','Modify filters form for SEO and URLs grid','This hook allows to alter filters form used in SEO and URLs',1),
(183,'actionLogsGridPresenterModifier','Modify Logs grid view data','This hook allows to alter presented Logs grid data',1),
(184,'actionLogsGridDefinitionModifier','Modifying Logs grid definition','This hook allows to alter Logs grid columns, actions and filters',1),
(185,'actionLogsGridQueryBuilderModifier','Modify Logs grid query builder','This hook allows to alter Doctrine query builder for Logs grid',1),
(186,'actionLogsGridFilterFormModifier','Modify filters form for Logs grid','This hook allows to alter filters form used in Logs',1),
(187,'actionEmailLogsGridPresenterModifier','Modify E-mail grid view data','This hook allows to alter presented E-mail grid data',1),
(188,'actionEmailLogsGridDefinitionModifier','Modifying E-mail grid definition','This hook allows to alter E-mail grid columns, actions and filters',1),
(189,'actionEmailLogsGridQueryBuilderModifier','Modify E-mail grid query builder','This hook allows to alter Doctrine query builder for E-mail grid',1),
(190,'actionEmailLogsGridFilterFormModifier','Modify filters form for E-mail grid','This hook allows to alter filters form used in E-mail',1),
(191,'actionBackupGridPresenterModifier','Modify DB Backup grid view data','This hook allows to alter presented DB Backup grid data',1),
(192,'actionBackupGridDefinitionModifier','Modifying DB Backup grid definition','This hook allows to alter DB Backup grid columns, actions and filters',1),
(193,'actionBackupGridFilterFormModifier','Modify filters form for DB Backup grid','This hook allows to alter filters form used in DB Backup',1),
(194,'actionProductFlagsModifier','Customize product labels displayed on the product list on FO','This hook allows to add and remove product labels displayed on top of product images',1),
(195,'actionListMailThemes','List the available email themes and layouts','This hook allows to add/remove available email themes (ThemeInterface) and/or to add/remove their layouts (LayoutInterface)',1),
(196,'actionGetMailThemeFolder','Define the folder of an email theme','This hook allows to change the folder of an email theme (useful if you theme is in a module for example)',1),
(197,'actionBuildMailLayoutVariables','Build the variables used in email layout rendering','This hook allows to change the variables used when an email layout is rendered',1),
(198,'actionGetMailLayoutTransformations','Define the transformation to apply on layout','This hook allows to add/remove TransformationInterface used to generate an email layout',1),
(199,'displayProductActions','Display additional action button on the product page','This hook allow additional actions to be triggered, near the add to cart button.',1),
(200,'displayPersonalInformationTop','Content in the checkout funnel, on top of the personal information panel','Display actions or additional content in the personal details tab of the checkout funnel.',1),
(201,'actionSqlRequestFormBuilderModifier','Modify sql request identifiable object form','This hook allows to modify sql request identifiable object forms content by modifying form\n          builder data or FormBuilder itself\n      ',1),
(202,'actionCustomerFormBuilderModifier','Modify customer identifiable object form','This hook allows to modify customer identifiable object forms content by modifying form builder\n          data or FormBuilder itself\n      ',1),
(203,'actionLanguageFormBuilderModifier','Modify language identifiable object form','This hook allows to modify language identifiable object forms content by modifying form builder\n          data or FormBuilder itself\n      ',1),
(204,'actionCurrencyFormBuilderModifier','Modify currency identifiable object form','This hook allows to modify currency identifiable object forms content by modifying form builder\n          data or FormBuilder itself\n      ',1),
(205,'actionWebserviceKeyFormBuilderModifier','Modify webservice key identifiable object form','This hook allows to modify webservice key identifiable object forms content by modifying form\n          builder data or FormBuilder itself\n      ',1),
(206,'actionMetaFormBuilderModifier','Modify meta identifiable object form','This hook allows to modify meta identifiable object forms content by modifying form builder\n          data or FormBuilder itself\n      ',1),
(207,'actionCategoryFormBuilderModifier','Modify category identifiable object form','This hook allows to modify category identifiable object forms content by modifying form builder\n          data or FormBuilder itself\n      ',1),
(208,'actionRootCategoryFormBuilderModifier','Modify root category identifiable object form','This hook allows to modify root category identifiable object forms content by modifying form\n          builder data or FormBuilder itself\n      ',1),
(209,'actionContactFormBuilderModifier','Modify contact identifiable object form','This hook allows to modify contact identifiable object forms content by modifying form builder\n          data or FormBuilder itself\n      ',1),
(210,'actionCmsPageCategoryFormBuilderModifier','Modify cms page category identifiable object form','This hook allows to modify cms page category identifiable object forms content by modifying\n          form builder data or FormBuilder itself\n      ',1),
(211,'actionTaxFormBuilderModifier','Modify tax identifiable object form','This hook allows to modify tax identifiable object forms content by modifying form builder data\n          or FormBuilder itself\n      ',1),
(212,'actionManufacturerFormBuilderModifier','Modify manufacturer identifiable object form','This hook allows to modify manufacturer identifiable object forms content by modifying form\n          builder data or FormBuilder itself\n      ',1),
(213,'actionEmployeeFormBuilderModifier','Modify employee identifiable object form','This hook allows to modify employee identifiable object forms content by modifying form builder\n          data or FormBuilder itself\n      ',1),
(214,'actionProfileFormBuilderModifier','Modify profile identifiable object form','This hook allows to modify profile identifiable object forms content by modifying form builder\n          data or FormBuilder itself\n      ',1),
(215,'actionCmsPageFormBuilderModifier','Modify cms page identifiable object form','This hook allows to modify cms page identifiable object forms content by modifying form builder\n          data or FormBuilder itself\n      ',1),
(216,'actionManufacturerAddressFormBuilderModifier','Modify manufacturer address identifiable object form','This hook allows to modify manufacturer address identifiable object forms content by modifying\n          form builder data or FormBuilder itself\n      ',1),
(217,'actionBeforeUpdateSqlRequestFormHandler','Modify sql request identifiable object data before updating it','This hook allows to modify sql request identifiable object forms data before it was updated\n      ',1),
(218,'actionBeforeUpdateCustomerFormHandler','Modify customer identifiable object data before updating it','This hook allows to modify customer identifiable object forms data before it was updated\n      ',1),
(219,'actionBeforeUpdateLanguageFormHandler','Modify language identifiable object data before updating it','This hook allows to modify language identifiable object forms data before it was updated\n      ',1),
(220,'actionBeforeUpdateCurrencyFormHandler','Modify currency identifiable object data before updating it','This hook allows to modify currency identifiable object forms data before it was updated\n      ',1),
(221,'actionBeforeUpdateWebserviceKeyFormHandler','Modify webservice key identifiable object data before updating it','This hook allows to modify webservice key identifiable object forms data before it was\n          updated\n      ',1),
(222,'actionBeforeUpdateMetaFormHandler','Modify meta identifiable object data before updating it','This hook allows to modify meta identifiable object forms data before it was updated\n      ',1),
(223,'actionBeforeUpdateCategoryFormHandler','Modify category identifiable object data before updating it','This hook allows to modify category identifiable object forms data before it was updated\n      ',1),
(224,'actionBeforeUpdateRootCategoryFormHandler','Modify root category identifiable object data before updating it','This hook allows to modify root category identifiable object forms data before it was updated\n      ',1),
(225,'actionBeforeUpdateContactFormHandler','Modify contact identifiable object data before updating it','This hook allows to modify contact identifiable object forms data before it was updated\n      ',1),
(226,'actionBeforeUpdateCmsPageCategoryFormHandler','Modify cms page category identifiable object data before updating it','This hook allows to modify cms page category identifiable object forms data before it was\n          updated\n      ',1),
(227,'actionBeforeUpdateTaxFormHandler','Modify tax identifiable object data before updating it','This hook allows to modify tax identifiable object forms data before it was updated\n      ',1),
(228,'actionBeforeUpdateManufacturerFormHandler','Modify manufacturer identifiable object data before updating it','This hook allows to modify manufacturer identifiable object forms data before it was updated\n      ',1),
(229,'actionBeforeUpdateEmployeeFormHandler','Modify employee identifiable object data before updating it','This hook allows to modify employee identifiable object forms data before it was updated\n      ',1),
(230,'actionBeforeUpdateProfileFormHandler','Modify profile identifiable object data before updating it','This hook allows to modify profile identifiable object forms data before it was updated\n      ',1),
(231,'actionBeforeUpdateCmsPageFormHandler','Modify cms page identifiable object data before updating it','This hook allows to modify cms page identifiable object forms data before it was updated\n      ',1),
(232,'actionBeforeUpdateManufacturerAddressFormHandler','Modify manufacturer address identifiable object data before updating it','This hook allows to modify manufacturer address identifiable object forms data before it was\n          updated\n      ',1),
(233,'actionAfterUpdateSqlRequestFormHandler','Modify sql request identifiable object data after updating it','This hook allows to modify sql request identifiable object forms data after it was updated\n      ',1),
(234,'actionAfterUpdateCustomerFormHandler','Modify customer identifiable object data after updating it','This hook allows to modify customer identifiable object forms data after it was updated\n      ',1),
(235,'actionAfterUpdateLanguageFormHandler','Modify language identifiable object data after updating it','This hook allows to modify language identifiable object forms data after it was updated\n      ',1),
(236,'actionAfterUpdateCurrencyFormHandler','Modify currency identifiable object data after updating it','This hook allows to modify currency identifiable object forms data after it was updated\n      ',1),
(237,'actionAfterUpdateWebserviceKeyFormHandler','Modify webservice key identifiable object data after updating it','This hook allows to modify webservice key identifiable object forms data after it was updated\n      ',1),
(238,'actionAfterUpdateMetaFormHandler','Modify meta identifiable object data after updating it','This hook allows to modify meta identifiable object forms data after it was updated\n      ',1),
(239,'actionAfterUpdateCategoryFormHandler','Modify category identifiable object data after updating it','This hook allows to modify category identifiable object forms data after it was updated\n      ',1),
(240,'actionAfterUpdateRootCategoryFormHandler','Modify root category identifiable object data after updating it','This hook allows to modify root category identifiable object forms data after it was updated\n      ',1),
(241,'actionAfterUpdateContactFormHandler','Modify contact identifiable object data after updating it','This hook allows to modify contact identifiable object forms data after it was updated\n      ',1),
(242,'actionAfterUpdateCmsPageCategoryFormHandler','Modify cms page category identifiable object data after updating it','This hook allows to modify cms page category identifiable object forms data after it was\n          updated\n      ',1),
(243,'actionAfterUpdateTaxFormHandler','Modify tax identifiable object data after updating it','This hook allows to modify tax identifiable object forms data after it was updated\n      ',1),
(244,'actionAfterUpdateManufacturerFormHandler','Modify manufacturer identifiable object data after updating it','This hook allows to modify manufacturer identifiable object forms data after it was updated\n      ',1),
(245,'actionAfterUpdateEmployeeFormHandler','Modify employee identifiable object data after updating it','This hook allows to modify employee identifiable object forms data after it was updated\n      ',1),
(246,'actionAfterUpdateProfileFormHandler','Modify profile identifiable object data after updating it','This hook allows to modify profile identifiable object forms data after it was updated\n      ',1),
(247,'actionAfterUpdateCmsPageFormHandler','Modify cms page identifiable object data after updating it','This hook allows to modify cms page identifiable object forms data after it was updated\n      ',1),
(248,'actionAfterUpdateManufacturerAddressFormHandler','Modify manufacturer address identifiable object data after updating it','This hook allows to modify manufacturer address identifiable object forms data after it was\n          updated\n      ',1),
(249,'actionBeforeCreateSqlRequestFormHandler','Modify sql request identifiable object data before creating it','This hook allows to modify sql request identifiable object forms data before it was created\n      ',1),
(250,'actionBeforeCreateCustomerFormHandler','Modify customer identifiable object data before creating it','This hook allows to modify customer identifiable object forms data before it was created\n      ',1),
(251,'actionBeforeCreateLanguageFormHandler','Modify language identifiable object data before creating it','This hook allows to modify language identifiable object forms data before it was created\n      ',1),
(252,'actionBeforeCreateCurrencyFormHandler','Modify currency identifiable object data before creating it','This hook allows to modify currency identifiable object forms data before it was created\n      ',1),
(253,'actionBeforeCreateWebserviceKeyFormHandler','Modify webservice key identifiable object data before creating it','This hook allows to modify webservice key identifiable object forms data before it was\n          created\n      ',1),
(254,'actionBeforeCreateMetaFormHandler','Modify meta identifiable object data before creating it','This hook allows to modify meta identifiable object forms data before it was created\n      ',1),
(255,'actionBeforeCreateCategoryFormHandler','Modify category identifiable object data before creating it','This hook allows to modify category identifiable object forms data before it was created\n      ',1),
(256,'actionBeforeCreateRootCategoryFormHandler','Modify root category identifiable object data before creating it','This hook allows to modify root category identifiable object forms data before it was created\n      ',1),
(257,'actionBeforeCreateContactFormHandler','Modify contact identifiable object data before creating it','This hook allows to modify contact identifiable object forms data before it was created\n      ',1),
(258,'actionBeforeCreateCmsPageCategoryFormHandler','Modify cms page category identifiable object data before creating it','This hook allows to modify cms page category identifiable object forms data before it was\n          created\n      ',1),
(259,'actionBeforeCreateTaxFormHandler','Modify tax identifiable object data before creating it','This hook allows to modify tax identifiable object forms data before it was created\n      ',1),
(260,'actionBeforeCreateManufacturerFormHandler','Modify manufacturer identifiable object data before creating it','This hook allows to modify manufacturer identifiable object forms data before it was created\n      ',1),
(261,'actionBeforeCreateEmployeeFormHandler','Modify employee identifiable object data before creating it','This hook allows to modify employee identifiable object forms data before it was created\n      ',1),
(262,'actionBeforeCreateProfileFormHandler','Modify profile identifiable object data before creating it','This hook allows to modify profile identifiable object forms data before it was created\n      ',1),
(263,'actionBeforeCreateCmsPageFormHandler','Modify cms page identifiable object data before creating it','This hook allows to modify cms page identifiable object forms data before it was created\n      ',1),
(264,'actionBeforeCreateManufacturerAddressFormHandler','Modify manufacturer address identifiable object data before creating it','This hook allows to modify manufacturer address identifiable object forms data before it was\n          created\n      ',1),
(265,'actionAfterCreateSqlRequestFormHandler','Modify sql request identifiable object data after creating it','This hook allows to modify sql request identifiable object forms data after it was created\n      ',1),
(266,'actionAfterCreateCustomerFormHandler','Modify customer identifiable object data after creating it','This hook allows to modify customer identifiable object forms data after it was created\n      ',1),
(267,'actionAfterCreateLanguageFormHandler','Modify language identifiable object data after creating it','This hook allows to modify language identifiable object forms data after it was created\n      ',1),
(268,'actionAfterCreateCurrencyFormHandler','Modify currency identifiable object data after creating it','This hook allows to modify currency identifiable object forms data after it was created\n      ',1),
(269,'actionAfterCreateWebserviceKeyFormHandler','Modify webservice key identifiable object data after creating it','This hook allows to modify webservice key identifiable object forms data after it was created\n      ',1),
(270,'actionAfterCreateMetaFormHandler','Modify meta identifiable object data after creating it','This hook allows to modify meta identifiable object forms data after it was created\n      ',1),
(271,'actionAfterCreateCategoryFormHandler','Modify category identifiable object data after creating it','This hook allows to modify category identifiable object forms data after it was created\n      ',1),
(272,'actionAfterCreateRootCategoryFormHandler','Modify root category identifiable object data after creating it','This hook allows to modify root category identifiable object forms data after it was created\n      ',1),
(273,'actionAfterCreateContactFormHandler','Modify contact identifiable object data after creating it','This hook allows to modify contact identifiable object forms data after it was created\n      ',1),
(274,'actionAfterCreateCmsPageCategoryFormHandler','Modify cms page category identifiable object data after creating it','This hook allows to modify cms page category identifiable object forms data after it was\n          created\n      ',1),
(275,'actionAfterCreateTaxFormHandler','Modify tax identifiable object data after creating it','This hook allows to modify tax identifiable object forms data after it was created\n      ',1),
(276,'actionAfterCreateManufacturerFormHandler','Modify manufacturer identifiable object data after creating it','This hook allows to modify manufacturer identifiable object forms data after it was created\n      ',1),
(277,'actionAfterCreateEmployeeFormHandler','Modify employee identifiable object data after creating it','This hook allows to modify employee identifiable object forms data after it was created\n      ',1),
(278,'actionAfterCreateProfileFormHandler','Modify profile identifiable object data after creating it','This hook allows to modify profile identifiable object forms data after it was created\n      ',1),
(279,'actionAfterCreateCmsPageFormHandler','Modify cms page identifiable object data after creating it','This hook allows to modify cms page identifiable object forms data after it was created\n      ',1),
(280,'actionAfterCreateManufacturerAddressFormHandler','Modify manufacturer address identifiable object data after creating it','This hook allows to modify manufacturer address identifiable object forms data after it was\n          created\n      ',1),
(281,'actionShippingPreferencesPageForm','Modify shipping preferences page options form content','This hook allows to modify shipping preferences page options form FormBuilder',1),
(282,'actionOrdersInvoicesByDateForm','Modify orders invoices by date options form content','This hook allows to modify orders invoices by date options form FormBuilder',1),
(283,'actionOrdersInvoicesByStatusForm','Modify orders invoices by status options form content','This hook allows to modify orders invoices by status options form FormBuilder',1),
(284,'actionOrdersInvoicesOptionsForm','Modify orders invoices options options form content','This hook allows to modify orders invoices options options form FormBuilder',1),
(285,'actionCustomerPreferencesPageForm','Modify customer preferences page options form content','This hook allows to modify customer preferences page options form FormBuilder',1),
(286,'actionOrderPreferencesPageForm','Modify order preferences page options form content','This hook allows to modify order preferences page options form FormBuilder',1),
(287,'actionProductPreferencesPageForm','Modify product preferences page options form content','This hook allows to modify product preferences page options form FormBuilder',1),
(288,'actionGeneralPageForm','Modify general page options form content','This hook allows to modify general page options form FormBuilder',1),
(289,'actionLogsPageForm','Modify logs page options form content','This hook allows to modify logs page options form FormBuilder',1),
(290,'actionOrderDeliverySlipOptionsForm','Modify order delivery slip options options form content','This hook allows to modify order delivery slip options options form FormBuilder',1),
(291,'actionOrderDeliverySlipPdfForm','Modify order delivery slip pdf options form content','This hook allows to modify order delivery slip pdf options form FormBuilder',1),
(292,'actionGeolocationPageForm','Modify geolocation page options form content','This hook allows to modify geolocation page options form FormBuilder',1),
(293,'actionLocalizationPageForm','Modify localization page options form content','This hook allows to modify localization page options form FormBuilder',1),
(294,'actionPaymentPreferencesForm','Modify payment preferences options form content','This hook allows to modify payment preferences options form FormBuilder',1),
(295,'actionEmailConfigurationForm','Modify email configuration options form content','This hook allows to modify email configuration options form FormBuilder',1),
(296,'actionRequestSqlForm','Modify request sql options form content','This hook allows to modify request sql options form FormBuilder',1),
(297,'actionBackupForm','Modify backup options form content','This hook allows to modify backup options form FormBuilder',1),
(298,'actionWebservicePageForm','Modify webservice page options form content','This hook allows to modify webservice page options form FormBuilder',1),
(299,'actionMetaPageForm','Modify meta page options form content','This hook allows to modify meta page options form FormBuilder',1),
(300,'actionEmployeeForm','Modify employee options form content','This hook allows to modify employee options form FormBuilder',1),
(301,'actionCurrencyForm','Modify currency options form content','This hook allows to modify currency options form FormBuilder',1),
(302,'actionShopLogoForm','Modify shop logo options form content','This hook allows to modify shop logo options form FormBuilder',1),
(303,'actionTaxForm','Modify tax options form content','This hook allows to modify tax options form FormBuilder',1),
(304,'actionMailThemeForm','Modify mail theme options form content','This hook allows to modify mail theme options form FormBuilder',1),
(305,'actionPerformancePageSave','Modify performance page options form saved data','This hook allows to modify data of performance page options form after it was saved\n      ',1),
(306,'actionMaintenancePageSave','Modify maintenance page options form saved data','This hook allows to modify data of maintenance page options form after it was saved\n      ',1),
(307,'actionAdministrationPageSave','Modify administration page options form saved data','This hook allows to modify data of administration page options form after it was saved\n      ',1),
(308,'actionShippingPreferencesPageSave','Modify shipping preferences page options form saved data','This hook allows to modify data of shipping preferences page options form after it was saved\n      ',1),
(309,'actionOrdersInvoicesByDateSave','Modify orders invoices by date options form saved data','This hook allows to modify data of orders invoices by date options form after it was saved\n      ',1),
(310,'actionOrdersInvoicesByStatusSave','Modify orders invoices by status options form saved data','This hook allows to modify data of orders invoices by status options form after it was saved\n      ',1),
(311,'actionOrdersInvoicesOptionsSave','Modify orders invoices options options form saved data','This hook allows to modify data of orders invoices options options form after it was saved\n      ',1),
(312,'actionCustomerPreferencesPageSave','Modify customer preferences page options form saved data','This hook allows to modify data of customer preferences page options form after it was saved\n      ',1),
(313,'actionOrderPreferencesPageSave','Modify order preferences page options form saved data','This hook allows to modify data of order preferences page options form after it was saved\n      ',1),
(314,'actionProductPreferencesPageSave','Modify product preferences page options form saved data','This hook allows to modify data of product preferences page options form after it was saved\n      ',1),
(315,'actionGeneralPageSave','Modify general page options form saved data','This hook allows to modify data of general page options form after it was saved',1),
(316,'actionLogsPageSave','Modify logs page options form saved data','This hook allows to modify data of logs page options form after it was saved',1),
(317,'actionOrderDeliverySlipOptionsSave','Modify order delivery slip options options form saved data','This hook allows to modify data of order delivery slip options options form after it was\n          saved\n      ',1),
(318,'actionOrderDeliverySlipPdfSave','Modify order delivery slip pdf options form saved data','This hook allows to modify data of order delivery slip pdf options form after it was saved\n      ',1),
(319,'actionGeolocationPageSave','Modify geolocation page options form saved data','This hook allows to modify data of geolocation page options form after it was saved\n      ',1),
(320,'actionLocalizationPageSave','Modify localization page options form saved data','This hook allows to modify data of localization page options form after it was saved\n      ',1),
(321,'actionPaymentPreferencesSave','Modify payment preferences options form saved data','This hook allows to modify data of payment preferences options form after it was saved\n      ',1),
(322,'actionEmailConfigurationSave','Modify email configuration options form saved data','This hook allows to modify data of email configuration options form after it was saved\n      ',1),
(323,'actionRequestSqlSave','Modify request sql options form saved data','This hook allows to modify data of request sql options form after it was saved',1),
(324,'actionBackupSave','Modify backup options form saved data','This hook allows to modify data of backup options form after it was saved',1),
(325,'actionWebservicePageSave','Modify webservice page options form saved data','This hook allows to modify data of webservice page options form after it was saved\n      ',1),
(326,'actionMetaPageSave','Modify meta page options form saved data','This hook allows to modify data of meta page options form after it was saved',1),
(327,'actionEmployeeSave','Modify employee options form saved data','This hook allows to modify data of employee options form after it was saved',1),
(328,'actionCurrencySave','Modify currency options form saved data','This hook allows to modify data of currency options form after it was saved',1),
(329,'actionShopLogoSave','Modify shop logo options form saved data','This hook allows to modify data of shop logo options form after it was saved',1),
(330,'actionTaxSave','Modify tax options form saved data','This hook allows to modify data of tax options form after it was saved',1),
(331,'actionMailThemeSave','Modify mail theme options form saved data','This hook allows to modify data of mail theme options form after it was saved',1),
(332,'actionCategoryGridDefinitionModifier','Modify category grid definition','This hook allows to alter category grid columns, actions and filters',1),
(333,'actionEmployeeGridDefinitionModifier','Modify employee grid definition','This hook allows to alter employee grid columns, actions and filters',1),
(334,'actionContactGridDefinitionModifier','Modify contact grid definition','This hook allows to alter contact grid columns, actions and filters',1),
(335,'actionCustomerGridDefinitionModifier','Modify customer grid definition','This hook allows to alter customer grid columns, actions and filters',1),
(336,'actionLanguageGridDefinitionModifier','Modify language grid definition','This hook allows to alter language grid columns, actions and filters',1),
(337,'actionCurrencyGridDefinitionModifier','Modify currency grid definition','This hook allows to alter currency grid columns, actions and filters',1),
(338,'actionSupplierGridDefinitionModifier','Modify supplier grid definition','This hook allows to alter supplier grid columns, actions and filters',1),
(339,'actionProfileGridDefinitionModifier','Modify profile grid definition','This hook allows to alter profile grid columns, actions and filters',1),
(340,'actionCmsPageCategoryGridDefinitionModifier','Modify cms page category grid definition','This hook allows to alter cms page category grid columns, actions and filters',1),
(341,'actionTaxGridDefinitionModifier','Modify tax grid definition','This hook allows to alter tax grid columns, actions and filters',1),
(342,'actionManufacturerGridDefinitionModifier','Modify manufacturer grid definition','This hook allows to alter manufacturer grid columns, actions and filters',1),
(343,'actionManufacturerAddressGridDefinitionModifier','Modify manufacturer address grid definition','This hook allows to alter manufacturer address grid columns, actions and filters',1),
(344,'actionCmsPageGridDefinitionModifier','Modify cms page grid definition','This hook allows to alter cms page grid columns, actions and filters',1),
(345,'actionBackupGridQueryBuilderModifier','Modify backup grid query builder','This hook allows to alter Doctrine query builder for backup grid',1),
(346,'actionCategoryGridQueryBuilderModifier','Modify category grid query builder','This hook allows to alter Doctrine query builder for category grid',1),
(347,'actionEmployeeGridQueryBuilderModifier','Modify employee grid query builder','This hook allows to alter Doctrine query builder for employee grid',1),
(348,'actionContactGridQueryBuilderModifier','Modify contact grid query builder','This hook allows to alter Doctrine query builder for contact grid',1),
(349,'actionCustomerGridQueryBuilderModifier','Modify customer grid query builder','This hook allows to alter Doctrine query builder for customer grid',1),
(350,'actionLanguageGridQueryBuilderModifier','Modify language grid query builder','This hook allows to alter Doctrine query builder for language grid',1),
(351,'actionCurrencyGridQueryBuilderModifier','Modify currency grid query builder','This hook allows to alter Doctrine query builder for currency grid',1),
(352,'actionSupplierGridQueryBuilderModifier','Modify supplier grid query builder','This hook allows to alter Doctrine query builder for supplier grid',1),
(353,'actionProfileGridQueryBuilderModifier','Modify profile grid query builder','This hook allows to alter Doctrine query builder for profile grid',1),
(354,'actionCmsPageCategoryGridQueryBuilderModifier','Modify cms page category grid query builder','This hook allows to alter Doctrine query builder for cms page category grid',1),
(355,'actionTaxGridQueryBuilderModifier','Modify tax grid query builder','This hook allows to alter Doctrine query builder for tax grid',1),
(356,'actionManufacturerGridQueryBuilderModifier','Modify manufacturer grid query builder','This hook allows to alter Doctrine query builder for manufacturer grid',1),
(357,'actionManufacturerAddressGridQueryBuilderModifier','Modify manufacturer address grid query builder','This hook allows to alter Doctrine query builder for manufacturer address grid',1),
(358,'actionCmsPageGridQueryBuilderModifier','Modify cms page grid query builder','This hook allows to alter Doctrine query builder for cms page grid',1),
(359,'actionLogsGridDataModifier','Modify logs grid data','This hook allows to modify logs grid data',1),
(360,'actionEmailLogsGridDataModifier','Modify email logs grid data','This hook allows to modify email logs grid data',1),
(361,'actionSqlRequestGridDataModifier','Modify sql request grid data','This hook allows to modify sql request grid data',1),
(362,'actionBackupGridDataModifier','Modify backup grid data','This hook allows to modify backup grid data',1),
(363,'actionWebserviceKeyGridDataModifier','Modify webservice key grid data','This hook allows to modify webservice key grid data',1),
(364,'actionMetaGridDataModifier','Modify meta grid data','This hook allows to modify meta grid data',1),
(365,'actionCategoryGridDataModifier','Modify category grid data','This hook allows to modify category grid data',1),
(366,'actionEmployeeGridDataModifier','Modify employee grid data','This hook allows to modify employee grid data',1),
(367,'actionContactGridDataModifier','Modify contact grid data','This hook allows to modify contact grid data',1),
(368,'actionCustomerGridDataModifier','Modify customer grid data','This hook allows to modify customer grid data',1),
(369,'actionLanguageGridDataModifier','Modify language grid data','This hook allows to modify language grid data',1),
(370,'actionCurrencyGridDataModifier','Modify currency grid data','This hook allows to modify currency grid data',1),
(371,'actionSupplierGridDataModifier','Modify supplier grid data','This hook allows to modify supplier grid data',1),
(372,'actionProfileGridDataModifier','Modify profile grid data','This hook allows to modify profile grid data',1),
(373,'actionCmsPageCategoryGridDataModifier','Modify cms page category grid data','This hook allows to modify cms page category grid data',1),
(374,'actionTaxGridDataModifier','Modify tax grid data','This hook allows to modify tax grid data',1),
(375,'actionManufacturerGridDataModifier','Modify manufacturer grid data','This hook allows to modify manufacturer grid data',1),
(376,'actionManufacturerAddressGridDataModifier','Modify manufacturer address grid data','This hook allows to modify manufacturer address grid data',1),
(377,'actionCmsPageGridDataModifier','Modify cms page grid data','This hook allows to modify cms page grid data',1),
(378,'actionCategoryGridFilterFormModifier','Modify category grid filters','This hook allows to modify filters for category grid',1),
(379,'actionEmployeeGridFilterFormModifier','Modify employee grid filters','This hook allows to modify filters for employee grid',1),
(380,'actionContactGridFilterFormModifier','Modify contact grid filters','This hook allows to modify filters for contact grid',1),
(381,'actionCustomerGridFilterFormModifier','Modify customer grid filters','This hook allows to modify filters for customer grid',1),
(382,'actionLanguageGridFilterFormModifier','Modify language grid filters','This hook allows to modify filters for language grid',1),
(383,'actionCurrencyGridFilterFormModifier','Modify currency grid filters','This hook allows to modify filters for currency grid',1),
(384,'actionSupplierGridFilterFormModifier','Modify supplier grid filters','This hook allows to modify filters for supplier grid',1),
(385,'actionProfileGridFilterFormModifier','Modify profile grid filters','This hook allows to modify filters for profile grid',1),
(386,'actionCmsPageCategoryGridFilterFormModifier','Modify cms page category grid filters','This hook allows to modify filters for cms page category grid',1),
(387,'actionTaxGridFilterFormModifier','Modify tax grid filters','This hook allows to modify filters for tax grid',1),
(388,'actionManufacturerGridFilterFormModifier','Modify manufacturer grid filters','This hook allows to modify filters for manufacturer grid',1),
(389,'actionManufacturerAddressGridFilterFormModifier','Modify manufacturer address grid filters','This hook allows to modify filters for manufacturer address grid',1),
(390,'actionCmsPageGridFilterFormModifier','Modify cms page grid filters','This hook allows to modify filters for cms page grid',1),
(391,'actionCategoryGridPresenterModifier','Modify category grid template data','This hook allows to modify data which is about to be used in template for category grid\n      ',1),
(392,'actionEmployeeGridPresenterModifier','Modify employee grid template data','This hook allows to modify data which is about to be used in template for employee grid\n      ',1),
(393,'actionContactGridPresenterModifier','Modify contact grid template data','This hook allows to modify data which is about to be used in template for contact grid\n      ',1),
(394,'actionCustomerGridPresenterModifier','Modify customer grid template data','This hook allows to modify data which is about to be used in template for customer grid\n      ',1),
(395,'actionLanguageGridPresenterModifier','Modify language grid template data','This hook allows to modify data which is about to be used in template for language grid\n      ',1),
(396,'actionCurrencyGridPresenterModifier','Modify currency grid template data','This hook allows to modify data which is about to be used in template for currency grid\n      ',1),
(397,'actionSupplierGridPresenterModifier','Modify supplier grid template data','This hook allows to modify data which is about to be used in template for supplier grid\n      ',1),
(398,'actionProfileGridPresenterModifier','Modify profile grid template data','This hook allows to modify data which is about to be used in template for profile grid\n      ',1),
(399,'actionCmsPageCategoryGridPresenterModifier','Modify cms page category grid template data','This hook allows to modify data which is about to be used in template for cms page category\n          grid\n      ',1),
(400,'actionTaxGridPresenterModifier','Modify tax grid template data','This hook allows to modify data which is about to be used in template for tax grid\n      ',1),
(401,'actionManufacturerGridPresenterModifier','Modify manufacturer grid template data','This hook allows to modify data which is about to be used in template for manufacturer grid\n      ',1),
(402,'actionManufacturerAddressGridPresenterModifier','Modify manufacturer address grid template data','This hook allows to modify data which is about to be used in template for manufacturer address\n          grid\n      ',1),
(403,'actionCmsPageGridPresenterModifier','Modify cms page grid template data','This hook allows to modify data which is about to be used in template for cms page grid\n      ',1),
(404,'displayAdminOrderTop','Admin Order Top','This hook displays content at the top of the order view page',1),
(405,'displayBackOfficeOrderActions','Admin Order Actions','This hook displays content in the order view page after action buttons (or aliased to side column in migrated page)',1),
(406,'displayAdminOrderSide','Admin Order Side Column','This hook displays content in the order view page in the side column under the customer view',1),
(407,'displayAdminOrderBottom','Admin Order Side Column Bottom','This hook displays content in the order view page at the bottom of the side column',1),
(408,'displayAdminOrderMain','Admin Order Main Column','This hook displays content in the order view page in the main column under the details view',1),
(409,'displayAdminOrderMainBottom','Admin Order Main Column Bottom','This hook displays content in the order view page at the bottom of the main column',1),
(410,'displayAdminOrderTabLink','Admin Order Tab Link','This hook displays new tab links on the order view page',1),
(411,'displayAdminOrderTabContent','Admin Order Tab Content','This hook displays new tab contents on the order view page',1),
(412,'actionGetAdminOrderButtons','Admin Order Buttons','This hook is used to generate the buttons collection on the order view page (see ActionsBarButtonsCollection)',1),
(413,'actionAdminAdminPreferencesControllerPostProcessBefore','On post-process in Admin Preferences','This hook is called on Admin Preferences post-process before processing the form',1),
(414,'actionFeatureFormBuilderModifier','Modify feature identifiable object form','This hook allows to modify feature identifiable object forms content by modifying form builder data\n        or FormBuilder itself\n      ',1),
(415,'actionOrderMessageFormBuilderModifier','Modify order message identifiable object form','This hook allows to modify order message identifiable object forms content by modifying form builder\n        data or FormBuilder itself\n      ',1),
(416,'actionCatalogPriceRuleFormBuilderModifier','Modify catalog price rule identifiable object form','This hook allows to modify catalog price rule identifiable object forms content by modifying form\n        builder data or FormBuilder itself\n      ',1),
(417,'actionAttachmentFormBuilderModifier','Modify attachment identifiable object form','This hook allows to modify attachment identifiable object forms content by modifying form builder\n        data or FormBuilder itself\n      ',1),
(418,'actionBeforeUpdateFeatureFormHandler','Modify feature identifiable object data before updating it','This hook allows to modify feature identifiable object forms data before it was updated',1),
(419,'actionBeforeUpdateOrderMessageFormHandler','Modify order message identifiable object data before updating it','This hook allows to modify order message identifiable object forms data before it was updated\n      ',1),
(420,'actionBeforeUpdateCatalogPriceRuleFormHandler','Modify catalog price rule identifiable object data before updating it','This hook allows to modify catalog price rule identifiable object forms data before it was updated\n      ',1),
(421,'actionBeforeUpdateAttachmentFormHandler','Modify attachment identifiable object data before updating it','This hook allows to modify attachment identifiable object forms data before it was updated\n      ',1),
(422,'actionAfterUpdateFeatureFormHandler','Modify feature identifiable object data after updating it','This hook allows to modify feature identifiable object forms data after it was updated',1),
(423,'actionAfterUpdateOrderMessageFormHandler','Modify order message identifiable object data after updating it','This hook allows to modify order message identifiable object forms data after it was updated\n      ',1),
(424,'actionAfterUpdateCatalogPriceRuleFormHandler','Modify catalog price rule identifiable object data after updating it','This hook allows to modify catalog price rule identifiable object forms data after it was updated\n      ',1),
(425,'actionAfterUpdateAttachmentFormHandler','Modify attachment identifiable object data after updating it','This hook allows to modify attachment identifiable object forms data after it was updated\n      ',1),
(426,'actionBeforeCreateFeatureFormHandler','Modify feature identifiable object data before creating it','This hook allows to modify feature identifiable object forms data before it was created',1),
(427,'actionBeforeCreateOrderMessageFormHandler','Modify order message identifiable object data before creating it','This hook allows to modify order message identifiable object forms data before it was created\n      ',1),
(428,'actionBeforeCreateCatalogPriceRuleFormHandler','Modify catalog price rule identifiable object data before creating it','This hook allows to modify catalog price rule identifiable object forms data before it was created\n      ',1),
(429,'actionBeforeCreateAttachmentFormHandler','Modify attachment identifiable object data before creating it','This hook allows to modify attachment identifiable object forms data before it was created\n      ',1),
(430,'actionAfterCreateFeatureFormHandler','Modify feature identifiable object data after creating it','This hook allows to modify feature identifiable object forms data after it was created',1),
(431,'actionAfterCreateOrderMessageFormHandler','Modify order message identifiable object data after creating it','This hook allows to modify order message identifiable object forms data after it was created\n      ',1),
(432,'actionAfterCreateCatalogPriceRuleFormHandler','Modify catalog price rule identifiable object data after creating it','This hook allows to modify catalog price rule identifiable object forms data after it was created\n      ',1),
(433,'actionAfterCreateAttachmentFormHandler','Modify attachment identifiable object data after creating it','This hook allows to modify attachment identifiable object forms data after it was created\n      ',1),
(434,'actionMerchandiseReturnForm','Modify merchandise return options form content','This hook allows to modify merchandise return options form FormBuilder',1),
(435,'actionCreditSlipForm','Modify credit slip options form content','This hook allows to modify credit slip options form FormBuilder',1),
(436,'actionMerchandiseReturnSave','Modify merchandise return options form saved data','This hook allows to modify data of merchandise return options form after it was saved',1),
(437,'actionCreditSlipSave','Modify credit slip options form saved data','This hook allows to modify data of credit slip options form after it was saved',1),
(438,'actionEmptyCategoryGridDefinitionModifier','Modify empty category grid definition','This hook allows to alter empty category grid columns, actions and filters',1),
(439,'actionNoQtyProductWithCombinationGridDefinitionModifier','Modify no qty product with combination grid definition','This hook allows to alter no qty product with combination grid columns, actions and filters\n      ',1),
(440,'actionNoQtyProductWithoutCombinationGridDefinitionModifier','Modify no qty product without combination grid definition','This hook allows to alter no qty product without combination grid columns, actions and filters\n      ',1),
(441,'actionDisabledProductGridDefinitionModifier','Modify disabled product grid definition','This hook allows to alter disabled product grid columns, actions and filters',1),
(442,'actionProductWithoutImageGridDefinitionModifier','Modify product without image grid definition','This hook allows to alter product without image grid columns, actions and filters',1),
(443,'actionProductWithoutDescriptionGridDefinitionModifier','Modify product without description grid definition','This hook allows to alter product without description grid columns, actions and filters',1),
(444,'actionProductWithoutPriceGridDefinitionModifier','Modify product without price grid definition','This hook allows to alter product without price grid columns, actions and filters',1),
(445,'actionOrderGridDefinitionModifier','Modify order grid definition','This hook allows to alter order grid columns, actions and filters',1),
(446,'actionCatalogPriceRuleGridDefinitionModifier','Modify catalog price rule grid definition','This hook allows to alter catalog price rule grid columns, actions and filters',1),
(447,'actionOrderMessageGridDefinitionModifier','Modify order message grid definition','This hook allows to alter order message grid columns, actions and filters',1),
(448,'actionAttachmentGridDefinitionModifier','Modify attachment grid definition','This hook allows to alter attachment grid columns, actions and filters',1),
(449,'actionAttributeGroupGridDefinitionModifier','Modify attribute group grid definition','This hook allows to alter attribute group grid columns, actions and filters',1),
(450,'actionMerchandiseReturnGridDefinitionModifier','Modify merchandise return grid definition','This hook allows to alter merchandise return grid columns, actions and filters',1),
(451,'actionTaxRulesGroupGridDefinitionModifier','Modify tax rules group grid definition','This hook allows to alter tax rules group grid columns, actions and filters',1),
(452,'actionAddressGridDefinitionModifier','Modify address grid definition','This hook allows to alter address grid columns, actions and filters',1),
(453,'actionCreditSlipGridDefinitionModifier','Modify credit slip grid definition','This hook allows to alter credit slip grid columns, actions and filters',1),
(454,'actionEmptyCategoryGridQueryBuilderModifier','Modify empty category grid query builder','This hook allows to alter Doctrine query builder for empty category grid',1),
(455,'actionNoQtyProductWithCombinationGridQueryBuilderModifier','Modify no qty product with combination grid query builder','This hook allows to alter Doctrine query builder for no qty product with combination grid\n      ',1),
(456,'actionNoQtyProductWithoutCombinationGridQueryBuilderModifier','Modify no qty product without combination grid query builder','This hook allows to alter Doctrine query builder for no qty product without combination grid\n      ',1),
(457,'actionDisabledProductGridQueryBuilderModifier','Modify disabled product grid query builder','This hook allows to alter Doctrine query builder for disabled product grid',1),
(458,'actionProductWithoutImageGridQueryBuilderModifier','Modify product without image grid query builder','This hook allows to alter Doctrine query builder for product without image grid',1),
(459,'actionProductWithoutDescriptionGridQueryBuilderModifier','Modify product without description grid query builder','This hook allows to alter Doctrine query builder for product without description grid',1),
(460,'actionProductWithoutPriceGridQueryBuilderModifier','Modify product without price grid query builder','This hook allows to alter Doctrine query builder for product without price grid',1),
(461,'actionOrderGridQueryBuilderModifier','Modify order grid query builder','This hook allows to alter Doctrine query builder for order grid',1),
(462,'actionCatalogPriceRuleGridQueryBuilderModifier','Modify catalog price rule grid query builder','This hook allows to alter Doctrine query builder for catalog price rule grid',1),
(463,'actionOrderMessageGridQueryBuilderModifier','Modify order message grid query builder','This hook allows to alter Doctrine query builder for order message grid',1),
(464,'actionAttachmentGridQueryBuilderModifier','Modify attachment grid query builder','This hook allows to alter Doctrine query builder for attachment grid',1),
(465,'actionAttributeGroupGridQueryBuilderModifier','Modify attribute group grid query builder','This hook allows to alter Doctrine query builder for attribute group grid',1),
(466,'actionMerchandiseReturnGridQueryBuilderModifier','Modify merchandise return grid query builder','This hook allows to alter Doctrine query builder for merchandise return grid',1),
(467,'actionTaxRulesGroupGridQueryBuilderModifier','Modify tax rules group grid query builder','This hook allows to alter Doctrine query builder for tax rules group grid',1),
(468,'actionAddressGridQueryBuilderModifier','Modify address grid query builder','This hook allows to alter Doctrine query builder for address grid',1),
(469,'actionCreditSlipGridQueryBuilderModifier','Modify credit slip grid query builder','This hook allows to alter Doctrine query builder for credit slip grid',1),
(470,'actionEmptyCategoryGridDataModifier','Modify empty category grid data','This hook allows to modify empty category grid data',1),
(471,'actionNoQtyProductWithCombinationGridDataModifier','Modify no qty product with combination grid data','This hook allows to modify no qty product with combination grid data',1),
(472,'actionNoQtyProductWithoutCombinationGridDataModifier','Modify no qty product without combination grid data','This hook allows to modify no qty product without combination grid data',1),
(473,'actionDisabledProductGridDataModifier','Modify disabled product grid data','This hook allows to modify disabled product grid data',1),
(474,'actionProductWithoutImageGridDataModifier','Modify product without image grid data','This hook allows to modify product without image grid data',1),
(475,'actionProductWithoutDescriptionGridDataModifier','Modify product without description grid data','This hook allows to modify product without description grid data',1),
(476,'actionProductWithoutPriceGridDataModifier','Modify product without price grid data','This hook allows to modify product without price grid data',1),
(477,'actionOrderGridDataModifier','Modify order grid data','This hook allows to modify order grid data',1),
(478,'actionCatalogPriceRuleGridDataModifier','Modify catalog price rule grid data','This hook allows to modify catalog price rule grid data',1),
(479,'actionOrderMessageGridDataModifier','Modify order message grid data','This hook allows to modify order message grid data',1),
(480,'actionAttachmentGridDataModifier','Modify attachment grid data','This hook allows to modify attachment grid data',1),
(481,'actionAttributeGroupGridDataModifier','Modify attribute group grid data','This hook allows to modify attribute group grid data',1),
(482,'actionMerchandiseReturnGridDataModifier','Modify merchandise return grid data','This hook allows to modify merchandise return grid data',1),
(483,'actionTaxRulesGroupGridDataModifier','Modify tax rules group grid data','This hook allows to modify tax rules group grid data',1),
(484,'actionAddressGridDataModifier','Modify address grid data','This hook allows to modify address grid data',1),
(485,'actionCreditSlipGridDataModifier','Modify credit slip grid data','This hook allows to modify credit slip grid data',1),
(486,'actionEmptyCategoryGridFilterFormModifier','Modify empty category grid filters','This hook allows to modify filters for empty category grid',1),
(487,'actionNoQtyProductWithCombinationGridFilterFormModifier','Modify no qty product with combination grid filters','This hook allows to modify filters for no qty product with combination grid',1),
(488,'actionNoQtyProductWithoutCombinationGridFilterFormModifier','Modify no qty product without combination grid filters','This hook allows to modify filters for no qty product without combination grid',1),
(489,'actionDisabledProductGridFilterFormModifier','Modify disabled product grid filters','This hook allows to modify filters for disabled product grid',1),
(490,'actionProductWithoutImageGridFilterFormModifier','Modify product without image grid filters','This hook allows to modify filters for product without image grid',1),
(491,'actionProductWithoutDescriptionGridFilterFormModifier','Modify product without description grid filters','This hook allows to modify filters for product without description grid',1),
(492,'actionProductWithoutPriceGridFilterFormModifier','Modify product without price grid filters','This hook allows to modify filters for product without price grid',1),
(493,'actionOrderGridFilterFormModifier','Modify order grid filters','This hook allows to modify filters for order grid',1),
(494,'actionCatalogPriceRuleGridFilterFormModifier','Modify catalog price rule grid filters','This hook allows to modify filters for catalog price rule grid',1),
(495,'actionOrderMessageGridFilterFormModifier','Modify order message grid filters','This hook allows to modify filters for order message grid',1),
(496,'actionAttachmentGridFilterFormModifier','Modify attachment grid filters','This hook allows to modify filters for attachment grid',1),
(497,'actionAttributeGroupGridFilterFormModifier','Modify attribute group grid filters','This hook allows to modify filters for attribute group grid',1),
(498,'actionMerchandiseReturnGridFilterFormModifier','Modify merchandise return grid filters','This hook allows to modify filters for merchandise return grid',1),
(499,'actionTaxRulesGroupGridFilterFormModifier','Modify tax rules group grid filters','This hook allows to modify filters for tax rules group grid',1),
(500,'actionAddressGridFilterFormModifier','Modify address grid filters','This hook allows to modify filters for address grid',1),
(501,'actionCreditSlipGridFilterFormModifier','Modify credit slip grid filters','This hook allows to modify filters for credit slip grid',1),
(502,'actionEmptyCategoryGridPresenterModifier','Modify empty category grid template data','This hook allows to modify data which is about to be used in template for empty category grid\n      ',1),
(503,'actionNoQtyProductWithCombinationGridPresenterModifier','Modify no qty product with combination grid template data','This hook allows to modify data which is about to be used in template for no qty product with\n        combination grid\n      ',1),
(504,'actionNoQtyProductWithoutCombinationGridPresenterModifier','Modify no qty product without combination grid template data','This hook allows to modify data which is about to be used in template for no qty product without\n        combination grid\n      ',1),
(505,'actionDisabledProductGridPresenterModifier','Modify disabled product grid template data','This hook allows to modify data which is about to be used in template for disabled product grid\n      ',1),
(506,'actionProductWithoutImageGridPresenterModifier','Modify product without image grid template data','This hook allows to modify data which is about to be used in template for product without image\n        grid\n      ',1),
(507,'actionProductWithoutDescriptionGridPresenterModifier','Modify product without description grid template data','This hook allows to modify data which is about to be used in template for product without description\n        grid\n      ',1),
(508,'actionProductWithoutPriceGridPresenterModifier','Modify product without price grid template data','This hook allows to modify data which is about to be used in template for product without price\n        grid\n      ',1),
(509,'actionOrderGridPresenterModifier','Modify order grid template data','This hook allows to modify data which is about to be used in template for order grid',1),
(510,'actionCatalogPriceRuleGridPresenterModifier','Modify catalog price rule grid template data','This hook allows to modify data which is about to be used in template for catalog price rule grid\n      ',1),
(511,'actionOrderMessageGridPresenterModifier','Modify order message grid template data','This hook allows to modify data which is about to be used in template for order message grid\n      ',1),
(512,'actionAttachmentGridPresenterModifier','Modify attachment grid template data','This hook allows to modify data which is about to be used in template for attachment grid\n      ',1),
(513,'actionAttributeGroupGridPresenterModifier','Modify attribute group grid template data','This hook allows to modify data which is about to be used in template for attribute group grid\n      ',1),
(514,'actionMerchandiseReturnGridPresenterModifier','Modify merchandise return grid template data','This hook allows to modify data which is about to be used in template for merchandise return grid\n      ',1),
(515,'actionTaxRulesGroupGridPresenterModifier','Modify tax rules group grid template data','This hook allows to modify data which is about to be used in template for tax rules group grid\n      ',1),
(516,'actionAddressGridPresenterModifier','Modify address grid template data','This hook allows to modify data which is about to be used in template for address grid',1),
(517,'actionCreditSlipGridPresenterModifier','Modify credit slip grid template data','This hook allows to modify data which is about to be used in template for credit slip grid\n      ',1),
(518,'displayAdditionalCustomerAddressFields','Display additional customer address fields','This hook allows to display extra field values added in an address form using hook ''additionalCustomerAddressFields''',1),
(519,'displayFooterCategory','Category footer','This hook adds new blocks under the products listing in a category/search',1),
(520,'displayAdminGridTableBefore','Display before Grid table','This hook adds new blocks before Grid component table',1),
(521,'displayAdminGridTableAfter','Display after Grid table','This hook adds new blocks after Grid component table',1),
(522,'registerGDPRConsent','registerGDPRConsent','',1),
(523,'dashboardZoneOne','dashboardZoneOne','',1),
(524,'dashboardData','dashboardData','',1),
(525,'actionObjectOrderAddAfter','actionObjectOrderAddAfter','',1),
(526,'actionObjectCustomerAddAfter','actionObjectCustomerAddAfter','',1),
(527,'actionObjectCustomerMessageAddAfter','actionObjectCustomerMessageAddAfter','',1),
(528,'actionObjectCustomerThreadAddAfter','actionObjectCustomerThreadAddAfter','',1),
(529,'actionObjectOrderReturnAddAfter','actionObjectOrderReturnAddAfter','',1),
(530,'actionAdminControllerSetMedia','actionAdminControllerSetMedia','',1),
(531,'dashboardZoneTwo','dashboardZoneTwo','',1),
(532,'actionSearch','actionSearch','',1),
(533,'GraphEngine','GraphEngine','',1),
(534,'GridEngine','GridEngine','',1),
(535,'gSitemapAppendUrls','GSitemap Append URLs','This hook allows a module to add URLs to a generated sitemap',1),
(536,'top','top','',1),
(537,'AdminStatsModules','AdminStatsModules','',1),
(538,'header','header','',1),
(539,'displayProductListReviews','displayProductListReviews','',1),
(540,'actionDeleteGDPRCustomer','actionDeleteGDPRCustomer','',1),
(541,'actionExportGDPRData','actionExportGDPRData','',1),
(542,'actionObjectLanguageAddAfter','actionObjectLanguageAddAfter','',1),
(543,'paymentOptions','paymentOptions','',1),
(544,'paymentReturn','paymentReturn','',1),
(545,'displayNav1','displayNav1','',1),
(546,'actionAdminStoresControllerUpdate_optionsAfter','actionAdminStoresControllerUpdate_optionsAfter','',1),
(547,'actionAdminCurrenciesControllerSaveAfter','actionAdminCurrenciesControllerSaveAfter','',1),
(548,'actionModuleRegisterHookAfter','actionModuleRegisterHookAfter','',1),
(549,'actionModuleUnRegisterHookAfter','actionModuleUnRegisterHookAfter','',1),
(550,'actionShopDataDuplication','actionShopDataDuplication','',1),
(551,'actionSubmitAccountBefore','actionSubmitAccountBefore','',1),
(552,'actionFrontControllerSetMedia','actionFrontControllerSetMedia','',1),
(553,'displayFooterBefore','displayFooterBefore','',1),
(554,'actionObjectCustomerUpdateBefore','actionObjectCustomerUpdateBefore','',1),
(555,'displayAdminCustomersForm','displayAdminCustomersForm','',1),
(556,'productSearchProvider','productSearchProvider','',1),
(557,'actionObjectSpecificPriceRuleUpdateBefore','actionObjectSpecificPriceRuleUpdateBefore','',1),
(558,'actionAdminSpecificPriceRuleControllerSaveAfter','actionAdminSpecificPriceRuleControllerSaveAfter','',1),
(559,'addproduct','addproduct','',1),
(560,'updateproduct','updateproduct','',1),
(561,'deleteproduct','deleteproduct','',1),
(562,'categoryUpdate','categoryUpdate','',1),
(563,'displayOrderConfirmation2','displayOrderConfirmation2','',1),
(564,'displayCrossSellingShoppingCart','displayCrossSellingShoppingCart','',1),
(565,'actionAdminGroupsControllerSaveAfter','actionAdminGroupsControllerSaveAfter','',1),
(566,'actionObjectCategoryUpdateAfter','actionObjectCategoryUpdateAfter','',1),
(567,'actionObjectCategoryDeleteAfter','actionObjectCategoryDeleteAfter','',1),
(568,'actionObjectCategoryAddAfter','actionObjectCategoryAddAfter','',1),
(569,'actionObjectCmsUpdateAfter','actionObjectCmsUpdateAfter','',1),
(570,'actionObjectCmsDeleteAfter','actionObjectCmsDeleteAfter','',1),
(571,'actionObjectCmsAddAfter','actionObjectCmsAddAfter','',1),
(572,'actionObjectSupplierUpdateAfter','actionObjectSupplierUpdateAfter','',1),
(573,'actionObjectSupplierDeleteAfter','actionObjectSupplierDeleteAfter','',1),
(574,'actionObjectSupplierAddAfter','actionObjectSupplierAddAfter','',1),
(575,'actionObjectManufacturerUpdateAfter','actionObjectManufacturerUpdateAfter','',1),
(576,'actionObjectManufacturerDeleteAfter','actionObjectManufacturerDeleteAfter','',1),
(577,'actionObjectManufacturerAddAfter','actionObjectManufacturerAddAfter','',1),
(578,'actionObjectProductUpdateAfter','actionObjectProductUpdateAfter','',1),
(579,'actionObjectProductDeleteAfter','actionObjectProductDeleteAfter','',1),
(580,'actionObjectProductAddAfter','actionObjectProductAddAfter','',1),
(581,'displaySearch','displaySearch','',1),
(582,'displayProductButtons','displayProductButtons','',1),
(583,'displayNav2','displayNav2','',1),
(584,'authentication','authentication','',1),
(585,'createAccount','createAccount','',1),
(586,'displayAdminNavBarBeforeEnd','displayAdminNavBarBeforeEnd','',1),
(587,'displayAdminAfterHeader','displayAdminAfterHeader','',1),
(588,'displayGDPRConsent','displayGDPRConsent','',1),
(589,'displayAdminOrderLeft','displayAdminOrderLeft','',1),
(590,'actionObjectShopAddAfter','actionObjectShopAddAfter','',1),
(591,'displayProductPriceBlock','displayProductPriceBlock','',1),
(592,'displayExpressCheckout','displayExpressCheckout','',1),
(593,'actionCartUpdateQuantityBefore','actionCartUpdateQuantityBefore','',1),
(594,'actionObjectShopUrlUpdateAfter','actionObjectShopUrlUpdateAfter','',1),
(595,'actionObjectCartAddAfter','actionObjectCartAddAfter','',1),
(596,'actionObjectCartUpdateAfter','actionObjectCartUpdateAfter','',1),
(597,'actionObjectOrderUpdateAfter','actionObjectOrderUpdateAfter','',1),
(598,'displayFooterAfter','displayFooterAfter','',1),
(599,'displayReassurance','displayReassurance','',1),
(602,'displayFeatured','','',1),
(603,'displayImaxCustomFacetedHook','displayImaxCustomFacetedHook','Añade un area para widget encima de la lista de productos.',1),
(604,'imaxLinks','imaxLinks','',1),
(605,'displayImaxTopMenu','displayImaxTopMenu','',1),
(606,'actionAdminShopControllerSaveAfter','actionAdminShopControllerSaveAfter','',1),
(607,'displayHeaderFrontSuperior','displayHeaderFrontSuperior','',1),
(608,'displayImaxFilterCategory','displayImaxFilterCategory','',1);

-- 
-- Definition of ps_hook_alias
-- 

CREATE TABLE IF NOT EXISTS `ps_hook_alias` (
  `id_hook_alias` int(10) unsigned NOT NULL AUTO_INCREMENT,
  `alias` varchar(191) NOT NULL,
  `name` varchar(191) NOT NULL,
  PRIMARY KEY (`id_hook_alias`),
  UNIQUE KEY `alias` (`alias`)
) ENGINE=InnoDB AUTO_INCREMENT=89 DEFAULT CHARSET=utf8mb4;

-- 
-- Dumping data for table ps_hook_alias
-- 

INSERT INTO `ps_hook_alias`(`id_hook_alias`,`alias`,`name`) VALUES
(1,'newOrder','actionValidateOrder'),
(2,'paymentConfirm','actionPaymentConfirmation'),
(3,'paymentReturn','displayPaymentReturn'),
(4,'updateQuantity','actionUpdateQuantity'),
(5,'rightColumn','displayRightColumn'),
(6,'leftColumn','displayLeftColumn'),
(7,'home','displayHome'),
(8,'Header','displayHeader'),
(9,'cart','actionCartSave'),
(10,'authentication','actionAuthentication'),
(11,'addproduct','actionProductAdd'),
(12,'updateproduct','actionProductUpdate'),
(13,'top','displayTop'),
(14,'extraRight','displayRightColumnProduct'),
(15,'deleteproduct','actionProductDelete'),
(16,'productfooter','displayFooterProduct'),
(17,'invoice','displayInvoice'),
(18,'updateOrderStatus','actionOrderStatusUpdate'),
(19,'adminOrder','displayAdminOrder'),
(20,'footer','displayFooter'),
(21,'PDFInvoice','displayPDFInvoice'),
(22,'adminCustomers','displayAdminCustomers'),
(23,'orderConfirmation','displayOrderConfirmation'),
(24,'createAccount','actionCustomerAccountAdd'),
(25,'customerAccount','displayCustomerAccount'),
(26,'orderSlip','actionOrderSlipAdd'),
(27,'shoppingCart','displayShoppingCartFooter'),
(28,'createAccountForm','displayCustomerAccountForm'),
(29,'AdminStatsModules','displayAdminStatsModules'),
(30,'GraphEngine','displayAdminStatsGraphEngine'),
(31,'orderReturn','actionOrderReturn'),
(32,'productActions','displayProductAdditionalInfo'),
(33,'displayProductButtons','displayProductAdditionalInfo'),
(34,'backOfficeHome','displayBackOfficeHome'),
(35,'GridEngine','displayAdminStatsGridEngine'),
(36,'watermark','actionWatermark'),
(37,'cancelProduct','actionProductCancel'),
(38,'extraLeft','displayLeftColumnProduct'),
(39,'productOutOfStock','actionProductOutOfStock'),
(40,'updateProductAttribute','actionProductAttributeUpdate'),
(41,'extraCarrier','displayCarrierList'),
(42,'shoppingCartExtra','displayShoppingCart'),
(43,'updateCarrier','actionCarrierUpdate'),
(44,'postUpdateOrderStatus','actionOrderStatusPostUpdate'),
(45,'createAccountTop','displayCustomerAccountFormTop'),
(46,'backOfficeHeader','displayBackOfficeHeader'),
(47,'backOfficeTop','displayBackOfficeTop'),
(48,'backOfficeFooter','displayBackOfficeFooter'),
(49,'deleteProductAttribute','actionProductAttributeDelete'),
(50,'processCarrier','actionCarrierProcess'),
(51,'beforeCarrier','displayBeforeCarrier'),
(52,'orderDetailDisplayed','displayOrderDetail'),
(53,'paymentCCAdded','actionPaymentCCAdd'),
(54,'categoryAddition','actionCategoryAdd'),
(55,'categoryUpdate','actionCategoryUpdate'),
(56,'categoryDeletion','actionCategoryDelete'),
(57,'paymentTop','displayPaymentTop'),
(58,'afterCreateHtaccess','actionHtaccessCreate'),
(59,'afterSaveAdminMeta','actionAdminMetaSave'),
(60,'attributeGroupForm','displayAttributeGroupForm'),
(61,'afterSaveAttributeGroup','actionAttributeGroupSave'),
(62,'afterDeleteAttributeGroup','actionAttributeGroupDelete'),
(63,'featureForm','displayFeatureForm'),
(64,'afterSaveFeature','actionFeatureSave'),
(65,'afterDeleteFeature','actionFeatureDelete'),
(66,'afterSaveProduct','actionProductSave'),
(67,'postProcessAttributeGroup','displayAttributeGroupPostProcess'),
(68,'postProcessFeature','displayFeaturePostProcess'),
(69,'featureValueForm','displayFeatureValueForm'),
(70,'postProcessFeatureValue','displayFeatureValuePostProcess'),
(71,'afterDeleteFeatureValue','actionFeatureValueDelete'),
(72,'afterSaveFeatureValue','actionFeatureValueSave'),
(73,'attributeForm','displayAttributeForm'),
(74,'postProcessAttribute','actionAttributePostProcess'),
(75,'afterDeleteAttribute','actionAttributeDelete'),
(76,'afterSaveAttribute','actionAttributeSave'),
(77,'taxManager','actionTaxManager'),
(78,'myAccountBlock','displayMyAccountBlock'),
(79,'actionBeforeCartUpdateQty','actionCartUpdateQuantityBefore'),
(80,'actionBeforeAjaxDie','actionAjaxDieBefore'),
(81,'actionBeforeAuthentication','actionAuthenticationBefore'),
(82,'actionBeforeSubmitAccount','actionSubmitAccountBefore'),
(83,'actionAfterDeleteProductInCart','actionDeleteProductInCartAfter'),
(84,'displayInvoice','displayAdminOrderTop'),
(85,'displayBackOfficeOrderActions','displayAdminOrderSide'),
(86,'actionFrontControllerAfterInit','actionFrontControllerInitAfter'),
(87,'displayAdminListBefore','displayAdminGridTableBefore'),
(88,'displayAdminListAfter','displayAdminGridTableAfter');

-- 
-- Definition of ps_hook_module
-- 

CREATE TABLE IF NOT EXISTS `ps_hook_module` (
  `id_module` int(10) unsigned NOT NULL,
  `id_shop` int(11) unsigned NOT NULL DEFAULT '1',
  `id_hook` int(10) unsigned NOT NULL,
  `position` tinyint(2) unsigned NOT NULL,
  PRIMARY KEY (`id_module`,`id_hook`,`id_shop`),
  KEY `id_hook` (`id_hook`),
  KEY `id_module` (`id_module`),
  KEY `position` (`id_shop`,`position`)
) ENGINE=InnoDB DEFAULT CHARSET=utf8mb4;

-- 
-- Dumping data for table ps_hook_module
-- 

INSERT INTO `ps_hook_module`(`id_module`,`id_shop`,`id_hook`,`position`) VALUES
(65,1,531,0),
(1,1,522,1),
(2,1,524,1),
(2,1,525,1),
(2,1,526,1),
(2,1,527,1),
(2,1,528,1),
(2,1,529,1),
(2,1,530,1),
(3,1,531,1),
(4,1,532,1),
(5,1,63,1),
(6,1,533,1),
(7,1,534,1),
(9,1,536,1),
(9,1,537,1),
(10,1,27,1),
(10,1,538,1),
(10,1,539,1),
(10,1,540,1),
(10,1,541,1),
(11,1,542,1),
(12,1,12,1),
(13,1,544,1),
(14,1,546,1),
(16,1,547,1),
(17,1,548,1),
(17,1,549,1),
(19,1,550,1),
(20,1,114,1),
(20,1,551,1),
(21,1,41,1),
(21,1,42,1),
(21,1,552,1),
(21,1,554,1),
(23,1,65,1),
(24,1,559,1),
(24,1,560,1),
(24,1,561,1),
(24,1,562,1),
(24,1,563,1),
(24,1,564,1),
(24,1,565,1),
(24,1,602,1),
(25,1,14,1),
(28,1,21,1),
(28,1,566,1),
(28,1,567,1),
(28,1,568,1),
(28,1,569,1),
(28,1,570,1),
(28,1,571,1),
(28,1,572,1),
(28,1,573,1),
(28,1,574,1),
(28,1,575,1),
(28,1,576,1),
(28,1,577,1),
(28,1,578,1),
(28,1,579,1),
(28,1,580,1),
(29,1,545,1),
(29,1,581,1),
(30,1,52,1),
(31,1,583,1),
(44,1,20,1),
(44,1,584,1),
(44,1,585,1),
(57,1,586,1),
(57,1,587,1),
(60,1,523,1),
(61,1,43,1),
(61,1,588,1),
(62,1,132,1),
(64,1,26,1),
(64,1,37,1),
(64,1,40,1),
(64,1,78,1),
(64,1,113,1),
(64,1,200,1),
(64,1,409,1),
(64,1,543,1),
(64,1,589,1),
(64,1,590,1),
(64,1,591,1),
(64,1,592,1),
(64,1,593,1),
(66,1,326,1),
(66,1,594,1),
(66,1,595,1),
(66,1,596,1),
(66,1,597,1),
(67,1,599,1),
(68,1,75,1),
(68,1,76,1),
(68,1,77,1),
(68,1,82,1),
(68,1,83,1),
(68,1,85,1),
(68,1,86,1),
(68,1,87,1),
(68,1,92,1),
(68,1,93,1),
(68,1,95,1),
(68,1,97,1),
(68,1,414,1),
(68,1,422,1),
(68,1,430,1),
(68,1,556,1),
(68,1,557,1),
(68,1,558,1),
(69,1,8,1),
(69,1,13,1),
(69,1,35,1),
(69,1,607,1),
(69,1,608,1),
(70,1,17,1),
(70,1,18,1),
(70,1,24,1),
(71,1,604,1),
(72,1,133,1),
(73,1,7,1),
(73,1,22,1),
(73,1,23,1),
(73,1,57,1),
(73,1,553,1),
(73,1,582,1),
(73,1,598,1),
(73,1,605,1),
(73,1,606,1),
(2,1,523,2),
(3,1,524,2),
(3,1,530,2),
(4,1,525,2),
(4,1,531,2),
(10,1,522,2),
(12,1,57,2),
(13,1,543,2),
(15,1,27,2),
(15,1,63,2),
(18,1,583,2),
(21,1,114,2),
(21,1,540,2),
(21,1,541,2),
(25,1,550,2),
(28,1,562,2),
(29,1,538,2),
(34,1,544,2),
(35,1,536,2),
(35,1,537,2),
(54,1,532,2),
(57,1,65,2),
(59,1,14,2),
(61,1,41,2),
(64,1,552,2),
(64,1,587,2),
(66,1,566,2),
(66,1,567,2),
(66,1,568,2),
(66,1,578,2),
(66,1,579,2),
(66,1,580,2),
(68,1,608,2),
(69,1,553,2),
(73,1,12,2),
(73,1,13,2),
(73,1,21,2),
(73,1,35,2),
(73,1,545,2),
(73,1,599,2),
(4,1,524,3),
(5,1,530,3),
(5,1,531,3),
(21,1,522,3),
(28,1,550,3),
(31,1,538,3),
(34,1,543,3),
(36,1,537,3),
(58,1,65,3),
(61,1,114,3),
(61,1,540,3),
(64,1,27,3),
(66,1,525,3),
(67,1,552,3),
(69,1,12,3),
(69,1,14,3),
(69,1,21,3),
(69,1,583,3),
(70,1,63,3),
(5,1,524,4),
(6,1,530,4),
(37,1,537,4),
(59,1,65,4),
(61,1,522,4),
(64,1,538,4),
(69,1,552,4),
(71,1,14,4),
(73,1,27,4),
(73,1,583,4),
(38,1,537,5),
(58,1,530,5),
(71,1,552,5),
(73,1,538,5),
(39,1,537,6),
(61,1,530,6),
(73,1,552,6),
(40,1,537,7),
(62,1,530,7),
(41,1,537,8),
(64,1,530,8),
(42,1,537,9),
(73,1,530,9),
(43,1,537,10),
(45,1,537,11),
(46,1,537,12),
(47,1,537,13),
(48,1,537,14),
(49,1,537,15),
(50,1,537,16),
(51,1,537,17),
(52,1,537,18),
(53,1,537,19),
(54,1,537,20),
(55,1,537,21),
(56,1,537,22);

-- 
-- Definition of ps_hook_module_exceptions
-- 

CREATE TABLE IF NOT EXISTS `ps_hook_module_exceptions` (
  `id_hook_module_exceptions` int(10) unsigned NOT NULL AUTO_INCREMENT,
  `id_shop` int(11) unsigned NOT NULL DEFAULT '1',
  `id_module` int(10) unsigned NOT NULL,
  `id_hook` int(10) unsigned NOT NULL,
  `file_name` varchar(255) DEFAULT NULL,
  PRIMARY KEY (`id_hook_module_exceptions`),
  KEY `id_module` (`id_module`),
  KEY `id_hook` (`id_hook`)
) ENGINE=InnoDB DEFAULT CHARSET=utf8mb4;

-- 
-- Dumping data for table ps_hook_module_exceptions
-- 



-- 
-- Definition of ps_image
-- 

CREATE TABLE IF NOT EXISTS `ps_image` (
  `id_image` int(10) unsigned NOT NULL AUTO_INCREMENT,
  `id_product` int(10) unsigned NOT NULL,
  `position` smallint(2) unsigned NOT NULL DEFAULT '0',
  `cover` tinyint(1) unsigned DEFAULT NULL,
  PRIMARY KEY (`id_image`),
  UNIQUE KEY `id_product_cover` (`id_product`,`cover`),
  UNIQUE KEY `idx_product_image` (`id_image`,`id_product`,`cover`),
  KEY `image_product` (`id_product`)
) ENGINE=InnoDB AUTO_INCREMENT=30 DEFAULT CHARSET=utf8mb4;

-- 
-- Dumping data for table ps_image
-- 

INSERT INTO `ps_image`(`id_image`,`id_product`,`position`,`cover`) VALUES
(1,1,1,1),
(3,3,1,NULL),
(4,4,1,NULL),
(5,5,1,1),
(6,6,1,1),
(7,7,1,1),
(8,8,1,1),
(9,9,1,1),
(10,9,2,NULL),
(11,10,1,1),
(12,10,2,NULL),
(13,11,1,1),
(14,11,2,NULL),
(15,12,1,1),
(16,13,1,1),
(17,14,1,1),
(18,16,1,1),
(19,17,1,1),
(20,18,1,1),
(21,2,1,NULL),
(22,19,1,NULL),
(23,15,1,1),
(24,1,2,NULL),
(25,3,2,1),
(26,2,2,1),
(27,19,2,1),
(29,4,2,1);

-- 
-- Definition of ps_image_lang
-- 

CREATE TABLE IF NOT EXISTS `ps_image_lang` (
  `id_image` int(10) unsigned NOT NULL,
  `id_lang` int(10) unsigned NOT NULL,
  `legend` varchar(128) DEFAULT NULL,
  PRIMARY KEY (`id_image`,`id_lang`),
  KEY `id_image` (`id_image`)
) ENGINE=InnoDB DEFAULT CHARSET=utf8mb4;

-- 
-- Dumping data for table ps_image_lang
-- 

INSERT INTO `ps_image_lang`(`id_image`,`id_lang`,`legend`) VALUES
(1,1,'Hummingbird printed t-shirt'),
(3,1,'The best is yet to come'' Framed poster'),
(4,1,'The adventure begins Framed poster'),
(5,1,'Today is a good day Framed poster'),
(6,1,'Mug The best is yet to come'),
(7,1,'Mug The adventure begins'),
(8,1,'Mug Today is a good day'),
(9,1,'Mountain fox cushion'),
(10,1,'Mountain fox cushion'),
(11,1,'Brown bear cushion'),
(12,1,'Brown bear cushion'),
(13,1,'Hummingbird cushion'),
(14,1,'Hummingbird cushion'),
(15,1,'Mountain fox - Vector graphics'),
(16,1,'Brown bear - Vector graphics'),
(17,1,'Hummingbird - Vector graphics'),
(18,1,'Mountain fox notebook'),
(19,1,'Mountain fox notebook'),
(20,1,'Mountain fox notebook'),
(21,1,'Brown bear printed sweater'),
(22,1,'Customizable mug'),
(23,1,'Pack Mug + Framed poster'),
(24,1,''),
(25,1,''),
(26,1,''),
(27,1,''),
(29,1,'');

-- 
-- Definition of ps_image_shop
-- 

CREATE TABLE IF NOT EXISTS `ps_image_shop` (
  `id_product` int(10) unsigned NOT NULL,
  `id_image` int(11) unsigned NOT NULL,
  `id_shop` int(11) unsigned NOT NULL,
  `cover` tinyint(1) unsigned DEFAULT NULL,
  PRIMARY KEY (`id_image`,`id_shop`),
  UNIQUE KEY `id_product` (`id_product`,`id_shop`,`cover`),
  KEY `id_shop` (`id_shop`)
) ENGINE=InnoDB DEFAULT CHARSET=utf8mb4;

-- 
-- Dumping data for table ps_image_shop
-- 

INSERT INTO `ps_image_shop`(`id_product`,`id_image`,`id_shop`,`cover`) VALUES
(1,24,1,NULL),
(1,1,1,1),
(2,21,1,NULL),
(2,26,1,1),
(3,3,1,NULL),
(3,25,1,1),
(4,4,1,NULL),
(4,29,1,1),
(5,5,1,1),
(6,6,1,1),
(7,7,1,1),
(8,8,1,1),
(9,10,1,NULL),
(9,9,1,1),
(10,12,1,NULL),
(10,11,1,1),
(11,14,1,NULL),
(11,13,1,1),
(12,15,1,1),
(13,16,1,1),
(14,17,1,1),
(15,23,1,1),
(16,18,1,1),
(17,19,1,1),
(18,20,1,1),
(19,22,1,NULL),
(19,27,1,1);

-- 
-- Definition of ps_image_type
-- 

CREATE TABLE IF NOT EXISTS `ps_image_type` (
  `id_image_type` int(10) unsigned NOT NULL AUTO_INCREMENT,
  `name` varchar(64) NOT NULL,
  `width` int(10) unsigned NOT NULL,
  `height` int(10) unsigned NOT NULL,
  `products` tinyint(1) NOT NULL DEFAULT '1',
  `categories` tinyint(1) NOT NULL DEFAULT '1',
  `manufacturers` tinyint(1) NOT NULL DEFAULT '1',
  `suppliers` tinyint(1) NOT NULL DEFAULT '1',
  `stores` tinyint(1) NOT NULL DEFAULT '1',
  PRIMARY KEY (`id_image_type`),
  KEY `image_type_name` (`name`)
) ENGINE=InnoDB AUTO_INCREMENT=8 DEFAULT CHARSET=utf8mb4;

-- 
-- Dumping data for table ps_image_type
-- 

INSERT INTO `ps_image_type`(`id_image_type`,`name`,`width`,`height`,`products`,`categories`,`manufacturers`,`suppliers`,`stores`) VALUES
(1,'cart_default',125,125,1,0,0,0,0),
(2,'small_default',98,98,1,1,1,1,0),
(3,'medium_default',452,452,1,0,1,1,0),
(4,'home_default',250,250,1,0,0,0,0),
(5,'large_default',800,800,1,0,1,1,0),
(6,'category_default',141,180,0,1,0,0,0),
(7,'stores_default',170,115,0,0,0,0,1);

-- 
-- Definition of ps_imax_builder_campos_comunes
-- 

CREATE TABLE IF NOT EXISTS `ps_imax_builder_campos_comunes` (
  `idBuilderCampoComun` int(11) NOT NULL AUTO_INCREMENT,
  `idBuilderGrupo` int(11) NOT NULL,
  `idBuilderBloque` int(11) NOT NULL,
  `idBuilderFormato` int(11) DEFAULT NULL,
  `idPrestashop` int(11) DEFAULT NULL,
  `idCategoriaDefault` int(11) DEFAULT NULL,
  `clasesCss` varchar(255) NOT NULL,
  `anchoMD` int(11) DEFAULT '12',
  `anchoSM` int(11) DEFAULT '12',
  `anchoXS` int(11) DEFAULT '12',
  `comentario` varchar(255) NOT NULL,
  `posicion` int(11) NOT NULL DEFAULT '1',
  PRIMARY KEY (`idBuilderCampoComun`)
) ENGINE=MyISAM AUTO_INCREMENT=169 DEFAULT CHARSET=utf8;

-- 
-- Dumping data for table ps_imax_builder_campos_comunes
-- 

INSERT INTO `ps_imax_builder_campos_comunes`(`idBuilderCampoComun`,`idBuilderGrupo`,`idBuilderBloque`,`idBuilderFormato`,`idPrestashop`,`idCategoriaDefault`,`clasesCss`,`anchoMD`,`anchoSM`,`anchoXS`,`comentario`,`posicion`) VALUES
(136,5,1,6,NULL,NULL,'pagina-home-slider-cabecera',12,12,12,'',1),
(168,6,2,1,NULL,NULL,'pagina-todos-enlaces-servicios-nuestro-blog',5,12,12,'',12),
(138,5,3,1,NULL,NULL,'pagina-home-oferta-tiendas',12,12,12,'',3),
(140,5,4,1,NULL,NULL,'pagina-home-feed',12,12,12,'',4),
(141,5,4,8,NULL,NULL,'pagina-home-feed-producto',12,12,12,'',5),
(142,5,5,8,NULL,NULL,'pagina-home-slider-productos',12,12,12,'',6),
(167,1,2,1,NULL,NULL,'enlace-maquillaje-lujo',12,12,12,'',2),
(147,6,1,3,NULL,NULL,'pagina-todos-footer-enlaces-imax-links',10,12,12,'',3),
(145,6,1,1,NULL,NULL,'pagina-todos-footer-iconos',12,12,12,'',1),
(146,5,6,8,NULL,NULL,'pagina-home-top-ventas',12,12,NULL,'',9),
(164,1,1,6,NULL,NULL,'pagina-categorias-slider-cabecera',12,12,NULL,'',1),
(148,6,1,5,NULL,NULL,'pagina-todos-footer-newsletter',2,12,12,'',2),
(149,6,1,1,NULL,NULL,'pagina-todos-footer-formas-de-pago',12,12,12,'',5),
(150,6,1,1,NULL,NULL,'pagina-todos-footer-redes-sociales',2,1,NULL,'',6),
(151,6,1,3,NULL,NULL,'pagina-todos-footer-links',10,11,12,'',7),
(152,6,2,1,NULL,NULL,'pagina-todos-menu-tiendas',12,12,12,'',7),
(153,6,2,1,NULL,NULL,'pagina-todos-menu-wishlist',12,12,12,'',8),
(156,6,3,1,NULL,NULL,'pagina-todos-banner-superior-header',12,12,12,'',9),
(160,6,1,1,NULL,NULL,'pagina-todos-footer-redes-sociales',NULL,NULL,6,'',4),
(163,5,7,3,NULL,NULL,'pagina-home-lo-mas-buscado',12,12,12,'',11),
(165,6,4,1,NULL,NULL,'seccion-club-muchas',12,12,12,'',10),
(166,6,4,1,NULL,NULL,'seccion-club-muchas-textos',12,12,12,'',11);

-- 
-- Definition of ps_imax_builder_config_slider
-- 

CREATE TABLE IF NOT EXISTS `ps_imax_builder_config_slider` (
  `idBuilderConfigSlider` int(11) NOT NULL AUTO_INCREMENT,
  `idBuilderGrupo` int(11) NOT NULL,
  `idBuilderBloque` int(11) NOT NULL,
  `idBuilderCampoComun` int(11) NOT NULL,
  `velocidad` int(11) NOT NULL DEFAULT '2500',
  `pausarHover` tinyint(1) NOT NULL DEFAULT '1',
  `repetirIndefinidamente` tinyint(1) NOT NULL DEFAULT '1',
  `autoPlay` tinyint(1) NOT NULL DEFAULT '0',
  `nav` tinyint(1) NOT NULL DEFAULT '1',
  `dot` tinyint(1) NOT NULL DEFAULT '1',
  `formatoVisualizacion` varchar(255) DEFAULT NULL,
  `numeroItemsXS` int(11) NOT NULL,
  `numeroItemsSM` int(11) NOT NULL,
  `numeroItemsMD` int(11) NOT NULL,
  `numeroItemsLG` int(11) NOT NULL,
  `numeroProductosAleatorios` int(11) DEFAULT NULL,
  PRIMARY KEY (`idBuilderConfigSlider`),
  UNIQUE KEY `idBuilderCampoComun` (`idBuilderCampoComun`)
) ENGINE=MyISAM AUTO_INCREMENT=130 DEFAULT CHARSET=utf8;

-- 
-- Dumping data for table ps_imax_builder_config_slider
-- 

INSERT INTO `ps_imax_builder_config_slider`(`idBuilderConfigSlider`,`idBuilderGrupo`,`idBuilderBloque`,`idBuilderCampoComun`,`velocidad`,`pausarHover`,`repetirIndefinidamente`,`autoPlay`,`nav`,`dot`,`formatoVisualizacion`,`numeroItemsXS`,`numeroItemsSM`,`numeroItemsMD`,`numeroItemsLG`,`numeroProductosAleatorios`) VALUES
(124,5,1,136,5000,1,1,0,0,1,'lineal',1,1,1,1,NULL),
(87,5,4,141,5000,1,1,0,0,0,'lineal',1,1,1,1,NULL),
(111,5,5,142,5000,1,1,0,0,0,'lineal',1,1,1,1,NULL),
(96,5,6,146,5000,1,1,0,0,0,'lineal',1,1,1,1,NULL),
(129,1,1,164,5000,1,1,0,0,1,'lineal',1,1,1,1,NULL);

-- 
-- Definition of ps_imax_builder_formato_hook
-- 

CREATE TABLE IF NOT EXISTS `ps_imax_builder_formato_hook` (
  `idBuilderHook` int(11) NOT NULL AUTO_INCREMENT,
  `idBuilderGrupo` int(11) NOT NULL,
  `idBuilderBloque` int(11) NOT NULL,
  `idBuilderCampoComun` int(11) NOT NULL,
  `idLang` int(11) NOT NULL,
  `modulo` varchar(255) DEFAULT NULL,
  `hookNameModuloExterno` varchar(255) DEFAULT NULL,
  PRIMARY KEY (`idBuilderHook`),
  UNIQUE KEY `idBuilderCampoComun` (`idBuilderCampoComun`,`idLang`)
) ENGINE=MyISAM AUTO_INCREMENT=35 DEFAULT CHARSET=utf8;

-- 
-- Dumping data for table ps_imax_builder_formato_hook
-- 

INSERT INTO `ps_imax_builder_formato_hook`(`idBuilderHook`,`idBuilderGrupo`,`idBuilderBloque`,`idBuilderCampoComun`,`idLang`,`modulo`,`hookNameModuloExterno`) VALUES
(27,6,1,147,1,'imaxlinks','displayFooter'),
(28,6,1,147,0,'',''),
(29,6,1,151,1,'ps_linklist','displayFooter'),
(30,6,1,151,0,'',''),
(33,5,7,163,1,'statssearch','displayHome'),
(34,5,7,163,0,'','');

-- 
-- Definition of ps_imax_builder_formato_html
-- 

CREATE TABLE IF NOT EXISTS `ps_imax_builder_formato_html` (
  `idBuilderHtml` int(11) NOT NULL AUTO_INCREMENT,
  `idBuilderGrupo` int(11) NOT NULL,
  `idBuilderBloque` int(11) NOT NULL,
  `idBuilderCampoComun` int(11) NOT NULL,
  `idLang` int(11) NOT NULL,
  `html` blob NOT NULL,
  PRIMARY KEY (`idBuilderHtml`),
  UNIQUE KEY `idBuilderCampoComun` (`idBuilderCampoComun`,`idLang`)
) ENGINE=MyISAM AUTO_INCREMENT=445 DEFAULT CHARSET=utf8;

-- 
-- Dumping data for table ps_imax_builder_formato_html
-- 

INSERT INTO `ps_imax_builder_formato_html`(`idBuilderHtml`,`idBuilderGrupo`,`idBuilderBloque`,`idBuilderCampoComun`,`idLang`,`html`) VALUES
(425,6,1,145,1,0x733A3937303A223C64697620636C6173733D22636F6C2D78732D313220636F6C2D6D642D313120636F6C2D6C672D3130206E6F2D70616464696E67223E0A3C64697620636C6173733D22636F6C2D78732D3620636F6C2D736D2D33206E6F2D70616464696E6720646976477275706F49636F6E6F73466F6F746572223E3C696D6720636C6173733D2269636F6E6F732069636F6E6F556E6F22207372633D222F6D6F64756C65732F696D6178686F6D6562616E6E6572732F76696577732F696D672F63616D696F6E2E73766722202F3E0A3C703E456E76266961637574653B6F20677261747569746F20613C6272202F3E0A706172746972206465203230266575726F3B3C2F703E0A3C2F6469763E0A0A3C64697620636C6173733D22636F6C2D78732D3620636F6C2D736D2D33206E6F2D70616464696E6720646976477275706F49636F6E6F73466F6F746572223E3C696D6720636C6173733D2269636F6E6F732069636F6E6F446F7322207372633D222F6D6F64756C65732F696D6178686F6D6562616E6E6572732F76696577732F696D672F72656C6F6A2E73766722202F3E0A3C703E456E74726567612061207061727469722064653C6272202F3E0A34383C7370616E20636C6173733D2768696464656E2D78732D646F776E273E2C20373220686F7261733C2F7370616E3E3C7370616E20636C6173733D2768696464656E2D736D2D7570273E20682E3C2F7370616E3E3C2F703E0A3C2F6469763E0A0A3C64697620636C6173733D22636F6C2D78732D3620636F6C2D736D2D33206E6F2D70616464696E6720646976477275706F49636F6E6F73466F6F746572223E3C696D6720636C6173733D2269636F6E6F732069636F6E6F5472657322207372633D222F6D6F64756C65732F696D6178686F6D6562616E6E6572732F76696577732F696D672F626C6F71756561722E73766722202F3E0A3C703E5061676F2073656775726F3C2F703E0A3C2F6469763E0A0A3C64697620636C6173733D22636F6C2D78732D3620636F6C2D736D2D33206E6F2D70616464696E6720646976477275706F49636F6E6F73466F6F746572223E3C696D6720636C6173733D2269636F6E6F732069636F6E6F43756174726F22207372633D222F6D6F64756C65732F696D6178686F6D6562616E6E6572732F76696577732F696D672F7265677265736F2E73766722202F3E0A3C703E4465766F6C7563696F6E65733C6272202F3E0A6772617469733C7370616E20636C6173733D2768696464656E2D78732D646F776E273E20792073696E206C266961637574653B6D6974653C2F7370616E3E3C2F703E0A3C2F6469763E0A3C2F6469763E0A223B),
(399,5,3,138,1,0x733A3839333A223C64697620636C6173733D22636F6E7461696E6572223E0A3C64697620636C6173733D22636F6C2D78732D3132206E6F2D70616464696E67223E0A3C64697620636C6173733D22636F6C2D78732D313220636F6C2D6D642D36206E6F2D70616464696E67223E0A3C64697620636C6173733D22646976477275706F20646976477275706F31223E0A3C68323E4F46455254413C2F68323E0A0A3C64697620636C6173733D22646976496D6167656E20646976496D6167656E31223E3C696D6720636C6173733D22696D6167656E4974656D22207372633D222F6D6F64756C65732F696D6178686F6D6562616E6E6572732F76696577732F696D672F5F6F66657274614F7074696D697A6164612E7765627022202F3E3C2F6469763E0A3C2F6469763E0A3C2F6469763E0A0A3C64697620636C6173733D22636F6C2D78732D313220636F6C2D6D642D36206E6F2D70616464696E67223E0A3C64697620636C6173733D22646976477275706F20646976477275706F32223E0A3C64697620636C6173733D22646976477275706F437561647261646F546578746F223E0A3C64697620636C6173733D22636F6C2D78732D313220636F6C2D736D2D36206E6F2D70616464696E6720646976546974756C6F223E0A3C68323E5449454E4441533C2F68323E0A3C2F6469763E0A0A3C64697620636C6173733D22646976437561647261646F327831223E0A3C703E3258313C2F703E0A0A3C703E454E205449454E4441533C2F703E0A3C2F6469763E0A0A3C64697620636C6173733D22636F6C2D78732D313220636F6C2D736D2D36206E6F2D70616464696E6720646976546578746F223E0A3C703E32783120457370656369616C2050657266756D6572266961637574653B612E2053266F61637574653B6C6F20656E206C6F63616C2E3C6272202F3E0A436F6E73756C7461207475207469656E6461206D266161637574653B732063657263616E613C2F703E0A3C2F6469763E0A3C2F6469763E0A0A3C64697620636C6173733D22646976496D6167656E20646976496D6167656E32223E3C696D6720636C6173733D22696D6167656E4974656D22207372633D222F6D6F64756C65732F696D6178686F6D6562616E6E6572732F76696577732F696D672F5F3278317469656E64614F7074696D697A6164612E7765627022202F3E3C2F6469763E0A3C2F6469763E0A3C2F6469763E0A3C2F6469763E0A3C2F6469763E0A223B),
(355,6,3,156,1,0x733A3138383A223C64697620636C6173733D2768696464656E2D736D2D7570206E6F2D70616464696E67273E436F6E7369677565203130E282AC20656E207475207072C3B378696D6120636F6D7072613C2F6469763E0A0A3C64697620636C6173733D2768696464656E2D78732D646F776E206E6F2D70616464696E67273E3130E282AC20656E207475207072C3B378696D6120636F6D70726120706F7220726567697374726172746520656E20656C20434C5542204D55434841533C2F6469763E0A223B),
(409,5,4,140,1,0x733A3534353A223C64697620636C6173733D22646976436F6E74656E69646F46656564223E0A3C64697620636C6173733D22646976496D6167656E4772616E6465223E3C696D6720636C6173733D22696D6167656E4974656D22207372633D222F6D6F64756C65732F696D6178686F6D6562616E6E6572732F76696577732F696D672F5F666565644F7074696D697A6164612E7765627022202F3E3C2F6469763E0A0A3C64697620636C6173733D22646976477275706F546578746F496D6167656E223E0A3C703E494E5350264961637574653B524154453C2F703E0A0A3C703E454C204D454A4F52205449503C6272202F3E0A5041524120545520525554494E41204449415249413C2F703E0A0A3C7020636C6173733D2268696464656E2D6D642D646F776E223E446573637562726520656C206E7565766F2074726174616D69656E746F2064652063686F7175652066616369616C2C20792064656A61207175652074726162616A65206D69656E7472617320647565726D65733C2F703E0A0A3C64697620636C6173733D22646976546578746F496D6167656E223E0A3C703E455354264561637574653B45204C41554445523C2F703E0A3C696D6720636C6173733D22696D6167656E436869636122207372633D222F6D6F64756C65732F696D6178686F6D6562616E6E6572732F76696577732F696D672F5F63686963614F7074696D697A6164612E7765627022202F3E3C2F6469763E0A3C2F6469763E0A3C2F6469763E223B),
(410,5,4,140,0,''),
(400,5,3,138,0,''),
(440,6,4,165,0,''),
(441,1,2,167,1,0x733A37343A223C6120687265663D2723273E4D415155494C4C414A45204C554A4F203C6920636C6173733D226D6174657269616C2D69636F6E7320616464223E262378453134353B3C2F693E3C2F613E223B),
(442,1,2,167,0,''),
(443,6,2,168,1,0x733A3433323A223C756C20636C6173733D22756C536572766963696F73426C6F6720636F6C2D78732D3132206E6F2D70616464696E67223E0A202020202020202020202020202020202020202020202020202020203C6C6920636C6173733D22636F6C2D78732D36206E6F2D70616464696E67223E3C6120687265663D22687474703A2F2F6D75636861732E6C6F63616C686F73742F636F6E74656E742F362D736572766963696F73223E536572766963696F733C2F613E3C2F6C693E0A202020202020202020202020202020202020202020202020202020203C6C6920636C6173733D22636F6C2D78732D36206E6F2D70616464696E67223E3C6120687265663D22687474703A2F2F6D75636861732E6C6F63616C686F73742F636F6E74656E742F372D6E75657374726F2D626C6F67223E3C7370616E20636C6173733D2268696464656E2D6D642D646F776E223E4E75657374726F20426C6F673C2F7370616E3E3C7370616E20636C6173733D2268696464656E2D6C672D7570223E426C6F67204D75636861733C2F7370616E3E3C2F613E3C2F6C693E0A2020202020202020202020202020202020202020202020203C2F756C3E223B),
(444,6,2,168,0,''),
(426,6,1,145,0,''),
(401,6,1,149,1,0x733A3339313A223C64697620636C6173733D22636F6C2D78732D3920636F6C2D736D2D3420636F6C2D6D642D33206E6F2D70616464696E67223E0A3C64697620636C6173733D22636F6C2D78732D34206E6F2D70616464696E67223E3C696D67207372633D222F6D6F64756C65732F696D6178686F6D6562616E6E6572732F76696577732F696D672F5F7061676F314F7074696D697A6164612E7765627022202F3E3C2F6469763E0A0A3C64697620636C6173733D22636F6C2D78732D34206E6F2D70616464696E67223E3C696D67207372633D222F6D6F64756C65732F696D6178686F6D6562616E6E6572732F76696577732F696D672F5F7061676F324F7074696D697A6164612E7765627022202F3E3C2F6469763E0A0A3C64697620636C6173733D22636F6C2D78732D34206E6F2D70616464696E67223E3C696D67207372633D222F6D6F64756C65732F696D6178686F6D6562616E6E6572732F76696577732F696D672F5F7061676F334F7074696D697A6164612E7765627022202F3E3C2F6469763E0A3C2F6469763E0A223B),
(402,6,1,149,0,''),
(331,6,1,150,1,0x733A3231343A223C64697620636C6173733D27636F6C2D78732D3132206E6F2D70616464696E67273E0A2020200A20202020202020203C696D67207372633D222F6D6F64756C65732F696D6178686F6D6562616E6E6572732F76696577732F696D672F5F66616365626F6F6B4F7074696D697A6164612E737667223E0A202020200A20202020202020203C696D67207372633D222F6D6F64756C65732F696D6178686F6D6562616E6E6572732F76696577732F696D672F5F696E7374616772616D4F7074696D697A6164612E737667223E0A202020200A3C2F6469763E223B),
(332,6,1,150,0,''),
(337,6,2,152,1,0x733A38383A223C64697620636C6173733D277469656E646173273E3C6120687265663D272F7469656E646173273E3C696D67207372633D222F696D672F5F696D6167656E65732F7469656E6461732E737667223E3C2F613E3C2F6469763E223B),
(338,6,2,152,0,''),
(341,6,2,153,1,0x733A38373A223C64697620636C6173733D2769636F6E6F576973686C697374273E3C6120687265663D2723273E3C696D67207372633D222F696D672F5F696D6167656E65732F636F72617A6F6E2E737667223E3C2F613E3C2F6469763E223B),
(342,6,2,153,0,''),
(356,6,3,156,0,''),
(406,6,1,160,0,''),
(405,6,1,160,1,0x733A3231343A223C64697620636C6173733D27636F6C2D78732D3132206E6F2D70616464696E67273E0A2020200A20202020202020203C696D67207372633D222F6D6F64756C65732F696D6178686F6D6562616E6E6572732F76696577732F696D672F5F66616365626F6F6B4F7074696D697A6164612E737667223E0A202020200A20202020202020203C696D67207372633D222F6D6F64756C65732F696D6178686F6D6562616E6E6572732F76696577732F696D672F5F696E7374616772616D4F7074696D697A6164612E737667223E0A202020200A3C2F6469763E223B),
(439,6,4,165,1,0x733A313833303A223C64697620636C6173733D22636F6E7461696E6572223E0A3C64697620636C6173733D22636F6C2D78732D3132206E6F2D70616464696E67223E0A3C64697620636C6173733D22636C75624D7563686173223E0A3C703E434C5542204D55434841533C2F703E0A0A3C703E546F646173206C61732076656E74616A61733C2F703E0A3C2F6469763E0A3C696D6720636C6173733D22696D6167656E4974656D2068696464656E2D6D642D646F776E20696E64657822207372633D222F6D6F64756C65732F696D6178686F6D6562616E6E6572732F76696577732F696D672F5F636C75624D75636861734F7074696D697A6164612E7765627022202F3E0A3C696D6720636C6173733D22696D6167656E4974656D2068696464656E2D6D642D646F776E20746F64617322207372633D222F6D6F64756C65732F696D6178686F6D6562616E6E6572732F76696577732F696D672F5F636C75624D75636861735F746F6461735F4F7074696D697A6164612E7765627022207374796C653D22646973706C61793A6E6F6E65222F3E0A3C64697620636C6173733D22636F6C2D78732D313220636F6C2D6D642D362073656363696F6E6573223E0A3C64697620636C6173733D22636F6C2D78732D36206469764578746572696F72223E0A3C64697620636C6173733D2273656363696F6E2073656363696F6E31223E3C696D6720636C6173733D2269636F6E6F2069636F6E6F3122207372633D222F6D6F64756C65732F696D6178686F6D6562616E6E6572732F76696577732F696D672F5F69636F6E6F315F636C75624D75636861732E73766722202F3E0A3C703E434C49434B2026616D703B20434F4C4C4543543C2F703E0A0A3C703E436F6D707261206F6E6C696E652C207265636F676520656E206C61207469656E64612E3C7370616E20636C6173733D2268696464656E2D78732D646F776E223E2054656E6472266161637574653B7320656C2070656469646F206573706572616E646F2061207475206E6F6D6272652E3C2F7370616E3E3C2F703E0A3C2F6469763E0A3C2F6469763E0A0A3C64697620636C6173733D22636F6C2D78732D36206469764578746572696F72223E0A3C64697620636C6173733D2273656363696F6E2073656363696F6E32223E3C696D6720636C6173733D2269636F6E6F2069636F6E6F3222207372633D222F6D6F64756C65732F696D6178686F6D6562616E6E6572732F76696577732F696D672F5F69636F6E6F325F636C75624D75636861732E73766722202F3E0A3C703E5441524A45544120524547414C4F3C2F703E0A0A3C703E4163756D756C612070756E746F732079206163636564653C6272202F3E0A61206C6F73206D656A6F7265733C6272202F3E0A726567616C6F732E3C2F703E0A3C2F6469763E0A3C2F6469763E0A0A3C64697620636C6173733D22636F6C2D78732D36206469764578746572696F72223E0A3C64697620636C6173733D2273656363696F6E2073656363696F6E33223E3C696D6720636C6173733D2269636F6E6F2069636F6E6F3322207372633D222F6D6F64756C65732F696D6178686F6D6562616E6E6572732F76696577732F696D672F5F69636F6E6F335F636C75624D75636861732E73766722202F3E0A3C703E4D55455354524153204752415449533C2F703E0A0A3C70203E3C7370616E20636C6173733D2268696464656E2D736D2D7570223E4573636F67657220656E74726520656E20756E20616D706C696F20636174266161637574653B6C6F676F206465206D756573747261732E3C2F7370616E3E3C7370616E20636C6173733D2268696464656E2D78732D646F776E223E436F6E206361646120636F6D70726120707565646573206573636F67657220656E74726520756E20616D706C696F20636174266161637574653B6C6F676F206465206D756573747261732E3C2F7370616E3E3C2F703E0A0A0A3C2F6469763E0A3C2F6469763E0A0A3C64697620636C6173733D22636F6C2D78732D36206469764578746572696F72223E0A3C64697620636C6173733D2273656363696F6E2073656363696F6E34223E3C696D6720636C6173733D2269636F6E6F2069636F6E6F3322207372633D222F6D6F64756C65732F696D6178686F6D6562616E6E6572732F76696577732F696D672F5F69636F6E6F345F636C75624D75636861732E73766722202F3E0A3C703E4C495645434841543C2F703E0A0A3C7020636C6173733D2268696464656E2D736D2D7570223E5369656D707265206120747520646973706F73696369266F61637574653B6E2070617261207265736F6C7665722064756461732E3C2F703E0A0A3C7020636C6173733D2268696464656E2D78732D646F776E223E556E2063616E616C207369656D707265206120747520646973706F73696369266F61637574653B6E2070617261207265736F6C766572206375616C717569657220647564612E3C2F703E0A3C2F6469763E0A3C2F6469763E0A3C2F6469763E0A3C2F6469763E0A3C2F6469763E0A223B),
(429,6,4,166,1,0x733A313736373A223C64697620636C6173733D27636F6E7461696E6572273E0A202020203C64697620636C6173733D27636F6C2D78732D3132206E6F2D70616464696E67273E0A20202020202020203C64697620636C6173733D27636F6C2D78732D313220636F6C2D6D642D34206E6F2D70616464696E67273E0A2020202020202020202020203C64697620636C6173733D27646976496E7465726E6F20646976556E6F273E0A202020202020202020202020202020203C68323E434F534DC3895449434120592050455246554D4552C38D41204F4E4C494E452041204C4F53204D454A4F5245532050524543494F533C2F68323E0A3C703E204C6F72656D20697073756D20646F6C6F722073697420616D65742C20636F6E73656374657475722061646970697363696E6720656C69742E204E756C6C616D206D6178696D757320646F6C6F72206567657420696163756C6973206566666963697475722E20496E206D616C657375616461206C6163696E6961206C696265726F2073757363697069742070656C6C656E7465737175652E3C2F703E0A2020202020202020202020203C2F6469763E0A20202020202020203C2F6469763E0A20202020202020203C64697620636C6173733D27636F6C2D78732D313220636F6C2D6D642D34206E6F2D70616464696E67273E0A2020202020202020202020203C64697620636C6173733D27646976496E7465726E6F20646976446F73273E0A202020202020202020202020202020203C703E4C6F72656D20697073756D20646F6C6F722073697420616D65742C20636F6E73656374657475722061646970697363696E6720656C69742E204E756C6C616D206D6178696D757320646F6C6F72206567657420696163756C6973206566666963697475722E20496E206D616C657375616461206C6163696E6961206C696265726F2073757363697069742070656C6C656E7465737175652E205175697371756520696E206672696E67696C6C6120617263752E20457469616D206A7573746F2074656C6C75732C207068617265747261206567657420697073756D20656765742C2070756C76696E6172206C616F72656574206469616D2E20496E206120616C697175616D20656E696D2E20566573746962756C756D2073697420616D65742066656C697320656C656D656E74756D2C20696D7065726469657420616E746520656765742C2066657567696174206E6962682E204D6175726973206575206E657175652073757363697069742C20636F6E76616C6C6973206C65637475732076697461652C20656C656966656E64206E69736C2E20566573746962756C756D206E6F6E206D61737361206D6F6C6C69732C206C7563747573206E69736920612C206C6163696E69612066656C69732E2050726F696E206E6F6E207175616D206574206D6920636F6E64696D656E74756D2074656D7075732E3C2F703E0A2020202020202020202020203C2F6469763E0A20202020202020203C2F6469763E0A20202020202020203C64697620636C6173733D27636F6C2D78732D313220636F6C2D6D642D34206E6F2D70616464696E67273E0A2020202020202020202020203C64697620636C6173733D27646976496E7465726E6F2064697654726573273E0A202020202020202020202020202020203C703E4C6F72656D20697073756D20646F6C6F722073697420616D65742C20636F6E73656374657475722061646970697363696E6720656C69742E204E756C6C616D206D6178696D757320646F6C6F72206567657420696163756C6973206566666963697475722E20496E206D616C657375616461206C6163696E6961206C696265726F2073757363697069742070656C6C656E7465737175652E205175697371756520696E206672696E67696C6C6120617263752E20457469616D206A7573746F2074656C6C75732C207068617265747261206567657420697073756D20656765742C2070756C76696E6172206C616F72656574206469616D2E20496E206120616C697175616D20656E696D2E20566573746962756C756D2073697420616D65742066656C697320656C656D656E74756D2C20696D7065726469657420616E746520656765742C2066657567696174206E6962682E204D6175726973206575206E657175652073757363697069742C20636F6E76616C6C6973206C65637475732076697461652C20656C656966656E64206E69736C2E20566573746962756C756D206E6F6E206D61737361206D6F6C6C69732C206C7563747573206E69736920612C206C6163696E69612066656C69732E2050726F696E206E6F6E207175616D206574206D6920636F6E64696D656E74756D2074656D7075732E3C2F703E0A2020202020202020202020203C2F6469763E0A20202020202020203C2F6469763E0A202020203C2F6469763E0A3C2F6469763E223B),
(430,6,4,166,0,'');

-- 
-- Definition of ps_imax_builder_formato_imagen
-- 

CREATE TABLE IF NOT EXISTS `ps_imax_builder_formato_imagen` (
  `idBuilderImagen` int(11) NOT NULL AUTO_INCREMENT,
  `idBuilderGrupo` int(11) NOT NULL,
  `idBuilderBloque` int(11) NOT NULL,
  `idBuilderCampoComun` int(11) NOT NULL,
  `idLang` int(11) NOT NULL,
  `rutaImagenPc` varchar(255) NOT NULL,
  `rutaImagenMovil` varchar(255) NOT NULL,
  `urlLink` varchar(255) NOT NULL,
  `alt` varchar(255) NOT NULL,
  `title` varchar(255) NOT NULL,
  `ofuscado` tinyint(1) DEFAULT '0',
  `noFollow` tinyint(1) DEFAULT '0',
  `nuevaVentana` tinyint(1) DEFAULT '0',
  PRIMARY KEY (`idBuilderImagen`),
  UNIQUE KEY `idBuilderCampoComun` (`idBuilderCampoComun`,`idLang`)
) ENGINE=MyISAM AUTO_INCREMENT=189 DEFAULT CHARSET=utf8;

-- 
-- Dumping data for table ps_imax_builder_formato_imagen
-- 



-- 
-- Definition of ps_imax_builder_formato_slider_categorias
-- 

CREATE TABLE IF NOT EXISTS `ps_imax_builder_formato_slider_categorias` (
  `idBuilderSliderCategoria` int(11) NOT NULL AUTO_INCREMENT,
  `idBuilderGrupo` int(11) NOT NULL,
  `idBuilderBloque` int(11) NOT NULL,
  `idBuilderCampoComun` int(11) NOT NULL,
  `idLang` int(11) NOT NULL,
  `grupoSlider` int(11) DEFAULT NULL,
  `idPrestashop` int(11) DEFAULT NULL,
  `tipoImagenCategoria` varchar(255) NOT NULL,
  `activar` tinyint(1) NOT NULL DEFAULT '1',
  `posicion` int(11) NOT NULL DEFAULT '1',
  PRIMARY KEY (`idBuilderSliderCategoria`),
  UNIQUE KEY `idBuilderCampoComun` (`idBuilderCampoComun`,`idLang`,`grupoSlider`)
) ENGINE=MyISAM AUTO_INCREMENT=177 DEFAULT CHARSET=utf8;

-- 
-- Dumping data for table ps_imax_builder_formato_slider_categorias
-- 



-- 
-- Definition of ps_imax_builder_formato_slider_categorias_productos
-- 

CREATE TABLE IF NOT EXISTS `ps_imax_builder_formato_slider_categorias_productos` (
  `idBuilderSliderCategoriaProducto` int(11) NOT NULL AUTO_INCREMENT,
  `idBuilderGrupo` int(11) NOT NULL,
  `idBuilderBloque` int(11) NOT NULL,
  `idBuilderCampoComun` int(11) NOT NULL,
  `idLang` int(11) NOT NULL,
  `grupoSlider` int(11) DEFAULT NULL,
  `idPrestashop` varchar(255) DEFAULT NULL,
  `tipoImagenProducto` varchar(255) NOT NULL,
  `activar` tinyint(1) NOT NULL DEFAULT '1',
  `posicion` int(11) NOT NULL DEFAULT '1',
  PRIMARY KEY (`idBuilderSliderCategoriaProducto`),
  UNIQUE KEY `idBuilderCampoComun` (`idBuilderCampoComun`,`idLang`,`grupoSlider`)
) ENGINE=MyISAM AUTO_INCREMENT=35 DEFAULT CHARSET=utf8;

-- 
-- Dumping data for table ps_imax_builder_formato_slider_categorias_productos
-- 

INSERT INTO `ps_imax_builder_formato_slider_categorias_productos`(`idBuilderSliderCategoriaProducto`,`idBuilderGrupo`,`idBuilderBloque`,`idBuilderCampoComun`,`idLang`,`grupoSlider`,`idPrestashop`,`tipoImagenProducto`,`activar`,`posicion`) VALUES
(33,5,7,159,1,1,'3','cart_default',1,0),
(34,5,7,159,0,1,NULL,'cart_default',1,0);

-- 
-- Definition of ps_imax_builder_formato_slider_marcas
-- 

CREATE TABLE IF NOT EXISTS `ps_imax_builder_formato_slider_marcas` (
  `idBuilderSliderMarca` int(11) NOT NULL AUTO_INCREMENT,
  `idBuilderGrupo` int(11) NOT NULL,
  `idBuilderBloque` int(11) NOT NULL,
  `idBuilderCampoComun` int(11) NOT NULL,
  `idLang` int(11) NOT NULL,
  `grupoSlider` int(11) DEFAULT NULL,
  `idPrestashop` int(11) DEFAULT NULL,
  `tipoImagenMarca` varchar(255) NOT NULL,
  `activar` tinyint(1) NOT NULL DEFAULT '1',
  `posicion` int(11) NOT NULL DEFAULT '1',
  PRIMARY KEY (`idBuilderSliderMarca`),
  UNIQUE KEY `idBuilderCampoComun` (`idBuilderCampoComun`,`idLang`,`grupoSlider`)
) ENGINE=MyISAM DEFAULT CHARSET=utf8;

-- 
-- Dumping data for table ps_imax_builder_formato_slider_marcas
-- 



-- 
-- Definition of ps_imax_builder_formato_slider_miniaturas
-- 

CREATE TABLE IF NOT EXISTS `ps_imax_builder_formato_slider_miniaturas` (
  `idBuilderSliderMiniatura` int(11) NOT NULL AUTO_INCREMENT,
  `idBuilderGrupo` int(11) NOT NULL,
  `idBuilderBloque` int(11) NOT NULL,
  `idBuilderCampoComun` int(11) NOT NULL,
  `idLang` int(11) NOT NULL,
  `contenido` blob NOT NULL,
  `grupoSlider` int(11) DEFAULT NULL,
  `activar` tinyint(1) NOT NULL,
  `posicion` int(11) NOT NULL DEFAULT '1',
  `ofuscado` tinyint(1) NOT NULL,
  `noFollow` tinyint(1) NOT NULL,
  `nuevaVentana` tinyint(1) NOT NULL,
  PRIMARY KEY (`idBuilderSliderMiniatura`),
  UNIQUE KEY `idBuilderCampoComun` (`idBuilderCampoComun`,`idLang`,`grupoSlider`)
) ENGINE=MyISAM AUTO_INCREMENT=199 DEFAULT CHARSET=utf8;

-- 
-- Dumping data for table ps_imax_builder_formato_slider_miniaturas
-- 

INSERT INTO `ps_imax_builder_formato_slider_miniaturas`(`idBuilderSliderMiniatura`,`idBuilderGrupo`,`idBuilderBloque`,`idBuilderCampoComun`,`idLang`,`contenido`,`grupoSlider`,`activar`,`posicion`,`ofuscado`,`noFollow`,`nuevaVentana`) VALUES
(185,5,1,136,1,0x613A353A7B733A363A22696D6167656E223B733A36303A226D6F64756C65732F696D6178686F6D6562616E6E6572732F76696577732F696D672F686F6D65536C69646572314F7074696D697A6164612E77656270223B733A363A22746974756C6F223B733A383A22534C494445522031223B733A373A2275726C4C696E6B223B733A303A22223B733A333A22616C74223B733A303A22223B733A31313A226465736372697063696F6E223B733A3337323A223C64697620636C6173733D22746578746F2D6C61746572616C223E0A3C68323E4E75657374726F73204573656E6369616C65733C2F68323E0A0A3C703E446573637562726520746F646F206C6F3C6272202F3E0A717565206E65636573697461733C6272202F3E0A706172612065737465206F746F266E74696C64653B6F3C2F703E0A3C6120636C6173733D2262746E20626F746F6E536C6964657243616265636572614C61746572616C2068696464656E2D736D2D646F776E2220687265663D2223223E4C4F2051554945524F3C2F613E3C2F6469763E0A0A3C64697620636C6173733D22746578746F2D696E666572696F72223E0A3C64697620636C6173733D22636F6469676F4465736375656E746F223E0A3C703E333025204445534355454E544F3C2F703E0A0A3C703E4578636C75736976616D656E7465204F6E6C696E653C2F703E0A0A3C703E43264F61637574653B4449474F3A202348454C494F3C2F703E0A3C2F6469763E0A3C2F6469763E0A223B7D,1,1,1,0,0,0),
(186,5,1,136,0,0x613A353A7B733A363A22696D6167656E223B733A303A22223B733A363A22746974756C6F223B733A303A22223B733A373A2275726C4C696E6B223B733A303A22223B733A333A22616C74223B733A303A22223B733A31313A226465736372697063696F6E223B733A303A22223B7D,1,1,1,0,0,0),
(196,1,1,164,0,0x613A353A7B733A363A22696D6167656E223B733A303A22223B733A363A22746974756C6F223B733A303A22223B733A373A2275726C4C696E6B223B733A303A22223B733A333A22616C74223B733A303A22223B733A31313A226465736372697063696F6E223B733A303A22223B7D,1,1,1,0,0,0),
(195,1,1,164,1,0x613A353A7B733A363A22696D6167656E223B733A35393A226D6F64756C65732F696D6178686F6D6562616E6E6572732F76696577732F696D672F5F736C696465725F63617465676F726961735F412E77656270223B733A363A22746974756C6F223B733A303A22223B733A373A2275726C4C696E6B223B733A303A22223B733A333A22616C74223B733A303A22223B733A31313A226465736372697063696F6E223B733A3138363A223C64697620636C6173733D22746578746F2D696E666572696F72223E0A202020203C64697620636C6173733D22636F6469676F4465736375656E746F223E0A20202020202020203C703E333025204445534355454E544F3C2F703E0A0A20202020202020203C703E4578636C75736976616D656E7465204F6E6C696E653C2F703E0A0A20202020202020203C703E43264F61637574653B4449474F3A202348454C494F3C2F703E0A202020203C2F6469763E0A3C2F6469763E0A223B7D,1,1,1,0,0,0),
(189,5,1,136,1,0x613A353A7B733A363A22696D6167656E223B733A36303A226D6F64756C65732F696D6178686F6D6562616E6E6572732F76696577732F696D672F686F6D65536C69646572314F7074696D697A6164612E77656270223B733A363A22746974756C6F223B733A383A22534C494445522032223B733A373A2275726C4C696E6B223B733A303A22223B733A333A22616C74223B733A303A22223B733A31313A226465736372697063696F6E223B733A32353A223C703E454C494D494E41525252525252525252523C2F703E0A223B7D,2,1,2,0,0,0),
(190,5,1,136,0,0x613A353A7B733A363A22696D6167656E223B733A303A22223B733A363A22746974756C6F223B733A303A22223B733A373A2275726C4C696E6B223B733A303A22223B733A333A22616C74223B733A303A22223B733A31313A226465736372697063696F6E223B733A303A22223B7D,2,1,2,0,0,0),
(197,1,1,164,1,0x613A353A7B733A363A22696D6167656E223B733A35393A226D6F64756C65732F696D6178686F6D6562616E6E6572732F76696577732F696D672F5F736C696465725F63617465676F726961735F412E77656270223B733A363A22746974756C6F223B733A303A22223B733A373A2275726C4C696E6B223B733A303A22223B733A333A22616C74223B733A303A22223B733A31313A226465736372697063696F6E223B733A3135343A223C64697620636C6173733D22746578746F2D696E666572696F72223E0A3C64697620636C6173733D22636F6469676F4465736375656E746F223E0A3C703E333025204445534355454E544F3C2F703E0A0A3C703E4578636C75736976616D656E7465204F6E6C696E653C2F703E0A0A3C703E43264F61637574653B4449474F3A202348454C494F3C2F703E0A3C2F6469763E0A3C2F6469763E0A223B7D,2,1,2,0,0,0),
(198,1,1,164,0,0x613A353A7B733A363A22696D6167656E223B733A303A22223B733A363A22746974756C6F223B733A303A22223B733A373A2275726C4C696E6B223B733A303A22223B733A333A22616C74223B733A303A22223B733A31313A226465736372697063696F6E223B733A303A22223B7D,2,1,2,0,0,0);

-- 
-- Definition of ps_imax_builder_formato_slider_productos
-- 

CREATE TABLE IF NOT EXISTS `ps_imax_builder_formato_slider_productos` (
  `idBuilderSliderProducto` int(11) NOT NULL AUTO_INCREMENT,
  `idBuilderGrupo` int(11) NOT NULL,
  `idBuilderBloque` int(11) NOT NULL,
  `idBuilderCampoComun` int(11) NOT NULL,
  `idLang` int(11) NOT NULL,
  `grupoSlider` int(11) DEFAULT NULL,
  `idPrestashop` int(11) DEFAULT NULL,
  `idPosicionImagen` int(11) DEFAULT NULL,
  `tipoImagenProducto` varchar(255) NOT NULL,
  `activar` tinyint(1) NOT NULL DEFAULT '1',
  `posicion` int(11) NOT NULL DEFAULT '1',
  PRIMARY KEY (`idBuilderSliderProducto`),
  UNIQUE KEY `idBuilderCampoComun` (`idBuilderCampoComun`,`idLang`,`grupoSlider`)
) ENGINE=MyISAM AUTO_INCREMENT=239 DEFAULT CHARSET=utf8;

-- 
-- Dumping data for table ps_imax_builder_formato_slider_productos
-- 

INSERT INTO `ps_imax_builder_formato_slider_productos`(`idBuilderSliderProducto`,`idBuilderGrupo`,`idBuilderBloque`,`idBuilderCampoComun`,`idLang`,`grupoSlider`,`idPrestashop`,`idPosicionImagen`,`tipoImagenProducto`,`activar`,`posicion`) VALUES
(179,5,4,141,1,1,13,16,'home_default',1,1),
(180,5,4,141,0,1,NULL,NULL,'cart_default',1,1),
(223,5,5,142,1,1,2,21,'home_default',1,1),
(224,5,5,142,1,2,3,3,'home_default',1,2),
(225,5,5,142,1,3,4,4,'home_default',1,3),
(226,5,5,142,1,4,5,5,'home_default',1,4),
(227,5,5,142,1,5,15,23,'home_default',1,5),
(228,5,5,142,1,6,19,22,'home_default',1,6),
(229,5,5,142,1,7,14,17,'home_default',1,7),
(231,5,5,142,0,1,NULL,NULL,'cart_default',1,1),
(232,5,5,142,0,2,NULL,NULL,'cart_default',1,2),
(233,5,5,142,0,3,NULL,NULL,'cart_default',1,3),
(234,5,5,142,0,4,NULL,NULL,'cart_default',1,4),
(235,5,5,142,0,5,NULL,NULL,'cart_default',1,5),
(236,5,5,142,0,6,NULL,NULL,'cart_default',1,6),
(237,5,5,142,0,7,NULL,NULL,'cart_default',1,7),
(195,5,6,146,1,1,2,21,'home_default',1,1),
(196,5,6,146,1,2,4,4,'home_default',1,2),
(197,5,6,146,1,3,9,9,'home_default',1,3),
(198,5,6,146,1,4,11,13,'home_default',1,4),
(199,5,6,146,1,5,19,22,'home_default',1,5),
(200,5,6,146,1,6,6,6,'home_default',1,6),
(201,5,6,146,0,1,NULL,NULL,'cart_default',1,1),
(202,5,6,146,0,2,NULL,NULL,'cart_default',1,2),
(203,5,6,146,0,3,NULL,NULL,'cart_default',1,3),
(204,5,6,146,0,4,NULL,NULL,'cart_default',1,4),
(205,5,6,146,0,5,NULL,NULL,'cart_default',1,5),
(206,5,6,146,0,6,NULL,NULL,'cart_default',1,6),
(230,5,5,142,1,8,1,1,'home_default',1,8),
(238,5,5,142,0,8,NULL,NULL,'cart_default',1,8);

-- 
-- Definition of ps_imax_builder_formato_widget
-- 

CREATE TABLE IF NOT EXISTS `ps_imax_builder_formato_widget` (
  `idBuilderWidget` int(11) NOT NULL AUTO_INCREMENT,
  `idBuilderGrupo` int(11) NOT NULL,
  `idBuilderBloque` int(11) NOT NULL,
  `idBuilderCampoComun` int(11) NOT NULL,
  `idLang` int(11) NOT NULL,
  `modulo` varchar(255) DEFAULT NULL,
  PRIMARY KEY (`idBuilderWidget`),
  UNIQUE KEY `idBuilderCampoComun` (`idBuilderCampoComun`,`idLang`)
) ENGINE=MyISAM AUTO_INCREMENT=15 DEFAULT CHARSET=utf8;

-- 
-- Dumping data for table ps_imax_builder_formato_widget
-- 

INSERT INTO `ps_imax_builder_formato_widget`(`idBuilderWidget`,`idBuilderGrupo`,`idBuilderBloque`,`idBuilderCampoComun`,`idLang`,`modulo`) VALUES
(13,6,1,148,1,'ps_emailsubscription'),
(14,6,1,148,0,'');

-- 
-- Definition of ps_imax_builder_formatos
-- 

CREATE TABLE IF NOT EXISTS `ps_imax_builder_formatos` (
  `idBuilderFormato` int(11) NOT NULL AUTO_INCREMENT,
  `identificadorFormato` varchar(255) NOT NULL,
  `nombreFormato` varchar(255) NOT NULL,
  PRIMARY KEY (`idBuilderFormato`)
) ENGINE=MyISAM AUTO_INCREMENT=11 DEFAULT CHARSET=utf8;

-- 
-- Dumping data for table ps_imax_builder_formatos
-- 

INSERT INTO `ps_imax_builder_formatos`(`idBuilderFormato`,`identificadorFormato`,`nombreFormato`) VALUES
(1,'html','Html'),
(3,'hook','Hook'),
(4,'imagen','Imagen'),
(5,'widget','Widget'),
(6,'slider_miniaturas','Slider miniaturas'),
(7,'slider_marcas','Slider Marcas'),
(8,'slider_productos','Slider Productos'),
(9,'slider_categorias','Slider Categorías'),
(10,'slider_categorias_productos','Slider de productos aleatorios por Categoría');

-- 
-- Definition of ps_imax_builder_grupo_bloques
-- 

CREATE TABLE IF NOT EXISTS `ps_imax_builder_grupo_bloques` (
  `idBuilderGrupoBloque` int(11) NOT NULL AUTO_INCREMENT,
  `idBuilderGrupo` int(11) NOT NULL,
  `idBuilderBloque` int(11) NOT NULL,
  `nombreBloque` varchar(255) NOT NULL,
  `hook` varchar(255) DEFAULT NULL,
  `bloqueWidget` varchar(255) NOT NULL,
  `posicion` int(11) NOT NULL,
  `mostrarSoloConParametro` tinyint(1) DEFAULT '0',
  `fechaInicio` timestamp NULL DEFAULT NULL,
  `fechaFin` timestamp NULL DEFAULT NULL,
  PRIMARY KEY (`idBuilderGrupoBloque`)
) ENGINE=MyISAM AUTO_INCREMENT=32 DEFAULT CHARSET=utf8;

-- 
-- Dumping data for table ps_imax_builder_grupo_bloques
-- 

INSERT INTO `ps_imax_builder_grupo_bloques`(`idBuilderGrupoBloque`,`idBuilderGrupo`,`idBuilderBloque`,`nombreBloque`,`hook`,`bloqueWidget`,`posicion`,`mostrarSoloConParametro`,`fechaInicio`,`fechaFin`) VALUES
(16,5,1,'Home - slider superior','displayHome','',2,0,NULL,NULL),
(31,1,2,'Categorías - left-column','displayLeftColumn','',2,0,NULL,NULL),
(18,5,3,'Home - oferta y 2x1 tiendas','displayHome','',6,0,NULL,NULL),
(20,5,4,'Home - feed','displayHome','',5,0,NULL,NULL),
(21,5,5,'Home - slider productos provisional','displayHome','',4,0,NULL,NULL),
(22,5,6,'Home - Top ventas','displayHome','',7,0,NULL,NULL),
(23,6,1,'Todos - Footer','displayFooter','',3,0,NULL,NULL),
(24,6,2,'Todos - menú enlaces','displayNav2','',4,0,NULL,NULL),
(26,6,3,'Todos - displayHeaderFrontSuperior','displayHeaderFrontSuperior','',2,0,NULL,NULL),
(28,5,7,'Home - lo más buscado','displayHome','',3,0,NULL,NULL),
(29,1,1,'Categorías - slider superior','displayWrapperTop','',1,0,NULL,NULL),
(30,6,4,'Todos - CLUB MUCHAS','displayFooterBefore','',5,0,NULL,NULL);

-- 
-- Definition of ps_imax_builder_grupo_bloques_idioma
-- 

CREATE TABLE IF NOT EXISTS `ps_imax_builder_grupo_bloques_idioma` (
  `idBuilderGrupoBloqueIdioma` int(11) NOT NULL AUTO_INCREMENT,
  `idBuilderGrupo` int(11) NOT NULL,
  `idBuilderBloque` int(11) NOT NULL,
  `idlang` int(11) NOT NULL,
  `tituloTpl` varchar(255) NOT NULL,
  PRIMARY KEY (`idBuilderGrupoBloqueIdioma`),
  UNIQUE KEY `idBuilderGrupo` (`idBuilderGrupo`,`idBuilderBloque`,`idlang`)
) ENGINE=MyISAM AUTO_INCREMENT=941 DEFAULT CHARSET=utf8;

-- 
-- Dumping data for table ps_imax_builder_grupo_bloques_idioma
-- 

INSERT INTO `ps_imax_builder_grupo_bloques_idioma`(`idBuilderGrupoBloqueIdioma`,`idBuilderGrupo`,`idBuilderBloque`,`idlang`,`tituloTpl`) VALUES
(915,5,1,1,''),
(916,5,1,0,''),
(913,1,2,1,''),
(917,5,3,1,''),
(918,5,3,0,''),
(923,5,4,1,''),
(924,5,4,0,''),
(929,5,5,1,''),
(930,5,5,0,''),
(919,5,6,1,'&lt;h2 class=&quot;topVentas&quot;&gt;TOP VENTAS&lt;/h2&gt;'),
(920,5,6,0,''),
(925,6,1,1,''),
(926,6,1,0,''),
(939,6,2,1,''),
(940,6,2,0,''),
(921,6,3,1,''),
(922,6,3,0,''),
(927,5,7,1,''),
(928,5,7,0,''),
(911,1,1,1,''),
(912,1,1,0,''),
(931,6,4,1,''),
(932,6,4,0,''),
(914,1,2,0,'');

-- 
-- Definition of ps_imax_builder_grupos
-- 

CREATE TABLE IF NOT EXISTS `ps_imax_builder_grupos` (
  `idBuilderGrupo` int(11) NOT NULL AUTO_INCREMENT,
  `nombreGrupo` varchar(255) NOT NULL,
  PRIMARY KEY (`idBuilderGrupo`)
) ENGINE=MyISAM AUTO_INCREMENT=7 DEFAULT CHARSET=utf8;

-- 
-- Dumping data for table ps_imax_builder_grupos
-- 

INSERT INTO `ps_imax_builder_grupos`(`idBuilderGrupo`,`nombreGrupo`) VALUES
(1,'Categorías'),
(2,'Productos'),
(3,'CMS'),
(4,'Fabricantes'),
(5,'Home'),
(6,'Todos');

-- 
-- Definition of ps_imaxlinks_configuration
-- 

CREATE TABLE IF NOT EXISTS `ps_imaxlinks_configuration` (
  `idBloque` int(11) NOT NULL AUTO_INCREMENT,
  `name` varchar(50) NOT NULL,
  `links` blob NOT NULL,
  `textoTpl` blob NOT NULL,
  `hookName` varchar(255) NOT NULL,
  PRIMARY KEY (`idBloque`) USING BTREE
) ENGINE=MyISAM AUTO_INCREMENT=6 DEFAULT CHARSET=utf8;

-- 
-- Dumping data for table ps_imaxlinks_configuration
-- 

INSERT INTO `ps_imaxlinks_configuration`(`idBloque`,`name`,`links`,`textoTpl`,`hookName`) VALUES
(1,'Bloque Muchas',0x613A343A7B693A313B613A373A7B733A32373A22746578746F53656C656363696F6E61646F41677275706163696F6E223B613A313A7B693A313B733A31313A2250524547554E54414E4F53223B7D733A32353A2275726C53656C656363696F6E61646F41677275706163696F6E223B613A313A7B693A313B733A303A22223B7D733A32373A227469746C6553656C656363696F6E61646F41677275706163696F6E223B613A313A7B693A313B733A303A22223B7D733A32353A22636D7353656C656363696F6E61646F41677275706163696F6E223B733A313A2230223B733A33323A22636F6E74726F6C6C657253656C656363696F6E61646F41677275706163696F6E223B733A313A2230223B733A33303A22636C61737343737353656C656363696F6E61646F41677275706163696F6E223B733A303A22223B733A353A226F7264656E223B733A313A2230223B7D693A323B613A373A7B733A32373A22746578746F53656C656363696F6E61646F41677275706163696F6E223B613A313A7B693A313B733A31373A22C2BF515549C3894E455320534F4D4F533F223B7D733A32353A2275726C53656C656363696F6E61646F41677275706163696F6E223B613A313A7B693A313B733A303A22223B7D733A32373A227469746C6553656C656363696F6E61646F41677275706163696F6E223B613A313A7B693A313B733A303A22223B7D733A32353A22636D7353656C656363696F6E61646F41677275706163696F6E223B733A313A2234223B733A33323A22636F6E74726F6C6C657253656C656363696F6E61646F41677275706163696F6E223B733A313A2230223B733A33303A22636C61737343737353656C656363696F6E61646F41677275706163696F6E223B733A303A22223B733A353A226F7264656E223B733A313A2231223B7D693A333B613A373A7B733A32373A22746578746F53656C656363696F6E61646F41677275706163696F6E223B613A313A7B693A313B733A31363A224E55455354524153205449454E444153223B7D733A32353A2275726C53656C656363696F6E61646F41677275706163696F6E223B613A313A7B693A313B733A303A22223B7D733A32373A227469746C6553656C656363696F6E61646F41677275706163696F6E223B613A313A7B693A313B733A303A22223B7D733A32353A22636D7353656C656363696F6E61646F41677275706163696F6E223B733A313A2230223B733A33323A22636F6E74726F6C6C657253656C656363696F6E61646F41677275706163696F6E223B733A363A2273746F726573223B733A33303A22636C61737343737353656C656363696F6E61646F41677275706163696F6E223B733A303A22223B733A353A226F7264656E223B733A313A2232223B7D693A343B613A373A7B733A32373A22746578746F53656C656363696F6E61646F41677275706163696F6E223B613A313A7B693A313B733A32303A2254524142414A4120434F4E204E4F534F54524F53223B7D733A32353A2275726C53656C656363696F6E61646F41677275706163696F6E223B613A313A7B693A313B733A303A22223B7D733A32373A227469746C6553656C656363696F6E61646F41677275706163696F6E223B613A313A7B693A313B733A303A22223B7D733A32353A22636D7353656C656363696F6E61646F41677275706163696F6E223B733A313A2230223B733A33323A22636F6E74726F6C6C657253656C656363696F6E61646F41677275706163696F6E223B733A313A2230223B733A33303A22636C61737343737353656C656363696F6E61646F41677275706163696F6E223B733A303A22223B733A353A226F7264656E223B733A313A2233223B7D7D,0x613A313A7B693A313B733A363A224D5543484153223B7D,'bloquemuchas'),
(2,'Bloque Online',0x613A343A7B693A313B613A373A7B733A32373A22746578746F53656C656363696F6E61646F41677275706163696F6E223B613A313A7B693A313B733A393A224D49204355454E5441223B7D733A32353A2275726C53656C656363696F6E61646F41677275706163696F6E223B613A313A7B693A313B733A303A22223B7D733A32373A227469746C6553656C656363696F6E61646F41677275706163696F6E223B613A313A7B693A313B733A303A22223B7D733A32353A22636D7353656C656363696F6E61646F41677275706163696F6E223B733A313A2230223B733A33323A22636F6E74726F6C6C657253656C656363696F6E61646F41677275706163696F6E223B733A31303A226D792D6163636F756E74223B733A33303A22636C61737343737353656C656363696F6E61646F41677275706163696F6E223B733A303A22223B733A353A226F7264656E223B733A313A2230223B7D693A323B613A373A7B733A32373A22746578746F53656C656363696F6E61646F41677275706163696F6E223B613A313A7B693A313B733A31393A22464151204755C38D4120444520434F4D505241223B7D733A32353A2275726C53656C656363696F6E61646F41677275706163696F6E223B613A313A7B693A313B733A303A22223B7D733A32373A227469746C6553656C656363696F6E61646F41677275706163696F6E223B613A313A7B693A313B733A303A22223B7D733A32353A22636D7353656C656363696F6E61646F41677275706163696F6E223B733A313A2230223B733A33323A22636F6E74726F6C6C657253656C656363696F6E61646F41677275706163696F6E223B733A313A2230223B733A33303A22636C61737343737353656C656363696F6E61646F41677275706163696F6E223B733A303A22223B733A353A226F7264656E223B733A313A2231223B7D693A333B613A373A7B733A32373A22746578746F53656C656363696F6E61646F41677275706163696F6E223B613A313A7B693A313B733A31393A2250524F4D4F43494F4E45532041435449564153223B7D733A32353A2275726C53656C656363696F6E61646F41677275706163696F6E223B613A313A7B693A313B733A303A22223B7D733A32373A227469746C6553656C656363696F6E61646F41677275706163696F6E223B613A313A7B693A313B733A303A22223B7D733A32353A22636D7353656C656363696F6E61646F41677275706163696F6E223B733A313A2230223B733A33323A22636F6E74726F6C6C657253656C656363696F6E61646F41677275706163696F6E223B733A31313A227072696365732D64726F70223B733A33303A22636C61737343737353656C656363696F6E61646F41677275706163696F6E223B733A303A22223B733A353A226F7264656E223B733A313A2232223B7D693A343B613A373A7B733A32373A22746578746F53656C656363696F6E61646F41677275706163696F6E223B613A313A7B693A313B733A32313A22C39A4C54494D4F53204C414E5A414D49454E544F53223B7D733A32353A2275726C53656C656363696F6E61646F41677275706163696F6E223B613A313A7B693A313B733A303A22223B7D733A32373A227469746C6553656C656363696F6E61646F41677275706163696F6E223B613A313A7B693A313B733A303A22223B7D733A32353A22636D7353656C656363696F6E61646F41677275706163696F6E223B733A313A2230223B733A33323A22636F6E74726F6C6C657253656C656363696F6E61646F41677275706163696F6E223B733A31323A226E65772D70726F6475637473223B733A33303A22636C61737343737353656C656363696F6E61646F41677275706163696F6E223B733A303A22223B733A353A226F7264656E223B733A313A2233223B7D7D,0x613A313A7B693A313B733A373A224F4E204C494E45223B7D,'online'),
(3,'Bloque Contacto',0x613A313A7B693A313B613A373A7B733A32373A22746578746F53656C656363696F6E61646F41677275706163696F6E223B613A313A7B693A313B733A32303A224154454E4349C3934E20414C20434C49454E5445223B7D733A32353A2275726C53656C656363696F6E61646F41677275706163696F6E223B613A313A7B693A313B733A303A22223B7D733A32373A227469746C6553656C656363696F6E61646F41677275706163696F6E223B613A313A7B693A313B733A303A22223B7D733A32353A22636D7353656C656363696F6E61646F41677275706163696F6E223B733A313A2230223B733A33323A22636F6E74726F6C6C657253656C656363696F6E61646F41677275706163696F6E223B733A313A2230223B733A33303A22636C61737343737353656C656363696F6E61646F41677275706163696F6E223B733A303A22223B733A353A226F7264656E223B733A313A2230223B7D7D,0x613A313A7B693A313B733A383A22434F4E544143544F223B7D,'contacto'),
(5,'Bloque Club',0x613A333A7B693A313B613A373A7B733A32373A22746578746F53656C656363696F6E61646F41677275706163696F6E223B613A313A7B693A313B733A31313A22434C5542204D5543484153223B7D733A32353A2275726C53656C656363696F6E61646F41677275706163696F6E223B613A313A7B693A313B733A303A22223B7D733A32373A227469746C6553656C656363696F6E61646F41677275706163696F6E223B613A313A7B693A313B733A303A22223B7D733A32353A22636D7353656C656363696F6E61646F41677275706163696F6E223B733A313A2230223B733A33323A22636F6E74726F6C6C657253656C656363696F6E61646F41677275706163696F6E223B733A313A2230223B733A33303A22636C61737343737353656C656363696F6E61646F41677275706163696F6E223B733A303A22223B733A353A226F7264656E223B733A313A2230223B7D693A323B613A373A7B733A32373A22746578746F53656C656363696F6E61646F41677275706163696F6E223B613A313A7B693A313B733A31343A22C39A4E45544520414C20434C5542223B7D733A32353A2275726C53656C656363696F6E61646F41677275706163696F6E223B613A313A7B693A313B733A303A22223B7D733A32373A227469746C6553656C656363696F6E61646F41677275706163696F6E223B613A313A7B693A313B733A303A22223B7D733A32353A22636D7353656C656363696F6E61646F41677275706163696F6E223B733A313A2230223B733A33323A22636F6E74726F6C6C657253656C656363696F6E61646F41677275706163696F6E223B733A313A2230223B733A33303A22636C61737343737353656C656363696F6E61646F41677275706163696F6E223B733A303A22223B733A353A226F7264656E223B733A313A2231223B7D693A333B613A373A7B733A32373A22746578746F53656C656363696F6E61646F41677275706163696F6E223B613A313A7B693A313B733A383A2256454E54414A4153223B7D733A32353A2275726C53656C656363696F6E61646F41677275706163696F6E223B613A313A7B693A313B733A303A22223B7D733A32373A227469746C6553656C656363696F6E61646F41677275706163696F6E223B613A313A7B693A313B733A303A22223B7D733A32353A22636D7353656C656363696F6E61646F41677275706163696F6E223B733A313A2230223B733A33323A22636F6E74726F6C6C657253656C656363696F6E61646F41677275706163696F6E223B733A313A2230223B733A33303A22636C61737343737353656C656363696F6E61646F41677275706163696F6E223B733A303A22223B733A353A226F7264656E223B733A313A2232223B7D7D,0x613A313A7B693A313B733A343A22434C5542223B7D,'club');

-- 
-- Definition of ps_import_match
-- 

CREATE TABLE IF NOT EXISTS `ps_import_match` (
  `id_import_match` int(10) NOT NULL AUTO_INCREMENT,
  `name` varchar(32) NOT NULL,
  `match` text NOT NULL,
  `skip` int(2) NOT NULL,
  PRIMARY KEY (`id_import_match`)
) ENGINE=InnoDB DEFAULT CHARSET=utf8mb4;

-- 
-- Dumping data for table ps_import_match
-- 



-- 
-- Definition of ps_info
-- 

CREATE TABLE IF NOT EXISTS `ps_info` (
  `id_info` int(10) unsigned NOT NULL AUTO_INCREMENT,
  PRIMARY KEY (`id_info`)
) ENGINE=InnoDB AUTO_INCREMENT=2 DEFAULT CHARSET=utf8;

-- 
-- Dumping data for table ps_info
-- 

INSERT INTO `ps_info`(`id_info`) VALUES
(1);

-- 
-- Definition of ps_info_lang
-- 

CREATE TABLE IF NOT EXISTS `ps_info_lang` (
  `id_info` int(10) unsigned NOT NULL,
  `id_shop` int(10) unsigned NOT NULL,
  `id_lang` int(10) unsigned NOT NULL,
  `text` text NOT NULL,
  PRIMARY KEY (`id_info`,`id_lang`,`id_shop`)
) ENGINE=InnoDB DEFAULT CHARSET=utf8;

-- 
-- Dumping data for table ps_info_lang
-- 

INSERT INTO `ps_info_lang`(`id_info`,`id_shop`,`id_lang`,`text`) VALUES
(1,1,1,'<h2>Custom Text Block</h2>\n<p><strong class=\"dark\">Lorem ipsum dolor sit amet conse ctetu</strong></p>\n<p>Sit amet conse ctetur adipisicing elit, sed do eiusmod tempor incididunt ut labore et dolore magna aliqua. Ut enim ad minim veniam, quis nostrud exercitation ullamco laboris nisi ut aliquip ex ea commodo consequat. Duis aute irure dolor in reprehenderit.</p>');

-- 
-- Definition of ps_info_shop
-- 

CREATE TABLE IF NOT EXISTS `ps_info_shop` (
  `id_info` int(10) unsigned NOT NULL,
  `id_shop` int(10) unsigned NOT NULL,
  PRIMARY KEY (`id_info`,`id_shop`)
) ENGINE=InnoDB DEFAULT CHARSET=utf8;

-- 
-- Dumping data for table ps_info_shop
-- 

INSERT INTO `ps_info_shop`(`id_info`,`id_shop`) VALUES
(1,1);

-- 
-- Definition of ps_lang
-- 

CREATE TABLE IF NOT EXISTS `ps_lang` (
  `id_lang` int(11) NOT NULL AUTO_INCREMENT,
  `name` varchar(32) COLLATE utf8mb4_unicode_ci NOT NULL,
  `active` tinyint(1) NOT NULL,
  `iso_code` varchar(2) COLLATE utf8mb4_unicode_ci NOT NULL,
  `language_code` varchar(5) COLLATE utf8mb4_unicode_ci NOT NULL,
  `locale` varchar(5) COLLATE utf8mb4_unicode_ci NOT NULL,
  `date_format_lite` varchar(32) COLLATE utf8mb4_unicode_ci NOT NULL,
  `date_format_full` varchar(32) COLLATE utf8mb4_unicode_ci NOT NULL,
  `is_rtl` tinyint(1) NOT NULL,
  PRIMARY KEY (`id_lang`)
) ENGINE=InnoDB AUTO_INCREMENT=2 DEFAULT CHARSET=utf8mb4 COLLATE=utf8mb4_unicode_ci;

-- 
-- Dumping data for table ps_lang
-- 

INSERT INTO `ps_lang`(`id_lang`,`name`,`active`,`iso_code`,`language_code`,`locale`,`date_format_lite`,`date_format_full`,`is_rtl`) VALUES
(1,'Español (Spanish)',1,'es','es','es-ES','d/m/Y','d/m/Y H:i:s',0);

-- 
-- Definition of ps_lang_shop
-- 

CREATE TABLE IF NOT EXISTS `ps_lang_shop` (
  `id_lang` int(11) NOT NULL,
  `id_shop` int(11) NOT NULL,
  PRIMARY KEY (`id_lang`,`id_shop`),
  KEY `IDX_2F43BFC7BA299860` (`id_lang`),
  KEY `IDX_2F43BFC7274A50A0` (`id_shop`)
) ENGINE=InnoDB DEFAULT CHARSET=utf8mb4 COLLATE=utf8mb4_unicode_ci;

-- 
-- Dumping data for table ps_lang_shop
-- 

INSERT INTO `ps_lang_shop`(`id_lang`,`id_shop`) VALUES
(1,1);

-- 
-- Definition of ps_layered_category
-- 

CREATE TABLE IF NOT EXISTS `ps_layered_category` (
  `id_layered_category` int(10) unsigned NOT NULL AUTO_INCREMENT,
  `id_shop` int(11) unsigned NOT NULL,
  `id_category` int(10) unsigned NOT NULL,
  `id_value` int(10) unsigned DEFAULT '0',
  `type` enum('category','id_feature','id_attribute_group','quantity','condition','manufacturer','weight','price') NOT NULL,
  `position` int(10) unsigned NOT NULL,
  `filter_type` int(10) unsigned NOT NULL DEFAULT '0',
  `filter_show_limit` int(10) unsigned NOT NULL DEFAULT '0',
  PRIMARY KEY (`id_layered_category`),
  KEY `id_category_shop` (`id_category`,`id_shop`,`type`,`id_value`,`position`),
  KEY `id_category` (`id_category`,`type`)
) ENGINE=InnoDB AUTO_INCREMENT=113 DEFAULT CHARSET=utf8;

-- 
-- Dumping data for table ps_layered_category
-- 

INSERT INTO `ps_layered_category`(`id_layered_category`,`id_shop`,`id_category`,`id_value`,`type`,`position`,`filter_type`,`filter_show_limit`) VALUES
(1,1,2,3,'id_feature',1,0,0),
(2,1,2,4,'id_feature',2,0,0),
(3,1,2,5,'id_feature',3,0,0),
(4,1,2,NULL,'quantity',4,0,0),
(5,1,3,3,'id_feature',1,0,0),
(6,1,3,4,'id_feature',2,0,0),
(7,1,3,5,'id_feature',3,0,0),
(8,1,3,NULL,'quantity',4,0,0),
(9,1,4,3,'id_feature',1,0,0),
(10,1,4,4,'id_feature',2,0,0),
(11,1,4,5,'id_feature',3,0,0),
(12,1,4,NULL,'quantity',4,0,0),
(13,1,5,3,'id_feature',1,0,0),
(14,1,5,4,'id_feature',2,0,0),
(15,1,5,5,'id_feature',3,0,0),
(16,1,5,NULL,'quantity',4,0,0),
(17,1,9,3,'id_feature',1,0,0),
(18,1,9,4,'id_feature',2,0,0),
(19,1,9,5,'id_feature',3,0,0),
(20,1,9,NULL,'quantity',4,0,0),
(21,1,10,3,'id_feature',1,0,0),
(22,1,10,4,'id_feature',2,0,0),
(23,1,10,5,'id_feature',3,0,0),
(24,1,10,NULL,'quantity',4,0,0),
(25,1,11,3,'id_feature',1,0,0),
(26,1,11,4,'id_feature',2,0,0),
(27,1,11,5,'id_feature',3,0,0),
(28,1,11,NULL,'quantity',4,0,0),
(29,1,17,3,'id_feature',1,0,0),
(30,1,17,4,'id_feature',2,0,0),
(31,1,17,5,'id_feature',3,0,0),
(32,1,17,NULL,'quantity',4,0,0),
(33,1,19,3,'id_feature',1,0,0),
(34,1,19,4,'id_feature',2,0,0),
(35,1,19,5,'id_feature',3,0,0),
(36,1,19,NULL,'quantity',4,0,0),
(37,1,18,3,'id_feature',1,0,0),
(38,1,18,4,'id_feature',2,0,0),
(39,1,18,5,'id_feature',3,0,0),
(40,1,18,NULL,'quantity',4,0,0),
(41,1,20,3,'id_feature',1,0,0),
(42,1,20,4,'id_feature',2,0,0),
(43,1,20,5,'id_feature',3,0,0),
(44,1,20,NULL,'quantity',4,0,0),
(45,1,24,3,'id_feature',1,0,0),
(46,1,24,4,'id_feature',2,0,0),
(47,1,24,5,'id_feature',3,0,0),
(48,1,24,NULL,'quantity',4,0,0),
(49,1,25,3,'id_feature',1,0,0),
(50,1,25,4,'id_feature',2,0,0),
(51,1,25,5,'id_feature',3,0,0),
(52,1,25,NULL,'quantity',4,0,0),
(53,1,26,3,'id_feature',1,0,0),
(54,1,26,4,'id_feature',2,0,0),
(55,1,26,5,'id_feature',3,0,0),
(56,1,26,NULL,'quantity',4,0,0),
(57,1,27,3,'id_feature',1,0,0),
(58,1,27,4,'id_feature',2,0,0),
(59,1,27,5,'id_feature',3,0,0),
(60,1,27,NULL,'quantity',4,0,0),
(61,1,28,3,'id_feature',1,0,0),
(62,1,28,4,'id_feature',2,0,0),
(63,1,28,5,'id_feature',3,0,0),
(64,1,28,NULL,'quantity',4,0,0),
(65,1,29,3,'id_feature',1,0,0),
(66,1,29,4,'id_feature',2,0,0),
(67,1,29,5,'id_feature',3,0,0),
(68,1,29,NULL,'quantity',4,0,0),
(69,1,21,3,'id_feature',1,0,0),
(70,1,21,4,'id_feature',2,0,0),
(71,1,21,5,'id_feature',3,0,0),
(72,1,21,NULL,'quantity',4,0,0),
(73,1,22,3,'id_feature',1,0,0),
(74,1,22,4,'id_feature',2,0,0),
(75,1,22,5,'id_feature',3,0,0),
(76,1,22,NULL,'quantity',4,0,0),
(77,1,23,3,'id_feature',1,0,0),
(78,1,23,4,'id_feature',2,0,0),
(79,1,23,5,'id_feature',3,0,0),
(80,1,23,NULL,'quantity',4,0,0),
(81,1,6,3,'id_feature',1,0,0),
(82,1,6,4,'id_feature',2,0,0),
(83,1,6,5,'id_feature',3,0,0),
(84,1,6,NULL,'quantity',4,0,0),
(85,1,7,3,'id_feature',1,0,0),
(86,1,7,4,'id_feature',2,0,0),
(87,1,7,5,'id_feature',3,0,0),
(88,1,7,NULL,'quantity',4,0,0),
(89,1,8,3,'id_feature',1,0,0),
(90,1,8,4,'id_feature',2,0,0),
(91,1,8,5,'id_feature',3,0,0),
(92,1,8,NULL,'quantity',4,0,0),
(93,1,12,3,'id_feature',1,0,0),
(94,1,12,4,'id_feature',2,0,0),
(95,1,12,5,'id_feature',3,0,0),
(96,1,12,NULL,'quantity',4,0,0),
(97,1,13,3,'id_feature',1,0,0),
(98,1,13,4,'id_feature',2,0,0),
(99,1,13,5,'id_feature',3,0,0),
(100,1,13,NULL,'quantity',4,0,0),
(101,1,14,3,'id_feature',1,0,0),
(102,1,14,4,'id_feature',2,0,0),
(103,1,14,5,'id_feature',3,0,0),
(104,1,14,NULL,'quantity',4,0,0),
(105,1,15,3,'id_feature',1,0,0),
(106,1,15,4,'id_feature',2,0,0),
(107,1,15,5,'id_feature',3,0,0),
(108,1,15,NULL,'quantity',4,0,0),
(109,1,16,3,'id_feature',1,0,0),
(110,1,16,4,'id_feature',2,0,0),
(111,1,16,5,'id_feature',3,0,0),
(112,1,16,NULL,'quantity',4,0,0);

-- 
-- Definition of ps_layered_filter
-- 

CREATE TABLE IF NOT EXISTS `ps_layered_filter` (
  `id_layered_filter` int(10) unsigned NOT NULL AUTO_INCREMENT,
  `name` varchar(64) NOT NULL,
  `filters` longtext,
  `n_categories` int(10) unsigned NOT NULL,
  `date_add` datetime NOT NULL,
  PRIMARY KEY (`id_layered_filter`)
) ENGINE=InnoDB AUTO_INCREMENT=2 DEFAULT CHARSET=utf8;

-- 
-- Dumping data for table ps_layered_filter
-- 

INSERT INTO `ps_layered_filter`(`id_layered_filter`,`name`,`filters`,`n_categories`,`date_add`) VALUES
(1,'Mi plantilla 2021-04-12','a:6:{s:9:\"shop_list\";a:1:{i:0;i:1;}s:10:\"categories\";a:28:{i:0;i:2;i:1;i:3;i:2;i:4;i:3;i:5;i:4;i:9;i:5;i:10;i:6;i:11;i:7;i:17;i:8;i:19;i:9;i:18;i:10;i:20;i:11;i:24;i:12;i:25;i:13;i:26;i:14;i:27;i:15;i:28;i:16;i:29;i:17;i:21;i:18;i:22;i:19;i:23;i:20;i:6;i:21;i:7;i:22;i:8;i:23;i:12;i:24;i:13;i:25;i:14;i:26;i:15;i:27;i:16;}s:24:\"layered_selection_feat_3\";a:2:{s:11:\"filter_type\";i:0;s:17:\"filter_show_limit\";i:0;}s:24:\"layered_selection_feat_4\";a:2:{s:11:\"filter_type\";i:0;s:17:\"filter_show_limit\";i:0;}s:24:\"layered_selection_feat_5\";a:2:{s:11:\"filter_type\";i:0;s:17:\"filter_show_limit\";i:0;}s:23:\"layered_selection_stock\";a:2:{s:11:\"filter_type\";i:0;s:17:\"filter_show_limit\";i:0;}}',28,'2021-04-12 15:59:25');

-- 
-- Definition of ps_layered_filter_block
-- 

CREATE TABLE IF NOT EXISTS `ps_layered_filter_block` (
  `hash` char(32) NOT NULL DEFAULT '',
  `data` text,
  PRIMARY KEY (`hash`)
) ENGINE=InnoDB DEFAULT CHARSET=utf8;

-- 
-- Dumping data for table ps_layered_filter_block
-- 



-- 
-- Definition of ps_layered_filter_shop
-- 

CREATE TABLE IF NOT EXISTS `ps_layered_filter_shop` (
  `id_layered_filter` int(10) unsigned NOT NULL,
  `id_shop` int(11) unsigned NOT NULL,
  PRIMARY KEY (`id_layered_filter`,`id_shop`),
  KEY `id_shop` (`id_shop`)
) ENGINE=InnoDB DEFAULT CHARSET=utf8;

-- 
-- Dumping data for table ps_layered_filter_shop
-- 



-- 
-- Definition of ps_layered_indexable_attribute_group
-- 

CREATE TABLE IF NOT EXISTS `ps_layered_indexable_attribute_group` (
  `id_attribute_group` int(11) NOT NULL,
  `indexable` tinyint(1) NOT NULL DEFAULT '0',
  PRIMARY KEY (`id_attribute_group`)
) ENGINE=InnoDB DEFAULT CHARSET=utf8;

-- 
-- Dumping data for table ps_layered_indexable_attribute_group
-- 

INSERT INTO `ps_layered_indexable_attribute_group`(`id_attribute_group`,`indexable`) VALUES
(1,1),
(2,1),
(3,1),
(4,1);

-- 
-- Definition of ps_layered_indexable_attribute_group_lang_value
-- 

CREATE TABLE IF NOT EXISTS `ps_layered_indexable_attribute_group_lang_value` (
  `id_attribute_group` int(11) NOT NULL,
  `id_lang` int(11) NOT NULL,
  `url_name` varchar(128) DEFAULT NULL,
  `meta_title` varchar(128) DEFAULT NULL,
  PRIMARY KEY (`id_attribute_group`,`id_lang`)
) ENGINE=InnoDB DEFAULT CHARSET=utf8;

-- 
-- Dumping data for table ps_layered_indexable_attribute_group_lang_value
-- 



-- 
-- Definition of ps_layered_indexable_attribute_lang_value
-- 

CREATE TABLE IF NOT EXISTS `ps_layered_indexable_attribute_lang_value` (
  `id_attribute` int(11) NOT NULL,
  `id_lang` int(11) NOT NULL,
  `url_name` varchar(128) DEFAULT NULL,
  `meta_title` varchar(128) DEFAULT NULL,
  PRIMARY KEY (`id_attribute`,`id_lang`)
) ENGINE=InnoDB DEFAULT CHARSET=utf8;

-- 
-- Dumping data for table ps_layered_indexable_attribute_lang_value
-- 



-- 
-- Definition of ps_layered_indexable_feature
-- 

CREATE TABLE IF NOT EXISTS `ps_layered_indexable_feature` (
  `id_feature` int(11) NOT NULL,
  `indexable` tinyint(1) NOT NULL DEFAULT '0',
  PRIMARY KEY (`id_feature`)
) ENGINE=InnoDB DEFAULT CHARSET=utf8;

-- 
-- Dumping data for table ps_layered_indexable_feature
-- 

INSERT INTO `ps_layered_indexable_feature`(`id_feature`,`indexable`) VALUES
(1,1),
(2,1);

-- 
-- Definition of ps_layered_indexable_feature_lang_value
-- 

CREATE TABLE IF NOT EXISTS `ps_layered_indexable_feature_lang_value` (
  `id_feature` int(11) NOT NULL,
  `id_lang` int(11) NOT NULL,
  `url_name` varchar(128) NOT NULL,
  `meta_title` varchar(128) DEFAULT NULL,
  PRIMARY KEY (`id_feature`,`id_lang`)
) ENGINE=InnoDB DEFAULT CHARSET=utf8;

-- 
-- Dumping data for table ps_layered_indexable_feature_lang_value
-- 



-- 
-- Definition of ps_layered_indexable_feature_value_lang_value
-- 

CREATE TABLE IF NOT EXISTS `ps_layered_indexable_feature_value_lang_value` (
  `id_feature_value` int(11) NOT NULL,
  `id_lang` int(11) NOT NULL,
  `url_name` varchar(128) DEFAULT NULL,
  `meta_title` varchar(128) DEFAULT NULL,
  PRIMARY KEY (`id_feature_value`,`id_lang`)
) ENGINE=InnoDB DEFAULT CHARSET=utf8;

-- 
-- Dumping data for table ps_layered_indexable_feature_value_lang_value
-- 



-- 
-- Definition of ps_layered_price_index
-- 

CREATE TABLE IF NOT EXISTS `ps_layered_price_index` (
  `id_product` int(11) NOT NULL,
  `id_currency` int(11) NOT NULL,
  `id_shop` int(11) NOT NULL,
  `price_min` decimal(11,5) NOT NULL,
  `price_max` decimal(11,5) NOT NULL,
  `id_country` int(11) NOT NULL,
  PRIMARY KEY (`id_product`,`id_currency`,`id_shop`,`id_country`),
  KEY `id_currency` (`id_currency`),
  KEY `price_min` (`price_min`),
  KEY `price_max` (`price_max`)
) ENGINE=InnoDB DEFAULT CHARSET=utf8;

-- 
-- Dumping data for table ps_layered_price_index
-- 

INSERT INTO `ps_layered_price_index`(`id_product`,`id_currency`,`id_shop`,`price_min`,`price_max`,`id_country`) VALUES
(1,1,1,23.13520,28.91900,6),
(2,1,1,29.12000,36.40000,6),
(3,1,1,36.40000,36.40000,6),
(4,1,1,35.09000,35.09000,6),
(5,1,1,35.09000,35.09000,6),
(6,1,1,14.39900,14.39900,6),
(7,1,1,14.39900,14.39900,6),
(8,1,1,14.39900,14.39900,6),
(9,1,1,22.86900,22.86900,6),
(10,1,1,22.86900,22.86900,6),
(11,1,1,22.86900,22.86900,6),
(12,1,1,10.89000,10.89000,6),
(13,1,1,10.89000,10.89000,6),
(14,1,1,10.89000,10.89000,6),
(15,1,1,42.35000,42.35000,6),
(16,1,1,15.60900,15.60900,6),
(17,1,1,15.60900,15.60900,6),
(18,1,1,15.60900,15.60900,6),
(19,1,1,16.81900,16.81900,6);

-- 
-- Definition of ps_layered_product_attribute
-- 

CREATE TABLE IF NOT EXISTS `ps_layered_product_attribute` (
  `id_attribute` int(10) unsigned NOT NULL,
  `id_product` int(10) unsigned NOT NULL,
  `id_attribute_group` int(10) unsigned NOT NULL DEFAULT '0',
  `id_shop` int(10) unsigned NOT NULL DEFAULT '1',
  PRIMARY KEY (`id_attribute`,`id_product`,`id_shop`),
  UNIQUE KEY `id_attribute_group` (`id_attribute_group`,`id_attribute`,`id_product`,`id_shop`)
) ENGINE=InnoDB DEFAULT CHARSET=utf8;

-- 
-- Dumping data for table ps_layered_product_attribute
-- 

INSERT INTO `ps_layered_product_attribute`(`id_attribute`,`id_product`,`id_attribute_group`,`id_shop`) VALUES
(1,1,1,1),
(2,1,1,1),
(3,1,1,1),
(4,1,1,1),
(8,1,2,1),
(8,9,2,1),
(8,10,2,1),
(8,11,2,1),
(11,1,2,1),
(11,9,2,1),
(11,10,2,1),
(11,11,2,1),
(19,5,3,1),
(20,5,3,1),
(21,5,3,1),
(22,16,4,1),
(22,17,4,1),
(22,18,4,1),
(23,16,4,1),
(23,17,4,1),
(23,18,4,1),
(24,16,4,1),
(24,17,4,1),
(24,18,4,1),
(25,16,4,1),
(25,17,4,1),
(25,18,4,1);

-- 
-- Definition of ps_link_block
-- 

CREATE TABLE IF NOT EXISTS `ps_link_block` (
  `id_link_block` int(10) unsigned NOT NULL AUTO_INCREMENT,
  `id_hook` int(1) unsigned DEFAULT NULL,
  `position` int(10) unsigned NOT NULL DEFAULT '0',
  `content` mediumtext,
  PRIMARY KEY (`id_link_block`)
) ENGINE=InnoDB AUTO_INCREMENT=5 DEFAULT CHARSET=utf8mb4;

-- 
-- Dumping data for table ps_link_block
-- 

INSERT INTO `ps_link_block`(`id_link_block`,`id_hook`,`position`,`content`) VALUES
(4,35,1,'{\"cms\":{\"0\":\"9\",\"1\":\"2\",\"3\":\"8\",\"4\":\"10\"},\"static\":[false],\"product\":[false],\"category\":[false]}');

-- 
-- Definition of ps_link_block_lang
-- 

CREATE TABLE IF NOT EXISTS `ps_link_block_lang` (
  `id_link_block` int(10) unsigned NOT NULL,
  `id_lang` int(10) unsigned NOT NULL,
  `name` varchar(40) NOT NULL DEFAULT '',
  `custom_content` mediumtext,
  PRIMARY KEY (`id_link_block`,`id_lang`)
) ENGINE=InnoDB DEFAULT CHARSET=utf8mb4;

-- 
-- Dumping data for table ps_link_block_lang
-- 

INSERT INTO `ps_link_block_lang`(`id_link_block`,`id_lang`,`name`,`custom_content`) VALUES
(4,1,'enlaces footer',NULL);

-- 
-- Definition of ps_link_block_shop
-- 

CREATE TABLE IF NOT EXISTS `ps_link_block_shop` (
  `id_link_block` int(10) unsigned NOT NULL AUTO_INCREMENT,
  `id_shop` int(10) unsigned NOT NULL,
  PRIMARY KEY (`id_link_block`,`id_shop`)
) ENGINE=InnoDB DEFAULT CHARSET=utf8mb4;

-- 
-- Dumping data for table ps_link_block_shop
-- 



-- 
-- Definition of ps_linksmenutop
-- 

CREATE TABLE IF NOT EXISTS `ps_linksmenutop` (
  `id_linksmenutop` int(10) unsigned NOT NULL AUTO_INCREMENT,
  `id_shop` int(11) unsigned NOT NULL,
  `new_window` tinyint(1) NOT NULL,
  PRIMARY KEY (`id_linksmenutop`),
  KEY `id_shop` (`id_shop`)
) ENGINE=InnoDB DEFAULT CHARSET=utf8;

-- 
-- Dumping data for table ps_linksmenutop
-- 



-- 
-- Definition of ps_linksmenutop_lang
-- 

CREATE TABLE IF NOT EXISTS `ps_linksmenutop_lang` (
  `id_linksmenutop` int(11) unsigned NOT NULL,
  `id_lang` int(11) unsigned NOT NULL,
  `id_shop` int(11) unsigned NOT NULL,
  `label` varchar(128) NOT NULL,
  `link` varchar(128) NOT NULL,
  KEY `id_linksmenutop` (`id_linksmenutop`,`id_lang`,`id_shop`)
) ENGINE=InnoDB DEFAULT CHARSET=utf8;

-- 
-- Dumping data for table ps_linksmenutop_lang
-- 



-- 
-- Definition of ps_log
-- 

CREATE TABLE IF NOT EXISTS `ps_log` (
  `id_log` int(10) unsigned NOT NULL AUTO_INCREMENT,
  `severity` tinyint(1) NOT NULL,
  `error_code` int(11) DEFAULT NULL,
  `message` text NOT NULL,
  `object_type` varchar(32) DEFAULT NULL,
  `object_id` int(10) unsigned DEFAULT NULL,
  `id_employee` int(10) unsigned DEFAULT NULL,
  `date_add` datetime NOT NULL,
  `date_upd` datetime NOT NULL,
  PRIMARY KEY (`id_log`)
) ENGINE=InnoDB AUTO_INCREMENT=393 DEFAULT CHARSET=utf8mb4;

-- 
-- Dumping data for table ps_log
-- 

INSERT INTO `ps_log`(`id_log`,`severity`,`error_code`,`message`,`object_type`,`object_id`,`id_employee`,`date_add`,`date_upd`) VALUES
(1,1,0,'Exporting mail with theme modern for language Español (Spanish)','',0,0,'2021-04-12 15:57:47','2021-04-12 15:57:47'),
(2,1,0,'Core output folder: C:\\\\wamp64\\\\www\\\\trabajo\\\\MUCHAS/mails','',0,0,'2021-04-12 15:57:47','2021-04-12 15:57:47'),
(3,1,0,'Modules output folder: C:\\\\wamp64\\\\www\\\\trabajo\\\\MUCHAS/modules/','',0,0,'2021-04-12 15:57:47','2021-04-12 15:57:47'),
(4,1,0,'Generate html template account at C:\\\\wamp64\\\\www\\\\trabajo\\\\MUCHAS/mails\\\\es\\\\account.html','',0,0,'2021-04-12 15:57:47','2021-04-12 15:57:47'),
(5,1,0,'Generate txt template account at C:\\\\wamp64\\\\www\\\\trabajo\\\\MUCHAS/mails\\\\es\\\\account.txt','',0,0,'2021-04-12 15:57:47','2021-04-12 15:57:47'),
(6,1,0,'Generate html template backoffice_order at C:\\\\wamp64\\\\www\\\\trabajo\\\\MUCHAS/mails\\\\es\\\\backoffice_order.html','',0,0,'2021-04-12 15:57:47','2021-04-12 15:57:47'),
(7,1,0,'Generate txt template backoffice_order at C:\\\\wamp64\\\\www\\\\trabajo\\\\MUCHAS/mails\\\\es\\\\backoffice_order.txt','',0,0,'2021-04-12 15:57:47','2021-04-12 15:57:47'),
(8,1,0,'Generate html template bankwire at C:\\\\wamp64\\\\www\\\\trabajo\\\\MUCHAS/mails\\\\es\\\\bankwire.html','',0,0,'2021-04-12 15:57:47','2021-04-12 15:57:47'),
(9,1,0,'Generate txt template bankwire at C:\\\\wamp64\\\\www\\\\trabajo\\\\MUCHAS/mails\\\\es\\\\bankwire.txt','',0,0,'2021-04-12 15:57:47','2021-04-12 15:57:47'),
(10,1,0,'Generate html template cheque at C:\\\\wamp64\\\\www\\\\trabajo\\\\MUCHAS/mails\\\\es\\\\cheque.html','',0,0,'2021-04-12 15:57:47','2021-04-12 15:57:47'),
(11,1,0,'Generate txt template cheque at C:\\\\wamp64\\\\www\\\\trabajo\\\\MUCHAS/mails\\\\es\\\\cheque.txt','',0,0,'2021-04-12 15:57:47','2021-04-12 15:57:47'),
(12,1,0,'Generate html template contact at C:\\\\wamp64\\\\www\\\\trabajo\\\\MUCHAS/mails\\\\es\\\\contact.html','',0,0,'2021-04-12 15:57:47','2021-04-12 15:57:47'),
(13,1,0,'Generate txt template contact at C:\\\\wamp64\\\\www\\\\trabajo\\\\MUCHAS/mails\\\\es\\\\contact.txt','',0,0,'2021-04-12 15:57:47','2021-04-12 15:57:47'),
(14,1,0,'Generate html template contact_form at C:\\\\wamp64\\\\www\\\\trabajo\\\\MUCHAS/mails\\\\es\\\\contact_form.html','',0,0,'2021-04-12 15:57:47','2021-04-12 15:57:47'),
(15,1,0,'Generate txt template contact_form at C:\\\\wamp64\\\\www\\\\trabajo\\\\MUCHAS/mails\\\\es\\\\contact_form.txt','',0,0,'2021-04-12 15:57:47','2021-04-12 15:57:47'),
(16,1,0,'Generate html template credit_slip at C:\\\\wamp64\\\\www\\\\trabajo\\\\MUCHAS/mails\\\\es\\\\credit_slip.html','',0,0,'2021-04-12 15:57:48','2021-04-12 15:57:48'),
(17,1,0,'Generate txt template credit_slip at C:\\\\wamp64\\\\www\\\\trabajo\\\\MUCHAS/mails\\\\es\\\\credit_slip.txt','',0,0,'2021-04-12 15:57:48','2021-04-12 15:57:48'),
(18,1,0,'Generate html template download_product at C:\\\\wamp64\\\\www\\\\trabajo\\\\MUCHAS/mails\\\\es\\\\download_product.html','',0,0,'2021-04-12 15:57:48','2021-04-12 15:57:48'),
(19,1,0,'Generate txt template download_product at C:\\\\wamp64\\\\www\\\\trabajo\\\\MUCHAS/mails\\\\es\\\\download_product.txt','',0,0,'2021-04-12 15:57:48','2021-04-12 15:57:48'),
(20,1,0,'Generate html template employee_password at C:\\\\wamp64\\\\www\\\\trabajo\\\\MUCHAS/mails\\\\es\\\\employee_password.html','',0,0,'2021-04-12 15:57:48','2021-04-12 15:57:48'),
(21,1,0,'Generate txt template employee_password at C:\\\\wamp64\\\\www\\\\trabajo\\\\MUCHAS/mails\\\\es\\\\employee_password.txt','',0,0,'2021-04-12 15:57:48','2021-04-12 15:57:48'),
(22,1,0,'Generate html template forward_msg at C:\\\\wamp64\\\\www\\\\trabajo\\\\MUCHAS/mails\\\\es\\\\forward_msg.html','',0,0,'2021-04-12 15:57:48','2021-04-12 15:57:48'),
(23,1,0,'Generate txt template forward_msg at C:\\\\wamp64\\\\www\\\\trabajo\\\\MUCHAS/mails\\\\es\\\\forward_msg.txt','',0,0,'2021-04-12 15:57:48','2021-04-12 15:57:48'),
(24,1,0,'Generate html template guest_to_customer at C:\\\\wamp64\\\\www\\\\trabajo\\\\MUCHAS/mails\\\\es\\\\guest_to_customer.html','',0,0,'2021-04-12 15:57:48','2021-04-12 15:57:48'),
(25,1,0,'Generate txt template guest_to_customer at C:\\\\wamp64\\\\www\\\\trabajo\\\\MUCHAS/mails\\\\es\\\\guest_to_customer.txt','',0,0,'2021-04-12 15:57:48','2021-04-12 15:57:48'),
(26,1,0,'Generate html template import at C:\\\\wamp64\\\\www\\\\trabajo\\\\MUCHAS/mails\\\\es\\\\import.html','',0,0,'2021-04-12 15:57:48','2021-04-12 15:57:48'),
(27,1,0,'Generate txt template import at C:\\\\wamp64\\\\www\\\\trabajo\\\\MUCHAS/mails\\\\es\\\\import.txt','',0,0,'2021-04-12 15:57:48','2021-04-12 15:57:48'),
(28,1,0,'Generate html template in_transit at C:\\\\wamp64\\\\www\\\\trabajo\\\\MUCHAS/mails\\\\es\\\\in_transit.html','',0,0,'2021-04-12 15:57:48','2021-04-12 15:57:48'),
(29,1,0,'Generate txt template in_transit at C:\\\\wamp64\\\\www\\\\trabajo\\\\MUCHAS/mails\\\\es\\\\in_transit.txt','',0,0,'2021-04-12 15:57:48','2021-04-12 15:57:48'),
(30,1,0,'Generate html template log_alert at C:\\\\wamp64\\\\www\\\\trabajo\\\\MUCHAS/mails\\\\es\\\\log_alert.html','',0,0,'2021-04-12 15:57:48','2021-04-12 15:57:48'),
(31,1,0,'Generate txt template log_alert at C:\\\\wamp64\\\\www\\\\trabajo\\\\MUCHAS/mails\\\\es\\\\log_alert.txt','',0,0,'2021-04-12 15:57:48','2021-04-12 15:57:48'),
(32,1,0,'Generate html template newsletter at C:\\\\wamp64\\\\www\\\\trabajo\\\\MUCHAS/mails\\\\es\\\\newsletter.html','',0,0,'2021-04-12 15:57:48','2021-04-12 15:57:48'),
(33,1,0,'Generate txt template newsletter at C:\\\\wamp64\\\\www\\\\trabajo\\\\MUCHAS/mails\\\\es\\\\newsletter.txt','',0,0,'2021-04-12 15:57:48','2021-04-12 15:57:48'),
(34,1,0,'Generate html template order_canceled at C:\\\\wamp64\\\\www\\\\trabajo\\\\MUCHAS/mails\\\\es\\\\order_canceled.html','',0,0,'2021-04-12 15:57:48','2021-04-12 15:57:48'),
(35,1,0,'Generate txt template order_canceled at C:\\\\wamp64\\\\www\\\\trabajo\\\\MUCHAS/mails\\\\es\\\\order_canceled.txt','',0,0,'2021-04-12 15:57:48','2021-04-12 15:57:48'),
(36,1,0,'Generate html template order_changed at C:\\\\wamp64\\\\www\\\\trabajo\\\\MUCHAS/mails\\\\es\\\\order_changed.html','',0,0,'2021-04-12 15:57:48','2021-04-12 15:57:48'),
(37,1,0,'Generate txt template order_changed at C:\\\\wamp64\\\\www\\\\trabajo\\\\MUCHAS/mails\\\\es\\\\order_changed.txt','',0,0,'2021-04-12 15:57:48','2021-04-12 15:57:48'),
(38,1,0,'Generate html template order_conf at C:\\\\wamp64\\\\www\\\\trabajo\\\\MUCHAS/mails\\\\es\\\\order_conf.html','',0,0,'2021-04-12 15:57:48','2021-04-12 15:57:48'),
(39,1,0,'Generate txt template order_conf at C:\\\\wamp64\\\\www\\\\trabajo\\\\MUCHAS/mails\\\\es\\\\order_conf.txt','',0,0,'2021-04-12 15:57:48','2021-04-12 15:57:48'),
(40,1,0,'Generate html template order_customer_comment at C:\\\\wamp64\\\\www\\\\trabajo\\\\MUCHAS/mails\\\\es\\\\order_customer_comment.html','',0,0,'2021-04-12 15:57:48','2021-04-12 15:57:48'),
(41,1,0,'Generate txt template order_customer_comment at C:\\\\wamp64\\\\www\\\\trabajo\\\\MUCHAS/mails\\\\es\\\\order_customer_comment.txt','',0,0,'2021-04-12 15:57:48','2021-04-12 15:57:48'),
(42,1,0,'Generate html template order_merchant_comment at C:\\\\wamp64\\\\www\\\\trabajo\\\\MUCHAS/mails\\\\es\\\\order_merchant_comment.html','',0,0,'2021-04-12 15:57:48','2021-04-12 15:57:48'),
(43,1,0,'Generate txt template order_merchant_comment at C:\\\\wamp64\\\\www\\\\trabajo\\\\MUCHAS/mails\\\\es\\\\order_merchant_comment.txt','',0,0,'2021-04-12 15:57:48','2021-04-12 15:57:48'),
(44,1,0,'Generate html template order_return_state at C:\\\\wamp64\\\\www\\\\trabajo\\\\MUCHAS/mails\\\\es\\\\order_return_state.html','',0,0,'2021-04-12 15:57:48','2021-04-12 15:57:48'),
(45,1,0,'Generate txt template order_return_state at C:\\\\wamp64\\\\www\\\\trabajo\\\\MUCHAS/mails\\\\es\\\\order_return_state.txt','',0,0,'2021-04-12 15:57:48','2021-04-12 15:57:48'),
(46,1,0,'Generate html template outofstock at C:\\\\wamp64\\\\www\\\\trabajo\\\\MUCHAS/mails\\\\es\\\\outofstock.html','',0,0,'2021-04-12 15:57:48','2021-04-12 15:57:48'),
(47,1,0,'Generate txt template outofstock at C:\\\\wamp64\\\\www\\\\trabajo\\\\MUCHAS/mails\\\\es\\\\outofstock.txt','',0,0,'2021-04-12 15:57:48','2021-04-12 15:57:48'),
(48,1,0,'Generate html template password at C:\\\\wamp64\\\\www\\\\trabajo\\\\MUCHAS/mails\\\\es\\\\password.html','',0,0,'2021-04-12 15:57:48','2021-04-12 15:57:48'),
(49,1,0,'Generate txt template password at C:\\\\wamp64\\\\www\\\\trabajo\\\\MUCHAS/mails\\\\es\\\\password.txt','',0,0,'2021-04-12 15:57:48','2021-04-12 15:57:48'),
(50,1,0,'Generate html template password_query at C:\\\\wamp64\\\\www\\\\trabajo\\\\MUCHAS/mails\\\\es\\\\password_query.html','',0,0,'2021-04-12 15:57:48','2021-04-12 15:57:48'),
(51,1,0,'Generate txt template password_query at C:\\\\wamp64\\\\www\\\\trabajo\\\\MUCHAS/mails\\\\es\\\\password_query.txt','',0,0,'2021-04-12 15:57:48','2021-04-12 15:57:48'),
(52,1,0,'Generate html template payment at C:\\\\wamp64\\\\www\\\\trabajo\\\\MUCHAS/mails\\\\es\\\\payment.html','',0,0,'2021-04-12 15:57:48','2021-04-12 15:57:48'),
(53,1,0,'Generate txt template payment at C:\\\\wamp64\\\\www\\\\trabajo\\\\MUCHAS/mails\\\\es\\\\payment.txt','',0,0,'2021-04-12 15:57:48','2021-04-12 15:57:48'),
(54,1,0,'Generate html template payment_error at C:\\\\wamp64\\\\www\\\\trabajo\\\\MUCHAS/mails\\\\es\\\\payment_error.html','',0,0,'2021-04-12 15:57:48','2021-04-12 15:57:48'),
(55,1,0,'Generate txt template payment_error at C:\\\\wamp64\\\\www\\\\trabajo\\\\MUCHAS/mails\\\\es\\\\payment_error.txt','',0,0,'2021-04-12 15:57:48','2021-04-12 15:57:48'),
(56,1,0,'Generate html template preparation at C:\\\\wamp64\\\\www\\\\trabajo\\\\MUCHAS/mails\\\\es\\\\preparation.html','',0,0,'2021-04-12 15:57:48','2021-04-12 15:57:48'),
(57,1,0,'Generate txt template preparation at C:\\\\wamp64\\\\www\\\\trabajo\\\\MUCHAS/mails\\\\es\\\\preparation.txt','',0,0,'2021-04-12 15:57:48','2021-04-12 15:57:48'),
(58,1,0,'Generate html template productoutofstock at C:\\\\wamp64\\\\www\\\\trabajo\\\\MUCHAS/mails\\\\es\\\\productoutofstock.html','',0,0,'2021-04-12 15:57:48','2021-04-12 15:57:48'),
(59,1,0,'Generate txt template productoutofstock at C:\\\\wamp64\\\\www\\\\trabajo\\\\MUCHAS/mails\\\\es\\\\productoutofstock.txt','',0,0,'2021-04-12 15:57:48','2021-04-12 15:57:48'),
(60,1,0,'Generate html template refund at C:\\\\wamp64\\\\www\\\\trabajo\\\\MUCHAS/mails\\\\es\\\\refund.html','',0,0,'2021-04-12 15:57:48','2021-04-12 15:57:48'),
(61,1,0,'Generate txt template refund at C:\\\\wamp64\\\\www\\\\trabajo\\\\MUCHAS/mails\\\\es\\\\refund.txt','',0,0,'2021-04-12 15:57:48','2021-04-12 15:57:48'),
(62,1,0,'Generate html template reply_msg at C:\\\\wamp64\\\\www\\\\trabajo\\\\MUCHAS/mails\\\\es\\\\reply_msg.html','',0,0,'2021-04-12 15:57:48','2021-04-12 15:57:48'),
(63,1,0,'Generate txt template reply_msg at C:\\\\wamp64\\\\www\\\\trabajo\\\\MUCHAS/mails\\\\es\\\\reply_msg.txt','',0,0,'2021-04-12 15:57:49','2021-04-12 15:57:49'),
(64,1,0,'Generate html template shipped at C:\\\\wamp64\\\\www\\\\trabajo\\\\MUCHAS/mails\\\\es\\\\shipped.html','',0,0,'2021-04-12 15:57:49','2021-04-12 15:57:49'),
(65,1,0,'Generate txt template shipped at C:\\\\wamp64\\\\www\\\\trabajo\\\\MUCHAS/mails\\\\es\\\\shipped.txt','',0,0,'2021-04-12 15:57:49','2021-04-12 15:57:49'),
(66,1,0,'Generate html template test at C:\\\\wamp64\\\\www\\\\trabajo\\\\MUCHAS/mails\\\\es\\\\test.html','',0,0,'2021-04-12 15:57:49','2021-04-12 15:57:49'),
(67,1,0,'Generate txt template test at C:\\\\wamp64\\\\www\\\\trabajo\\\\MUCHAS/mails\\\\es\\\\test.txt','',0,0,'2021-04-12 15:57:49','2021-04-12 15:57:49'),
(68,1,0,'Generate html template voucher at C:\\\\wamp64\\\\www\\\\trabajo\\\\MUCHAS/mails\\\\es\\\\voucher.html','',0,0,'2021-04-12 15:57:49','2021-04-12 15:57:49'),
(69,1,0,'Generate txt template voucher at C:\\\\wamp64\\\\www\\\\trabajo\\\\MUCHAS/mails\\\\es\\\\voucher.txt','',0,0,'2021-04-12 15:57:49','2021-04-12 15:57:49'),
(70,1,0,'Generate html template voucher_new at C:\\\\wamp64\\\\www\\\\trabajo\\\\MUCHAS/mails\\\\es\\\\voucher_new.html','',0,0,'2021-04-12 15:57:49','2021-04-12 15:57:49'),
(71,1,0,'Generate txt template voucher_new at C:\\\\wamp64\\\\www\\\\trabajo\\\\MUCHAS/mails\\\\es\\\\voucher_new.txt','',0,0,'2021-04-12 15:57:49','2021-04-12 15:57:49'),
(72,1,0,'Generate html template followup_1 at C:\\\\wamp64\\\\www\\\\trabajo\\\\MUCHAS/modules/\\\\followup\\\\mails\\\\es\\\\followup_1.html','',0,0,'2021-04-12 15:57:49','2021-04-12 15:57:49'),
(73,1,0,'Generate txt template followup_1 at C:\\\\wamp64\\\\www\\\\trabajo\\\\MUCHAS/modules/\\\\followup\\\\mails\\\\es\\\\followup_1.txt','',0,0,'2021-04-12 15:57:49','2021-04-12 15:57:49'),
(74,1,0,'Generate html template followup_2 at C:\\\\wamp64\\\\www\\\\trabajo\\\\MUCHAS/modules/\\\\followup\\\\mails\\\\es\\\\followup_2.html','',0,0,'2021-04-12 15:57:49','2021-04-12 15:57:49'),
(75,1,0,'Generate txt template followup_2 at C:\\\\wamp64\\\\www\\\\trabajo\\\\MUCHAS/modules/\\\\followup\\\\mails\\\\es\\\\followup_2.txt','',0,0,'2021-04-12 15:57:49','2021-04-12 15:57:49'),
(76,1,0,'Generate html template followup_3 at C:\\\\wamp64\\\\www\\\\trabajo\\\\MUCHAS/modules/\\\\followup\\\\mails\\\\es\\\\followup_3.html','',0,0,'2021-04-12 15:57:49','2021-04-12 15:57:49'),
(77,1,0,'Generate txt template followup_3 at C:\\\\wamp64\\\\www\\\\trabajo\\\\MUCHAS/modules/\\\\followup\\\\mails\\\\es\\\\followup_3.txt','',0,0,'2021-04-12 15:57:49','2021-04-12 15:57:49'),
(78,1,0,'Generate html template followup_4 at C:\\\\wamp64\\\\www\\\\trabajo\\\\MUCHAS/modules/\\\\followup\\\\mails\\\\es\\\\followup_4.html','',0,0,'2021-04-12 15:57:49','2021-04-12 15:57:49'),
(79,1,0,'Generate txt template followup_4 at C:\\\\wamp64\\\\www\\\\trabajo\\\\MUCHAS/modules/\\\\followup\\\\mails\\\\es\\\\followup_4.txt','',0,0,'2021-04-12 15:57:49','2021-04-12 15:57:49'),
(80,1,0,'Generate html template customer_qty at C:\\\\wamp64\\\\www\\\\trabajo\\\\MUCHAS/modules/\\\\ps_emailalerts\\\\mails\\\\es\\\\customer_qty.html','',0,0,'2021-04-12 15:57:49','2021-04-12 15:57:49'),
(81,1,0,'Generate txt template customer_qty at C:\\\\wamp64\\\\www\\\\trabajo\\\\MUCHAS/modules/\\\\ps_emailalerts\\\\mails\\\\es\\\\customer_qty.txt','',0,0,'2021-04-12 15:57:49','2021-04-12 15:57:49'),
(82,1,0,'Generate html template new_order at C:\\\\wamp64\\\\www\\\\trabajo\\\\MUCHAS/modules/\\\\ps_emailalerts\\\\mails\\\\es\\\\new_order.html','',0,0,'2021-04-12 15:57:49','2021-04-12 15:57:49'),
(83,1,0,'Generate txt template new_order at C:\\\\wamp64\\\\www\\\\trabajo\\\\MUCHAS/modules/\\\\ps_emailalerts\\\\mails\\\\es\\\\new_order.txt','',0,0,'2021-04-12 15:57:49','2021-04-12 15:57:49'),
(84,1,0,'Generate html template order_changed at C:\\\\wamp64\\\\www\\\\trabajo\\\\MUCHAS/modules/\\\\ps_emailalerts\\\\mails\\\\es\\\\order_changed.html','',0,0,'2021-04-12 15:57:49','2021-04-12 15:57:49'),
(85,1,0,'Generate txt template order_changed at C:\\\\wamp64\\\\www\\\\trabajo\\\\MUCHAS/modules/\\\\ps_emailalerts\\\\mails\\\\es\\\\order_changed.txt','',0,0,'2021-04-12 15:57:49','2021-04-12 15:57:49'),
(86,1,0,'Generate html template productcoverage at C:\\\\wamp64\\\\www\\\\trabajo\\\\MUCHAS/modules/\\\\ps_emailalerts\\\\mails\\\\es\\\\productcoverage.html','',0,0,'2021-04-12 15:57:49','2021-04-12 15:57:49'),
(87,1,0,'Generate txt template productcoverage at C:\\\\wamp64\\\\www\\\\trabajo\\\\MUCHAS/modules/\\\\ps_emailalerts\\\\mails\\\\es\\\\productcoverage.txt','',0,0,'2021-04-12 15:57:49','2021-04-12 15:57:49'),
(88,1,0,'Generate html template productoutofstock at C:\\\\wamp64\\\\www\\\\trabajo\\\\MUCHAS/modules/\\\\ps_emailalerts\\\\mails\\\\es\\\\productoutofstock.html','',0,0,'2021-04-12 15:57:49','2021-04-12 15:57:49'),
(89,1,0,'Generate txt template productoutofstock at C:\\\\wamp64\\\\www\\\\trabajo\\\\MUCHAS/modules/\\\\ps_emailalerts\\\\mails\\\\es\\\\productoutofstock.txt','',0,0,'2021-04-12 15:57:49','2021-04-12 15:57:49'),
(90,1,0,'Generate html template return_slip at C:\\\\wamp64\\\\www\\\\trabajo\\\\MUCHAS/modules/\\\\ps_emailalerts\\\\mails\\\\es\\\\return_slip.html','',0,0,'2021-04-12 15:57:49','2021-04-12 15:57:49'),
(91,1,0,'Generate txt template return_slip at C:\\\\wamp64\\\\www\\\\trabajo\\\\MUCHAS/modules/\\\\ps_emailalerts\\\\mails\\\\es\\\\return_slip.txt','',0,0,'2021-04-12 15:57:49','2021-04-12 15:57:49'),
(92,1,0,'Generate html template newsletter_conf at C:\\\\wamp64\\\\www\\\\trabajo\\\\MUCHAS/modules/\\\\ps_emailsubscription\\\\mails\\\\es\\\\newsletter_conf.html','',0,0,'2021-04-12 15:57:49','2021-04-12 15:57:49'),
(93,1,0,'Generate txt template newsletter_conf at C:\\\\wamp64\\\\www\\\\trabajo\\\\MUCHAS/modules/\\\\ps_emailsubscription\\\\mails\\\\es\\\\newsletter_conf.txt','',0,0,'2021-04-12 15:57:49','2021-04-12 15:57:49'),
(94,1,0,'Generate html template newsletter_verif at C:\\\\wamp64\\\\www\\\\trabajo\\\\MUCHAS/modules/\\\\ps_emailsubscription\\\\mails\\\\es\\\\newsletter_verif.html','',0,0,'2021-04-12 15:57:49','2021-04-12 15:57:49'),
(95,1,0,'Generate txt template newsletter_verif at C:\\\\wamp64\\\\www\\\\trabajo\\\\MUCHAS/modules/\\\\ps_emailsubscription\\\\mails\\\\es\\\\newsletter_verif.txt','',0,0,'2021-04-12 15:57:49','2021-04-12 15:57:49'),
(96,1,0,'Generate html template newsletter_voucher at C:\\\\wamp64\\\\www\\\\trabajo\\\\MUCHAS/modules/\\\\ps_emailsubscription\\\\mails\\\\es\\\\newsletter_voucher.html','',0,0,'2021-04-12 15:57:49','2021-04-12 15:57:49'),
(97,1,0,'Generate txt template newsletter_voucher at C:\\\\wamp64\\\\www\\\\trabajo\\\\MUCHAS/modules/\\\\ps_emailsubscription\\\\mails\\\\es\\\\newsletter_voucher.txt','',0,0,'2021-04-12 15:57:49','2021-04-12 15:57:49'),
(98,1,0,'Generate html template referralprogram-congratulations at C:\\\\wamp64\\\\www\\\\trabajo\\\\MUCHAS/modules/\\\\referralprogram\\\\mails\\\\es\\\\referralprogram-congratulations.html','',0,0,'2021-04-12 15:57:49','2021-04-12 15:57:49'),
(99,1,0,'Generate txt template referralprogram-congratulations at C:\\\\wamp64\\\\www\\\\trabajo\\\\MUCHAS/modules/\\\\referralprogram\\\\mails\\\\es\\\\referralprogram-congratulations.txt','',0,0,'2021-04-12 15:57:49','2021-04-12 15:57:49'),
(100,1,0,'Generate html template referralprogram-invitation at C:\\\\wamp64\\\\www\\\\trabajo\\\\MUCHAS/modules/\\\\referralprogram\\\\mails\\\\es\\\\referralprogram-invitation.html','',0,0,'2021-04-12 15:57:49','2021-04-12 15:57:49'),
(101,1,0,'Generate txt template referralprogram-invitation at C:\\\\wamp64\\\\www\\\\trabajo\\\\MUCHAS/modules/\\\\referralprogram\\\\mails\\\\es\\\\referralprogram-invitation.txt','',0,0,'2021-04-12 15:57:49','2021-04-12 15:57:49'),
(102,1,0,'Generate html template referralprogram-voucher at C:\\\\wamp64\\\\www\\\\trabajo\\\\MUCHAS/modules/\\\\referralprogram\\\\mails\\\\es\\\\referralprogram-voucher.html','',0,0,'2021-04-12 15:57:49','2021-04-12 15:57:49'),
(103,1,0,'Generate txt template referralprogram-voucher at C:\\\\wamp64\\\\www\\\\trabajo\\\\MUCHAS/modules/\\\\referralprogram\\\\mails\\\\es\\\\referralprogram-voucher.txt','',0,0,'2021-04-12 15:57:49','2021-04-12 15:57:49'),
(104,1,0,'Protect vendor folder in module contactform','',0,1,'2021-04-12 15:57:54','2021-04-12 15:57:54'),
(105,1,0,'Module contactform has no vendor folder','',0,1,'2021-04-12 15:57:54','2021-04-12 15:57:54'),
(106,1,0,'Protect vendor folder in module dashactivity','',0,1,'2021-04-12 15:57:54','2021-04-12 15:57:54'),
(107,1,0,'Module dashactivity has no vendor folder','',0,1,'2021-04-12 15:57:54','2021-04-12 15:57:54'),
(108,1,0,'Protect vendor folder in module dashgoals','',0,1,'2021-04-12 15:57:55','2021-04-12 15:57:55'),
(109,1,0,'Module dashgoals has no vendor folder','',0,1,'2021-04-12 15:57:55','2021-04-12 15:57:55'),
(110,1,0,'Protect vendor folder in module dashproducts','',0,1,'2021-04-12 15:57:55','2021-04-12 15:57:55'),
(111,1,0,'Module dashproducts has no vendor folder','',0,1,'2021-04-12 15:57:55','2021-04-12 15:57:55'),
(112,1,0,'Protect vendor folder in module dashtrends','',0,1,'2021-04-12 15:57:55','2021-04-12 15:57:55'),
(113,1,0,'Module dashtrends has no vendor folder','',0,1,'2021-04-12 15:57:55','2021-04-12 15:57:55'),
(114,1,0,'Protect vendor folder in module graphnvd3','',0,1,'2021-04-12 15:57:55','2021-04-12 15:57:55'),
(115,1,0,'Module graphnvd3 has no vendor folder','',0,1,'2021-04-12 15:57:55','2021-04-12 15:57:55'),
(116,1,0,'Protect vendor folder in module gridhtml','',0,1,'2021-04-12 15:57:55','2021-04-12 15:57:55'),
(117,1,0,'Module gridhtml has no vendor folder','',0,1,'2021-04-12 15:57:55','2021-04-12 15:57:55'),
(118,1,0,'Protect vendor folder in module gsitemap','',0,1,'2021-04-12 15:57:55','2021-04-12 15:57:55'),
(119,1,0,'Module gsitemap has no vendor folder','',0,1,'2021-04-12 15:57:55','2021-04-12 15:57:55'),
(120,1,0,'Protect vendor folder in module pagesnotfound','',0,1,'2021-04-12 15:57:55','2021-04-12 15:57:55'),
(121,1,0,'Module pagesnotfound has no vendor folder','',0,1,'2021-04-12 15:57:55','2021-04-12 15:57:55'),
(122,1,0,'Protect vendor folder in module productcomments','',0,1,'2021-04-12 15:57:55','2021-04-12 15:57:55'),
(123,1,0,'Module productcomments has no vendor folder','',0,1,'2021-04-12 15:57:55','2021-04-12 15:57:55'),
(124,1,0,'Protect vendor folder in module ps_banner','',0,1,'2021-04-12 15:57:56','2021-04-12 15:57:56'),
(125,1,0,'Module ps_banner has no vendor folder','',0,1,'2021-04-12 15:57:56','2021-04-12 15:57:56'),
(126,1,0,'Protect vendor folder in module ps_categorytree','',0,1,'2021-04-12 15:57:56','2021-04-12 15:57:56'),
(127,1,0,'Module ps_categorytree has no vendor folder','',0,1,'2021-04-12 15:57:56','2021-04-12 15:57:56'),
(128,1,0,'Protect vendor folder in module ps_checkpayment','',0,1,'2021-04-12 15:57:56','2021-04-12 15:57:56'),
(129,1,0,'Module ps_checkpayment has no vendor folder','',0,1,'2021-04-12 15:57:56','2021-04-12 15:57:56'),
(130,1,0,'Protect vendor folder in module ps_contactinfo','',0,1,'2021-04-12 15:57:56','2021-04-12 15:57:56'),
(131,1,0,'Module ps_contactinfo has no vendor folder','',0,1,'2021-04-12 15:57:56','2021-04-12 15:57:56'),
(132,1,0,'Protect vendor folder in module ps_crossselling','',0,1,'2021-04-12 15:57:56','2021-04-12 15:57:56'),
(133,1,0,'Module ps_crossselling has no vendor folder','',0,1,'2021-04-12 15:57:56','2021-04-12 15:57:56'),
(134,1,0,'Protect vendor folder in module ps_currencyselector','',0,1,'2021-04-12 15:57:56','2021-04-12 15:57:56'),
(135,1,0,'Module ps_currencyselector has no vendor folder','',0,1,'2021-04-12 15:57:56','2021-04-12 15:57:56'),
(136,1,0,'Protect vendor folder in module ps_customeraccountlinks','',0,1,'2021-04-12 15:57:56','2021-04-12 15:57:56'),
(137,1,0,'Module ps_customeraccountlinks has no vendor folder','',0,1,'2021-04-12 15:57:56','2021-04-12 15:57:56'),
(138,1,0,'Protect vendor folder in module ps_customersignin','',0,1,'2021-04-12 15:57:56','2021-04-12 15:57:56'),
(139,1,0,'Module ps_customersignin has no vendor folder','',0,1,'2021-04-12 15:57:56','2021-04-12 15:57:56'),
(140,1,0,'Protect vendor folder in module ps_customtext','',0,1,'2021-04-12 15:57:56','2021-04-12 15:57:56'),
(141,1,0,'Module ps_customtext has no vendor folder','',0,1,'2021-04-12 15:57:56','2021-04-12 15:57:56'),
(142,1,0,'Protect vendor folder in module ps_dataprivacy','',0,1,'2021-04-12 15:57:56','2021-04-12 15:57:56'),
(143,1,0,'Module ps_dataprivacy has no vendor folder','',0,1,'2021-04-12 15:57:56','2021-04-12 15:57:56'),
(144,1,0,'Protect vendor folder in module ps_emailsubscription','',0,1,'2021-04-12 15:57:56','2021-04-12 15:57:56'),
(145,1,0,'Module ps_emailsubscription has no vendor folder','',0,1,'2021-04-12 15:57:56','2021-04-12 15:57:56'),
(146,1,0,'Protect vendor folder in module ps_facetedsearch','',0,1,'2021-04-12 15:57:57','2021-04-12 15:57:57'),
(147,1,0,'Module ps_facetedsearch has no vendor folder','',0,1,'2021-04-12 15:57:57','2021-04-12 15:57:57'),
(148,1,0,'Protect vendor folder in module ps_faviconnotificationbo','',0,1,'2021-04-12 15:57:57','2021-04-12 15:57:57'),
(149,1,0,'Module ps_faviconnotificationbo has no vendor folder','',0,1,'2021-04-12 15:57:57','2021-04-12 15:57:57'),
(150,1,0,'Protect vendor folder in module ps_featuredproducts','',0,1,'2021-04-12 15:57:57','2021-04-12 15:57:57'),
(151,1,0,'Module ps_featuredproducts has no vendor folder','',0,1,'2021-04-12 15:57:57','2021-04-12 15:57:57'),
(152,1,0,'Protect vendor folder in module ps_imageslider','',0,1,'2021-04-12 15:57:58','2021-04-12 15:57:58'),
(153,1,0,'Module ps_imageslider has no vendor folder','',0,1,'2021-04-12 15:57:58','2021-04-12 15:57:58'),
(154,1,0,'Protect vendor folder in module ps_languageselector','',0,1,'2021-04-12 15:57:58','2021-04-12 15:57:58'),
(155,1,0,'Module ps_languageselector has no vendor folder','',0,1,'2021-04-12 15:57:58','2021-04-12 15:57:58'),
(156,1,0,'Protect vendor folder in module ps_linklist','',0,1,'2021-04-12 15:57:58','2021-04-12 15:57:58'),
(157,1,0,'Module ps_linklist has no vendor folder','',0,1,'2021-04-12 15:57:58','2021-04-12 15:57:58'),
(158,1,0,'Cannot register tab \\\"AdminLinkWidget\\\" because it already exists','',0,1,'2021-04-12 15:57:58','2021-04-12 15:57:58'),
(159,1,0,'Protect vendor folder in module ps_mainmenu','',0,1,'2021-04-12 15:57:58','2021-04-12 15:57:58'),
(160,1,0,'Module ps_mainmenu has no vendor folder','',0,1,'2021-04-12 15:57:58','2021-04-12 15:57:58'),
(161,1,0,'Protect vendor folder in module ps_searchbar','',0,1,'2021-04-12 15:57:58','2021-04-12 15:57:58'),
(162,1,0,'Module ps_searchbar has no vendor folder','',0,1,'2021-04-12 15:57:58','2021-04-12 15:57:58'),
(163,1,0,'Protect vendor folder in module ps_sharebuttons','',0,1,'2021-04-12 15:57:58','2021-04-12 15:57:58'),
(164,1,0,'Module ps_sharebuttons has no vendor folder','',0,1,'2021-04-12 15:57:58','2021-04-12 15:57:58'),
(165,1,0,'Protect vendor folder in module ps_shoppingcart','',0,1,'2021-04-12 15:57:58','2021-04-12 15:57:58'),
(166,1,0,'Module ps_shoppingcart has no vendor folder','',0,1,'2021-04-12 15:57:58','2021-04-12 15:57:58'),
(167,1,0,'Protect vendor folder in module ps_socialfollow','',0,1,'2021-04-12 15:57:58','2021-04-12 15:57:58'),
(168,1,0,'Module ps_socialfollow has no vendor folder','',0,1,'2021-04-12 15:57:58','2021-04-12 15:57:58'),
(169,1,0,'Protect vendor folder in module ps_themecusto','',0,1,'2021-04-12 15:57:59','2021-04-12 15:57:59'),
(170,1,0,'Module ps_themecusto has no vendor folder','',0,1,'2021-04-12 15:57:59','2021-04-12 15:57:59'),
(171,1,0,'Protect vendor folder in module ps_wirepayment','',0,1,'2021-04-12 15:57:59','2021-04-12 15:57:59'),
(172,1,0,'Module ps_wirepayment has no vendor folder','',0,1,'2021-04-12 15:57:59','2021-04-12 15:57:59'),
(173,1,0,'Protect vendor folder in module sekeywords','',0,1,'2021-04-12 15:57:59','2021-04-12 15:57:59'),
(174,1,0,'Module sekeywords has no vendor folder','',0,1,'2021-04-12 15:57:59','2021-04-12 15:57:59'),
(175,1,0,'Protect vendor folder in module statsbestcategories','',0,1,'2021-04-12 15:57:59','2021-04-12 15:57:59'),
(176,1,0,'Module statsbestcategories has no vendor folder','',0,1,'2021-04-12 15:57:59','2021-04-12 15:57:59'),
(177,1,0,'Protect vendor folder in module statsbestcustomers','',0,1,'2021-04-12 15:57:59','2021-04-12 15:57:59'),
(178,1,0,'Module statsbestcustomers has no vendor folder','',0,1,'2021-04-12 15:57:59','2021-04-12 15:57:59'),
(179,1,0,'Protect vendor folder in module statsbestproducts','',0,1,'2021-04-12 15:57:59','2021-04-12 15:57:59'),
(180,1,0,'Module statsbestproducts has no vendor folder','',0,1,'2021-04-12 15:57:59','2021-04-12 15:57:59'),
(181,1,0,'Protect vendor folder in module statsbestsuppliers','',0,1,'2021-04-12 15:57:59','2021-04-12 15:57:59'),
(182,1,0,'Module statsbestsuppliers has no vendor folder','',0,1,'2021-04-12 15:57:59','2021-04-12 15:57:59'),
(183,1,0,'Protect vendor folder in module statsbestvouchers','',0,1,'2021-04-12 15:57:59','2021-04-12 15:57:59'),
(184,1,0,'Module statsbestvouchers has no vendor folder','',0,1,'2021-04-12 15:57:59','2021-04-12 15:57:59'),
(185,1,0,'Protect vendor folder in module statscarrier','',0,1,'2021-04-12 15:57:59','2021-04-12 15:57:59'),
(186,1,0,'Module statscarrier has no vendor folder','',0,1,'2021-04-12 15:57:59','2021-04-12 15:57:59'),
(187,1,0,'Protect vendor folder in module statscatalog','',0,1,'2021-04-12 15:57:59','2021-04-12 15:57:59'),
(188,1,0,'Module statscatalog has no vendor folder','',0,1,'2021-04-12 15:57:59','2021-04-12 15:57:59'),
(189,1,0,'Protect vendor folder in module statscheckup','',0,1,'2021-04-12 15:57:59','2021-04-12 15:57:59'),
(190,1,0,'Module statscheckup has no vendor folder','',0,1,'2021-04-12 15:57:59','2021-04-12 15:57:59'),
(191,1,0,'Protect vendor folder in module statsdata','',0,1,'2021-04-12 15:57:59','2021-04-12 15:57:59'),
(192,1,0,'Module statsdata has no vendor folder','',0,1,'2021-04-12 15:57:59','2021-04-12 15:57:59'),
(193,1,0,'Protect vendor folder in module statsequipment','',0,1,'2021-04-12 15:57:59','2021-04-12 15:57:59'),
(194,1,0,'Module statsequipment has no vendor folder','',0,1,'2021-04-12 15:57:59','2021-04-12 15:57:59'),
(195,1,0,'Protect vendor folder in module statsforecast','',0,1,'2021-04-12 15:57:59','2021-04-12 15:57:59'),
(196,1,0,'Module statsforecast has no vendor folder','',0,1,'2021-04-12 15:57:59','2021-04-12 15:57:59'),
(197,1,0,'Protect vendor folder in module statslive','',0,1,'2021-04-12 15:57:59','2021-04-12 15:57:59'),
(198,1,0,'Module statslive has no vendor folder','',0,1,'2021-04-12 15:57:59','2021-04-12 15:57:59'),
(199,1,0,'Protect vendor folder in module statsnewsletter','',0,1,'2021-04-12 15:58:00','2021-04-12 15:58:00'),
(200,1,0,'Module statsnewsletter has no vendor folder','',0,1,'2021-04-12 15:58:00','2021-04-12 15:58:00'),
(201,1,0,'Protect vendor folder in module statsorigin','',0,1,'2021-04-12 15:58:00','2021-04-12 15:58:00'),
(202,1,0,'Module statsorigin has no vendor folder','',0,1,'2021-04-12 15:58:00','2021-04-12 15:58:00'),
(203,1,0,'Protect vendor folder in module statspersonalinfos','',0,1,'2021-04-12 15:58:00','2021-04-12 15:58:00'),
(204,1,0,'Module statspersonalinfos has no vendor folder','',0,1,'2021-04-12 15:58:00','2021-04-12 15:58:00'),
(205,1,0,'Protect vendor folder in module statsproduct','',0,1,'2021-04-12 15:58:00','2021-04-12 15:58:00'),
(206,1,0,'Module statsproduct has no vendor folder','',0,1,'2021-04-12 15:58:00','2021-04-12 15:58:00'),
(207,1,0,'Protect vendor folder in module statsregistrations','',0,1,'2021-04-12 15:58:00','2021-04-12 15:58:00'),
(208,1,0,'Module statsregistrations has no vendor folder','',0,1,'2021-04-12 15:58:00','2021-04-12 15:58:00'),
(209,1,0,'Protect vendor folder in module statssales','',0,1,'2021-04-12 15:58:00','2021-04-12 15:58:00'),
(210,1,0,'Module statssales has no vendor folder','',0,1,'2021-04-12 15:58:00','2021-04-12 15:58:00'),
(211,1,0,'Protect vendor folder in module statssearch','',0,1,'2021-04-12 15:58:00','2021-04-12 15:58:00'),
(212,1,0,'Module statssearch has no vendor folder','',0,1,'2021-04-12 15:58:00','2021-04-12 15:58:00'),
(213,1,0,'Protect vendor folder in module statsstock','',0,1,'2021-04-12 15:58:00','2021-04-12 15:58:00'),
(214,1,0,'Module statsstock has no vendor folder','',0,1,'2021-04-12 15:58:00','2021-04-12 15:58:00'),
(215,1,0,'Protect vendor folder in module statsvisits','',0,1,'2021-04-12 15:58:00','2021-04-12 15:58:00'),
(216,1,0,'Module statsvisits has no vendor folder','',0,1,'2021-04-12 15:58:00','2021-04-12 15:58:00'),
(217,1,0,'Protect vendor folder in module welcome','',0,1,'2021-04-12 15:58:00','2021-04-12 15:58:00'),
(218,1,0,'Module welcome has no vendor folder','',0,1,'2021-04-12 15:58:00','2021-04-12 15:58:00'),
(219,1,0,'Core output folder: C:\\\\wamp64\\\\www\\\\trabajo\\\\MUCHAS/mails','',0,1,'2021-04-12 15:58:01','2021-04-12 15:58:01'),
(220,1,0,'Modules output folder: C:\\\\wamp64\\\\www\\\\trabajo\\\\MUCHAS/modules/','',0,1,'2021-04-12 15:58:01','2021-04-12 15:58:01'),
(221,1,0,'Protect vendor folder in module gamification','',0,1,'2021-04-12 15:58:25','2021-04-12 15:58:25'),
(222,1,0,'Protect vendor folder in module emarketing','',0,1,'2021-04-12 15:58:25','2021-04-12 15:58:25'),
(223,1,0,'Protect vendor folder in module psaddonsconnect','',0,1,'2021-04-12 15:58:25','2021-04-12 15:58:25'),
(224,1,0,'Protect vendor folder in module psgdpr','',0,1,'2021-04-12 15:58:25','2021-04-12 15:58:25'),
(225,1,0,'Protect vendor folder in module ps_mbo','',0,1,'2021-04-12 15:58:26','2021-04-12 15:58:26'),
(226,1,0,'Protect vendor folder in module ps_buybuttonlite','',0,1,'2021-04-12 15:58:26','2021-04-12 15:58:26'),
(227,1,0,'Protect vendor folder in module ps_checkout','',0,1,'2021-04-12 15:58:26','2021-04-12 15:58:26'),
(228,1,0,'Protect vendor folder in module ps_accounts','',0,1,'2021-04-12 15:58:34','2021-04-12 15:58:34'),
(229,1,0,'Protect vendor folder in module ps_metrics','',0,1,'2021-04-12 15:58:34','2021-04-12 15:58:34'),
(230,1,0,'Core output folder: C:\\\\wamp64\\\\www\\\\trabajo\\\\MUCHAS/mails','',0,1,'2021-04-12 15:58:38','2021-04-12 15:58:38'),
(231,1,0,'Modules output folder: C:\\\\wamp64\\\\www\\\\trabajo\\\\MUCHAS/modules/','',0,1,'2021-04-12 15:58:38','2021-04-12 15:58:38'),
(232,1,0,'Protect vendor folder in module blockreassurance','',0,1,'2021-04-12 15:58:51','2021-04-12 15:58:51'),
(233,1,0,'Module blockreassurance has no vendor folder','',0,1,'2021-04-12 15:58:51','2021-04-12 15:58:51'),
(234,1,0,'Conexión al back-office desde ::1','',0,1,'2021-04-12 16:00:35','2021-04-12 16:00:35'),
(235,1,0,'Protect vendor folder in module imaxhomebanners','',0,1,'2021-04-12 17:04:20','2021-04-12 17:04:20'),
(236,1,0,'Module imaxhomebanners has no vendor folder','',0,1,'2021-04-12 17:04:20','2021-04-12 17:04:20'),
(237,1,0,'QuickAccess añadida','QuickAccess',7,1,'2021-04-12 17:19:46','2021-04-12 17:19:46'),
(238,1,0,'Conexión al back-office desde ::1','',0,1,'2021-04-13 12:06:36','2021-04-13 12:06:36'),
(239,1,0,'Conexión al back-office desde ::1','',0,1,'2021-04-13 15:54:36','2021-04-13 15:54:36'),
(240,1,0,'Conexión al back-office desde ::1','',0,1,'2021-04-13 16:01:46','2021-04-13 16:01:46'),
(241,1,0,'There are no translation file available.','',0,1,'2021-04-13 17:00:57','2021-04-13 17:00:57'),
(242,1,0,'QuickAccess añadida','QuickAccess',8,1,'2021-04-13 17:20:20','2021-04-13 17:20:20'),
(243,1,0,'Conexión al back-office desde ::1','',0,1,'2021-04-16 11:19:43','2021-04-16 11:19:43'),
(244,1,0,'Conexión al back-office desde ::1','',0,1,'2021-04-19 08:06:57','2021-04-19 08:06:57'),
(245,1,0,'Conexión al back-office desde ::1','',0,1,'2021-04-19 13:30:13','2021-04-19 13:30:13'),
(246,1,0,'Conexión al back-office desde ::1','',0,1,'2021-04-19 16:34:41','2021-04-19 16:34:41'),
(247,1,0,'Conexión al back-office desde ::1','',0,1,'2021-04-19 17:19:30','2021-04-19 17:19:30'),
(248,1,0,'Conexión al back-office desde ::1','',0,1,'2021-04-20 07:58:45','2021-04-20 07:58:45'),
(249,1,0,'Conexión al back-office desde ::1','',0,1,'2021-04-20 15:53:35','2021-04-20 15:53:35'),
(250,1,0,'Conexión al back-office desde ::1','',0,1,'2021-04-20 16:49:21','2021-04-20 16:49:21'),
(251,1,0,'Conexión al back-office desde ::1','',0,1,'2021-04-20 17:20:38','2021-04-20 17:20:38'),
(252,1,0,'Product modification','Product',3,1,'2021-04-20 17:21:36','2021-04-20 17:21:36'),
(253,1,0,'Conexión al back-office desde ::1','',0,1,'2021-04-21 08:41:28','2021-04-21 08:41:28'),
(254,1,0,'Conexión al back-office desde ::1','',0,1,'2021-04-21 09:06:28','2021-04-21 09:06:28'),
(255,1,0,'Conexión al back-office desde ::1','',0,1,'2021-04-21 10:28:10','2021-04-21 10:28:10'),
(256,1,0,'Protect vendor folder in module ps_bestsellers','',0,1,'2021-04-21 11:36:15','2021-04-21 11:36:15'),
(257,1,0,'Conexión al back-office desde ::1','',0,1,'2021-04-21 15:35:22','2021-04-21 15:35:22'),
(258,1,0,'Protect vendor folder in module imaxlinks','',0,1,'2021-04-21 15:51:00','2021-04-21 15:51:00'),
(259,1,0,'Module imaxlinks has no vendor folder','',0,1,'2021-04-21 15:51:00','2021-04-21 15:51:00'),
(260,1,0,'Conexión al back-office desde ::1','',0,1,'2021-04-22 07:58:40','2021-04-22 07:58:40'),
(261,1,0,'Conexión al back-office desde ::1','',0,1,'2021-04-22 08:29:59','2021-04-22 08:29:59'),
(262,1,0,'Cannot register tab \\\"AdminLinkWidget\\\" because it already exists','',0,1,'2021-04-22 08:30:41','2021-04-22 08:30:41'),
(263,1,0,'Conexión al back-office desde ::1','',0,1,'2021-04-22 10:39:12','2021-04-22 10:39:12'),
(264,1,0,'Conexión al back-office desde ::1','',0,1,'2021-04-22 12:14:58','2021-04-22 12:14:58'),
(265,1,0,'Protect vendor folder in module blockwishlist','',0,1,'2021-04-22 12:16:05','2021-04-22 12:16:05'),
(266,1,0,'Module blockwishlist has no vendor folder','',0,1,'2021-04-22 12:16:05','2021-04-22 12:16:05'),
(267,1,0,'Conexión al back-office desde ::1','',0,1,'2021-04-23 12:38:00','2021-04-23 12:38:00'),
(268,1,0,'Conexión al back-office desde ::1','',0,1,'2021-04-26 16:29:53','2021-04-26 16:29:53'),
(269,1,0,'Conexión al back-office desde ::1','',0,1,'2021-04-27 08:07:14','2021-04-27 08:07:14'),
(270,1,0,'Protect vendor folder in module leobootstrapmenu','',0,1,'2021-04-27 08:09:20','2021-04-27 08:09:20'),
(271,1,0,'Module leobootstrapmenu has no vendor folder','',0,1,'2021-04-27 08:09:20','2021-04-27 08:09:20'),
(272,1,0,'Class \\\"AdminLeoBootstrapMenuModuleController\\\" not found in controllers/admin nor routing file','',0,1,'2021-04-27 08:09:20','2021-04-27 08:09:20'),
(273,1,0,'Class \\\"AdminLeoWidgetsController\\\" not found in controllers/admin nor routing file','',0,1,'2021-04-27 08:09:20','2021-04-27 08:09:20'),
(274,1,0,'Conexión al back-office desde ::1','',0,1,'2021-04-27 09:15:40','2021-04-27 09:15:40'),
(275,1,0,'Conexión al back-office desde ::1','',0,1,'2021-04-27 16:25:00','2021-04-27 16:25:00'),
(276,1,0,'Conexión al back-office desde ::1','',0,1,'2021-04-27 16:25:18','2021-04-27 16:25:18'),
(277,1,0,'Conexión al back-office desde ::1','',0,1,'2021-04-27 16:58:00','2021-04-27 16:58:00'),
(278,1,0,'Conexión al back-office desde ::1','',0,1,'2021-04-28 08:46:42','2021-04-28 08:46:42'),
(279,1,0,'Conexión al back-office desde ::1','',0,1,'2021-04-30 08:34:06','2021-04-30 08:34:06'),
(280,1,0,'Conexión al back-office desde ::1','',0,1,'2021-04-30 11:15:42','2021-04-30 11:15:42'),
(281,1,0,'Conexión al back-office desde ::1','',0,1,'2021-05-03 09:44:50','2021-05-03 09:44:50'),
(282,1,0,'Conexión al back-office desde 127.0.0.1','',0,1,'2021-05-03 09:45:22','2021-05-03 09:45:22'),
(283,1,0,'Conexión al back-office desde ::1','',0,1,'2021-05-03 09:46:24','2021-05-03 09:46:24'),
(284,1,0,'Conexión al back-office desde ::1','',0,1,'2021-05-03 09:47:20','2021-05-03 09:47:20'),
(285,1,0,'Conexión al back-office desde ::1','',0,1,'2021-05-03 09:47:29','2021-05-03 09:47:29'),
(286,1,0,'Conexión al back-office desde 192.168.100.210','',0,1,'2021-05-03 09:48:24','2021-05-03 09:48:24'),
(287,1,0,'Conexión al back-office desde ::1','',0,1,'2021-05-03 10:14:57','2021-05-03 10:14:57'),
(288,1,0,'Conexión al back-office desde ::1','',0,1,'2021-05-03 10:15:47','2021-05-03 10:15:47'),
(289,1,0,'Conexión al back-office desde ::1','',0,1,'2021-05-03 10:15:49','2021-05-03 10:15:49'),
(290,1,0,'Conexión al back-office desde ::1','',0,1,'2021-05-03 10:16:14','2021-05-03 10:16:14'),
(291,1,0,'Conexión al back-office desde ::1','',0,1,'2021-05-03 10:16:16','2021-05-03 10:16:16'),
(292,1,0,'Conexión al back-office desde ::1','',0,1,'2021-05-03 10:17:22','2021-05-03 10:17:22'),
(293,1,0,'Conexión al back-office desde ::1','',0,1,'2021-05-03 10:18:01','2021-05-03 10:18:01'),
(294,1,0,'Conexión al back-office desde 192.168.100.210','',0,1,'2021-05-03 10:20:13','2021-05-03 10:20:13'),
(295,1,0,'Conexión al back-office desde 192.168.100.210','',0,1,'2021-05-03 10:48:24','2021-05-03 10:48:24'),
(296,1,0,'Conexión al back-office desde ::1','',0,1,'2021-05-04 14:00:08','2021-05-04 14:00:08'),
(297,1,0,'Conexión al back-office desde ::1','',0,1,'2021-05-04 15:29:33','2021-05-04 15:29:33'),
(298,1,0,'Conexión al back-office desde ::1','',0,1,'2021-05-05 09:28:17','2021-05-05 09:28:17'),
(299,1,0,'Conexión al back-office desde ::1','',0,1,'2021-05-05 10:44:55','2021-05-05 10:44:55'),
(300,1,0,'Conexión al back-office desde ::1','',0,1,'2021-05-05 12:26:52','2021-05-05 12:26:52'),
(301,1,0,'Product modification','Product',1,1,'2021-05-05 13:01:14','2021-05-05 13:01:14'),
(302,1,0,'Product modification','Product',1,1,'2021-05-05 13:04:43','2021-05-05 13:04:43'),
(303,1,0,'Product modification','Product',1,1,'2021-05-05 13:04:54','2021-05-05 13:04:54'),
(304,1,0,'Product modification','Product',1,1,'2021-05-05 13:05:07','2021-05-05 13:05:07'),
(305,1,0,'Product modification','Product',1,1,'2021-05-05 13:05:32','2021-05-05 13:05:32'),
(306,1,0,'Product modification','Product',1,1,'2021-05-05 13:09:58','2021-05-05 13:09:58'),
(307,1,0,'Product modification','Product',1,1,'2021-05-05 13:13:33','2021-05-05 13:13:33'),
(308,1,0,'Product modification','Product',1,1,'2021-05-05 13:14:05','2021-05-05 13:14:05'),
(309,1,0,'Product modification','Product',1,1,'2021-05-05 13:33:11','2021-05-05 13:33:11'),
(310,1,0,'Conexión al back-office desde ::1','',0,1,'2021-05-05 17:06:41','2021-05-05 17:06:41'),
(311,1,0,'Conexión al back-office desde ::1','',0,1,'2021-05-06 10:27:42','2021-05-06 10:27:42'),
(312,1,0,'Product modification','Product',3,1,'2021-05-06 10:28:39','2021-05-06 10:28:39'),
(313,1,0,'Product modification','Product',3,1,'2021-05-06 10:29:34','2021-05-06 10:29:34'),
(314,1,0,'Product modification','Product',3,1,'2021-05-06 10:35:37','2021-05-06 10:35:37'),
(315,1,0,'Conexión al back-office desde ::1','',0,1,'2021-05-06 10:59:50','2021-05-06 10:59:50'),
(316,1,0,'Product modification','Product',3,1,'2021-05-06 11:01:05','2021-05-06 11:01:05'),
(317,1,0,'Conexión al back-office desde ::1','',0,1,'2021-05-06 11:52:49','2021-05-06 11:52:49'),
(318,1,0,'Product modification','Product',3,1,'2021-05-06 11:53:43','2021-05-06 11:53:43'),
(319,1,0,'Product modification','Product',3,1,'2021-05-06 11:54:03','2021-05-06 11:54:03'),
(320,1,0,'Conexión al back-office desde ::1','',0,1,'2021-05-06 16:23:17','2021-05-06 16:23:17'),
(321,1,0,'Conexión al back-office desde ::1','',0,1,'2021-05-11 09:10:13','2021-05-11 09:10:13'),
(322,1,0,'Conexión al back-office desde ::1','',0,1,'2021-05-12 10:45:15','2021-05-12 10:45:15'),
(323,1,0,'Conexión al back-office desde ::1','',0,1,'2021-05-13 09:44:51','2021-05-13 09:44:51'),
(324,1,0,'Conexión al back-office desde ::1','',0,1,'2021-05-18 17:06:40','2021-05-18 17:06:40'),
(325,1,0,'Conexión al back-office desde ::1','',0,1,'2021-05-19 09:06:56','2021-05-19 09:06:56'),
(326,1,0,'Conexión al back-office desde ::1','',0,1,'2021-05-19 09:24:14','2021-05-19 09:24:14'),
(327,1,0,'Conexión al back-office desde ::1','',0,1,'2021-05-19 16:06:30','2021-05-19 16:06:30'),
(328,1,0,'Conexión al back-office desde ::1','',0,1,'2021-05-19 17:13:33','2021-05-19 17:13:33'),
(329,1,0,'Conexión al back-office desde ::1','',0,1,'2021-05-20 08:33:19','2021-05-20 08:33:19'),
(330,1,0,'Product modification','Product',19,1,'2021-05-20 09:08:11','2021-05-20 09:08:11'),
(331,1,0,'Product modification','Product',1,1,'2021-05-20 09:08:37','2021-05-20 09:08:37'),
(332,1,0,'Product modification','Product',2,1,'2021-05-20 09:08:47','2021-05-20 09:08:47'),
(333,1,0,'Product modification','Product',3,1,'2021-05-20 09:36:36','2021-05-20 09:36:36'),
(334,1,0,'Product modification','Product',4,1,'2021-05-20 09:36:50','2021-05-20 09:36:50'),
(335,1,0,'Product modification','Product',5,1,'2021-05-20 09:37:02','2021-05-20 09:37:02'),
(336,1,0,'Product modification','Product',6,1,'2021-05-20 09:37:14','2021-05-20 09:37:14'),
(337,1,0,'Product modification','Product',7,1,'2021-05-20 09:37:26','2021-05-20 09:37:26'),
(338,1,0,'Product modification','Product',8,1,'2021-05-20 09:37:36','2021-05-20 09:37:36'),
(339,1,0,'Product modification','Product',9,1,'2021-05-20 09:37:48','2021-05-20 09:37:48'),
(340,1,0,'Product modification','Product',10,1,'2021-05-20 09:37:59','2021-05-20 09:37:59'),
(341,1,0,'Product modification','Product',11,1,'2021-05-20 09:38:42','2021-05-20 09:38:42'),
(342,1,0,'Product modification','Product',11,1,'2021-05-20 09:52:51','2021-05-20 09:52:51'),
(343,1,0,'Product modification','Product',12,1,'2021-05-20 09:53:02','2021-05-20 09:53:02'),
(344,1,0,'Conexión al back-office desde ::1','',0,1,'2021-05-20 16:18:10','2021-05-20 16:18:10'),
(345,1,0,'Conexión al back-office desde ::1','',0,1,'2021-05-21 10:39:37','2021-05-21 10:39:37'),
(346,1,0,'Product modification','Product',3,1,'2021-05-21 10:45:11','2021-05-21 10:45:11'),
(347,1,0,'Conexión al back-office desde ::1','',0,1,'2021-05-21 11:15:22','2021-05-21 11:15:22'),
(348,1,0,'Product modification','Product',3,1,'2021-05-21 11:15:56','2021-05-21 11:15:56'),
(349,1,0,'Conexión al back-office desde ::1','',0,1,'2021-05-24 08:19:57','2021-05-24 08:19:57'),
(350,1,0,'Product modification','Product',2,1,'2021-05-24 08:25:36','2021-05-24 08:25:36'),
(351,1,0,'Product modification','Product',2,1,'2021-05-24 08:27:24','2021-05-24 08:27:24'),
(352,1,0,'Product modification','Product',2,1,'2021-05-24 08:29:31','2021-05-24 08:29:31'),
(353,1,0,'Product modification','Product',2,1,'2021-05-24 08:29:48','2021-05-24 08:29:48'),
(354,1,0,'AttributeGroup añadido','AttributeGroup',5,1,'2021-05-24 08:56:49','2021-05-24 08:56:49'),
(355,1,0,'Attribute añadido','Attribute',26,1,'2021-05-24 08:57:13','2021-05-24 08:57:13'),
(356,1,0,'Attribute añadido','Attribute',27,1,'2021-05-24 08:57:20','2021-05-24 08:57:20'),
(357,1,0,'Attribute añadido','Attribute',28,1,'2021-05-24 08:57:28','2021-05-24 08:57:28'),
(358,1,0,'AttributeGroup eliminado','AttributeGroup',1,1,'2021-05-24 08:58:25','2021-05-24 08:58:25'),
(359,1,0,'AttributeGroup eliminado','AttributeGroup',2,1,'2021-05-24 08:58:31','2021-05-24 08:58:31'),
(360,1,0,'AttributeGroup eliminado','AttributeGroup',3,1,'2021-05-24 08:58:39','2021-05-24 08:58:39'),
(361,1,0,'AttributeGroup eliminado','AttributeGroup',4,1,'2021-05-24 08:58:44','2021-05-24 08:58:44'),
(362,1,0,'Product modification','Product',2,1,'2021-05-24 09:02:31','2021-05-24 09:02:31'),
(363,1,0,'Feature añadido','Feature',3,1,'2021-05-24 09:03:21','2021-05-24 09:03:21'),
(364,1,0,'FeatureValue añadido','FeatureValue',11,1,'2021-05-24 09:03:37','2021-05-24 09:03:37'),
(365,1,0,'FeatureValue añadido','FeatureValue',12,1,'2021-05-24 09:03:44','2021-05-24 09:03:44'),
(366,1,0,'FeatureValue añadido','FeatureValue',13,1,'2021-05-24 09:03:52','2021-05-24 09:03:52'),
(367,1,0,'AttributeGroup eliminado','AttributeGroup',5,1,'2021-05-24 09:03:58','2021-05-24 09:03:58'),
(368,1,0,'Product modification','Product',2,1,'2021-05-24 09:04:31','2021-05-24 09:04:31'),
(369,1,0,'Feature añadido','Feature',4,1,'2021-05-24 12:00:41','2021-05-24 12:00:41'),
(370,1,0,'FeatureValue añadido','FeatureValue',14,1,'2021-05-24 12:00:57','2021-05-24 12:00:57'),
(371,1,0,'FeatureValue añadido','FeatureValue',15,1,'2021-05-24 12:01:03','2021-05-24 12:01:03'),
(372,1,0,'FeatureValue añadido','FeatureValue',16,1,'2021-05-24 12:01:11','2021-05-24 12:01:11'),
(373,1,0,'FeatureValue añadido','FeatureValue',17,1,'2021-05-24 12:01:19','2021-05-24 12:01:19'),
(374,1,0,'Product modification','Product',19,1,'2021-05-24 12:03:32','2021-05-24 12:03:32'),
(375,1,0,'Feature añadido','Feature',5,1,'2021-05-24 12:18:19','2021-05-24 12:18:19'),
(376,1,0,'FeatureValue añadido','FeatureValue',18,1,'2021-05-24 12:18:40','2021-05-24 12:18:40'),
(377,1,0,'FeatureValue añadido','FeatureValue',19,1,'2021-05-24 12:18:47','2021-05-24 12:18:47'),
(378,1,0,'FeatureValue añadido','FeatureValue',20,1,'2021-05-24 12:18:50','2021-05-24 12:18:50'),
(379,1,0,'Product modification','Product',3,1,'2021-05-24 12:19:12','2021-05-24 12:19:12'),
(380,1,0,'FeatureValue eliminado','FeatureValue',19,1,'2021-05-24 12:19:34','2021-05-24 12:19:34'),
(381,1,0,'FeatureValue eliminado','FeatureValue',15,1,'2021-05-24 12:19:49','2021-05-24 12:19:49'),
(382,1,0,'Product modification','Product',3,1,'2021-05-24 13:20:50','2021-05-24 13:20:50'),
(383,1,0,'Conexión al back-office desde ::1','',0,1,'2021-05-24 17:13:27','2021-05-24 17:13:27'),
(384,1,0,'Conexión al back-office desde ::1','',0,1,'2021-05-25 08:11:02','2021-05-25 08:11:02'),
(385,1,0,'Conexión al back-office desde ::1','',0,1,'2021-05-25 10:31:45','2021-05-25 10:31:45'),
(386,1,0,'Conexión al back-office desde ::1','',0,1,'2021-05-26 10:16:52','2021-05-26 10:16:52'),
(387,1,0,'Conexión al back-office desde ::1','',0,1,'2021-05-27 16:43:41','2021-05-27 16:43:41'),
(388,1,0,'Product modification','Product',4,1,'2021-05-27 17:14:43','2021-05-27 17:14:43'),
(389,1,0,'Product modification','Product',4,1,'2021-05-27 17:17:19','2021-05-27 17:17:19'),
(390,1,0,'Product modification','Product',4,1,'2021-05-27 17:17:23','2021-05-27 17:17:23'),
(391,1,0,'Product modification','Product',4,1,'2021-05-27 17:18:01','2021-05-27 17:18:01'),
(392,1,0,'Conexión al back-office desde ::1','',0,1,'2021-05-31 09:24:47','2021-05-31 09:24:47');

-- 
-- Definition of ps_mail
-- 

CREATE TABLE IF NOT EXISTS `ps_mail` (
  `id_mail` int(11) unsigned NOT NULL AUTO_INCREMENT,
  `recipient` varchar(126) NOT NULL,
  `template` varchar(62) NOT NULL,
  `subject` varchar(254) NOT NULL,
  `id_lang` int(11) unsigned NOT NULL,
  `date_add` timestamp NOT NULL DEFAULT CURRENT_TIMESTAMP,
  PRIMARY KEY (`id_mail`),
  KEY `recipient` (`recipient`(10))
) ENGINE=InnoDB DEFAULT CHARSET=utf8mb4;

-- 
-- Dumping data for table ps_mail
-- 



-- 
-- Definition of ps_manufacturer
-- 

CREATE TABLE IF NOT EXISTS `ps_manufacturer` (
  `id_manufacturer` int(10) unsigned NOT NULL AUTO_INCREMENT,
  `name` varchar(64) NOT NULL,
  `date_add` datetime NOT NULL,
  `date_upd` datetime NOT NULL,
  `active` tinyint(1) NOT NULL DEFAULT '0',
  PRIMARY KEY (`id_manufacturer`)
) ENGINE=InnoDB AUTO_INCREMENT=6 DEFAULT CHARSET=utf8mb4;

-- 
-- Dumping data for table ps_manufacturer
-- 

INSERT INTO `ps_manufacturer`(`id_manufacturer`,`name`,`date_add`,`date_upd`,`active`) VALUES
(1,'Studio Design','2021-04-12 15:59:20','2021-04-12 15:59:20',1),
(2,'Graphic Corner','2021-04-12 15:59:20','2021-04-12 15:59:20',1),
(3,'CALVIN KLEIN','2021-05-06 10:29:20','2021-05-06 10:29:20',1),
(4,'DOLCE & GABANNA','2021-05-24 08:28:11','2021-05-24 08:28:11',1),
(5,'REVOLUTION','2021-05-27 17:16:56','2021-05-27 17:16:56',1);

-- 
-- Definition of ps_manufacturer_lang
-- 

CREATE TABLE IF NOT EXISTS `ps_manufacturer_lang` (
  `id_manufacturer` int(10) unsigned NOT NULL,
  `id_lang` int(10) unsigned NOT NULL,
  `description` text,
  `short_description` text,
  `meta_title` varchar(255) DEFAULT NULL,
  `meta_keywords` varchar(255) DEFAULT NULL,
  `meta_description` varchar(512) DEFAULT NULL,
  PRIMARY KEY (`id_manufacturer`,`id_lang`)
) ENGINE=InnoDB DEFAULT CHARSET=utf8mb4;

-- 
-- Dumping data for table ps_manufacturer_lang
-- 

INSERT INTO `ps_manufacturer_lang`(`id_manufacturer`,`id_lang`,`description`,`short_description`,`meta_title`,`meta_keywords`,`meta_description`) VALUES
(1,1,'<p><span style=\"font-size:10pt;font-style:normal;\">Studio Design offers a range of items from ready-to-wear collections to contemporary objects. The brand has been presenting new ideas and trends since its creation in 2012.</span></p>','','','',''),
(2,1,'<p><span style=\"font-size:10pt;font-style:normal;\">Since 2010, Graphic Corner offers a large choice of quality posters, available on paper and many other formats. </span></p>','','','',''),
(3,1,'','','','',''),
(4,1,'','','','',''),
(5,1,'','','','','');

-- 
-- Definition of ps_manufacturer_shop
-- 

CREATE TABLE IF NOT EXISTS `ps_manufacturer_shop` (
  `id_manufacturer` int(11) unsigned NOT NULL,
  `id_shop` int(11) unsigned NOT NULL,
  PRIMARY KEY (`id_manufacturer`,`id_shop`),
  KEY `id_shop` (`id_shop`)
) ENGINE=InnoDB DEFAULT CHARSET=utf8mb4;

-- 
-- Dumping data for table ps_manufacturer_shop
-- 

INSERT INTO `ps_manufacturer_shop`(`id_manufacturer`,`id_shop`) VALUES
(1,1),
(2,1),
(3,1),
(4,1),
(5,1);

-- 
-- Definition of ps_memcached_servers
-- 

CREATE TABLE IF NOT EXISTS `ps_memcached_servers` (
  `id_memcached_server` int(11) unsigned NOT NULL AUTO_INCREMENT,
  `ip` varchar(254) NOT NULL,
  `port` int(11) unsigned NOT NULL,
  `weight` int(11) unsigned NOT NULL,
  PRIMARY KEY (`id_memcached_server`)
) ENGINE=InnoDB DEFAULT CHARSET=utf8mb4;

-- 
-- Dumping data for table ps_memcached_servers
-- 



-- 
-- Definition of ps_message
-- 

CREATE TABLE IF NOT EXISTS `ps_message` (
  `id_message` int(10) unsigned NOT NULL AUTO_INCREMENT,
  `id_cart` int(10) unsigned DEFAULT NULL,
  `id_customer` int(10) unsigned NOT NULL,
  `id_employee` int(10) unsigned DEFAULT NULL,
  `id_order` int(10) unsigned NOT NULL,
  `message` text NOT NULL,
  `private` tinyint(1) unsigned NOT NULL DEFAULT '1',
  `date_add` datetime NOT NULL,
  PRIMARY KEY (`id_message`),
  KEY `message_order` (`id_order`),
  KEY `id_cart` (`id_cart`),
  KEY `id_customer` (`id_customer`),
  KEY `id_employee` (`id_employee`)
) ENGINE=InnoDB DEFAULT CHARSET=utf8mb4;

-- 
-- Dumping data for table ps_message
-- 



-- 
-- Definition of ps_message_readed
-- 

CREATE TABLE IF NOT EXISTS `ps_message_readed` (
  `id_message` int(10) unsigned NOT NULL,
  `id_employee` int(10) unsigned NOT NULL,
  `date_add` datetime NOT NULL,
  PRIMARY KEY (`id_message`,`id_employee`)
) ENGINE=InnoDB DEFAULT CHARSET=utf8mb4;

-- 
-- Dumping data for table ps_message_readed
-- 



-- 
-- Definition of ps_meta
-- 

CREATE TABLE IF NOT EXISTS `ps_meta` (
  `id_meta` int(10) unsigned NOT NULL AUTO_INCREMENT,
  `page` varchar(64) NOT NULL,
  `configurable` tinyint(1) unsigned NOT NULL DEFAULT '1',
  PRIMARY KEY (`id_meta`),
  UNIQUE KEY `page` (`page`)
) ENGINE=InnoDB AUTO_INCREMENT=45 DEFAULT CHARSET=utf8mb4;

-- 
-- Dumping data for table ps_meta
-- 

INSERT INTO `ps_meta`(`id_meta`,`page`,`configurable`) VALUES
(1,'pagenotfound',1),
(2,'best-sales',1),
(3,'contact',1),
(4,'index',1),
(5,'manufacturer',1),
(6,'new-products',1),
(7,'password',1),
(8,'prices-drop',1),
(9,'sitemap',1),
(10,'supplier',1),
(11,'address',1),
(12,'addresses',1),
(13,'authentication',1),
(14,'cart',1),
(15,'discount',1),
(16,'history',1),
(17,'identity',1),
(18,'my-account',1),
(19,'order-follow',1),
(20,'order-slip',1),
(21,'order',1),
(22,'search',1),
(23,'stores',1),
(24,'guest-tracking',1),
(25,'order-confirmation',1),
(26,'product',0),
(27,'category',0),
(28,'cms',0),
(29,'module-cheque-payment',0),
(30,'module-cheque-validation',0),
(31,'module-bankwire-validation',0),
(32,'module-bankwire-payment',0),
(33,'module-cashondelivery-validation',0),
(34,'module-ps_checkpayment-payment',1),
(35,'module-ps_checkpayment-validation',1),
(36,'module-ps_emailsubscription-verification',1),
(37,'module-ps_emailsubscription-subscription',1),
(38,'module-ps_shoppingcart-ajax',1),
(39,'module-ps_wirepayment-payment',1),
(40,'module-ps_wirepayment-validation',1),
(41,'module-ps_metrics-AdminOauthCallback',1),
(42,'module-ps_metrics-AdminAjaxDashboard',1),
(43,'module-ps_metrics-AdminAjaxSettings',1),
(44,'module-leobootstrapmenu-widget',1);

-- 
-- Definition of ps_meta_lang
-- 

CREATE TABLE IF NOT EXISTS `ps_meta_lang` (
  `id_meta` int(10) unsigned NOT NULL,
  `id_shop` int(11) unsigned NOT NULL DEFAULT '1',
  `id_lang` int(10) unsigned NOT NULL,
  `title` varchar(128) DEFAULT NULL,
  `description` varchar(255) DEFAULT NULL,
  `keywords` varchar(255) DEFAULT NULL,
  `url_rewrite` varchar(254) NOT NULL,
  PRIMARY KEY (`id_meta`,`id_shop`,`id_lang`),
  KEY `id_shop` (`id_shop`),
  KEY `id_lang` (`id_lang`)
) ENGINE=InnoDB DEFAULT CHARSET=utf8mb4;

-- 
-- Dumping data for table ps_meta_lang
-- 

INSERT INTO `ps_meta_lang`(`id_meta`,`id_shop`,`id_lang`,`title`,`description`,`keywords`,`url_rewrite`) VALUES
(1,1,1,'Error 404','Página no encontrada','','pagina-no-encontrada'),
(2,1,1,'Los más vendidos','Los más vendidos','','mas-vendidos'),
(3,1,1,'Contacte con nosotros','Contáctenos','','contactenos'),
(4,1,1,'','Tienda creada con PrestaShop','',''),
(5,1,1,'Brands','Brands list','','brands'),
(6,1,1,'Novedades','Novedades','','novedades'),
(7,1,1,'Ha olvidado su contraseña','Introduzca la dirección de correo electrónico que utiliza a la hora de iniciar sesión, para recibir un correo electrónico con una nueva contraseña','','recuperar-contraseña'),
(8,1,1,'Ofertas','Our special products','','productos-rebajados'),
(9,1,1,'Mapa del sitio','¿Perdido? Encuentre lo que está buscando','','mapa del sitio'),
(10,1,1,'Proveedores','Listado de proveedores','','proveedor'),
(11,1,1,'Dirección','','','direccion'),
(12,1,1,'Direcciones','','','direcciones'),
(13,1,1,'Iniciar sesión','','','iniciar-sesion'),
(14,1,1,'Carrito','','','carrito'),
(15,1,1,'Descuento','','','descuento'),
(16,1,1,'Historial de pedidos','','','historial-compra'),
(17,1,1,'Datos personales','','','datos-personales'),
(18,1,1,'Mi cuenta','','','mi-cuenta'),
(19,1,1,'Seguimiento del pedido','','','seguimiento-pedido'),
(20,1,1,'Factura por abono','','','facturas-abono'),
(21,1,1,'Pedido','','','pedido'),
(22,1,1,'Buscar','','','busqueda'),
(23,1,1,'Tiendas','','','tiendas'),
(24,1,1,'Seguimiento de pedidos de clientes invitados','','','seguimiento-pedido-invitado'),
(25,1,1,'Confirmación de pedido','','','confirmacion-pedido'),
(34,1,1,'','','',''),
(35,1,1,'','','',''),
(36,1,1,'','','',''),
(37,1,1,'','','',''),
(38,1,1,'','','',''),
(39,1,1,'','','',''),
(40,1,1,'','','',''),
(41,1,1,'','','',''),
(42,1,1,'','','',''),
(43,1,1,'','','',''),
(44,1,1,'','','','');

-- 
-- Definition of ps_module
-- 

CREATE TABLE IF NOT EXISTS `ps_module` (
  `id_module` int(10) unsigned NOT NULL AUTO_INCREMENT,
  `name` varchar(64) NOT NULL,
  `active` tinyint(1) unsigned NOT NULL DEFAULT '0',
  `version` varchar(8) NOT NULL,
  PRIMARY KEY (`id_module`),
  UNIQUE KEY `name_UNIQUE` (`name`),
  KEY `name` (`name`)
) ENGINE=InnoDB AUTO_INCREMENT=74 DEFAULT CHARSET=utf8mb4;

-- 
-- Dumping data for table ps_module
-- 

INSERT INTO `ps_module`(`id_module`,`name`,`active`,`version`) VALUES
(1,'contactform',1,'4.3.0'),
(2,'dashactivity',1,'2.0.2'),
(3,'dashgoals',1,'2.0.2'),
(4,'dashproducts',1,'2.1.1'),
(5,'dashtrends',1,'2.0.3'),
(6,'graphnvd3',1,'2.0.1'),
(7,'gridhtml',1,'2.0.1'),
(8,'gsitemap',1,'4.2.0'),
(9,'pagesnotfound',1,'2.0.0'),
(10,'productcomments',1,'4.2.1'),
(11,'ps_banner',1,'2.1.1'),
(12,'ps_categorytree',1,'2.0.2'),
(13,'ps_checkpayment',1,'2.0.5'),
(14,'ps_contactinfo',1,'3.3.0'),
(15,'ps_crossselling',1,'2.0.1'),
(16,'ps_currencyselector',1,'2.0.1'),
(17,'ps_customeraccountlinks',1,'3.1.1'),
(18,'ps_customersignin',1,'2.0.4'),
(19,'ps_customtext',1,'4.1.1'),
(20,'ps_dataprivacy',1,'2.0.1'),
(21,'ps_emailsubscription',1,'2.6.0'),
(23,'ps_faviconnotificationbo',1,'2.1.0'),
(24,'ps_featuredproducts',1,'2.1.0'),
(25,'ps_imageslider',1,'3.1.0'),
(26,'ps_languageselector',1,'2.1.0'),
(28,'ps_mainmenu',1,'2.2.0'),
(29,'ps_searchbar',1,'2.0.2'),
(30,'ps_sharebuttons',1,'2.1.0'),
(31,'ps_shoppingcart',1,'2.0.4'),
(32,'ps_socialfollow',1,'2.1.0'),
(33,'ps_themecusto',1,'1.2.1'),
(34,'ps_wirepayment',1,'2.1.0'),
(35,'sekeywords',1,'2.0.0'),
(36,'statsbestcategories',1,'2.0.0'),
(37,'statsbestcustomers',1,'2.0.2'),
(38,'statsbestproducts',1,'2.0.0'),
(39,'statsbestsuppliers',1,'2.0.0'),
(40,'statsbestvouchers',1,'2.0.0'),
(41,'statscarrier',1,'2.0.0'),
(42,'statscatalog',1,'2.0.1'),
(43,'statscheckup',1,'2.0.1'),
(44,'statsdata',1,'2.1.0'),
(45,'statsequipment',1,'2.0.0'),
(46,'statsforecast',1,'2.0.3'),
(47,'statslive',1,'2.1.0'),
(48,'statsnewsletter',1,'2.0.2'),
(49,'statsorigin',1,'2.0.2'),
(50,'statspersonalinfos',1,'2.0.3'),
(51,'statsproduct',1,'2.0.3'),
(52,'statsregistrations',1,'2.0.0'),
(53,'statssales',1,'2.0.0'),
(54,'statssearch',1,'2.0.1'),
(55,'statsstock',1,'2.0.0'),
(56,'statsvisits',1,'2.0.3'),
(57,'welcome',1,'6.0.4'),
(58,'gamification',1,'2.3.2'),
(59,'emarketing',1,'2.2.1'),
(60,'psaddonsconnect',1,'2.1.2'),
(61,'psgdpr',1,'1.2.1'),
(62,'ps_mbo',1,'2.0.1'),
(63,'ps_buybuttonlite',1,'1.0.1'),
(64,'ps_checkout',1,'2.13.0'),
(65,'ps_metrics',1,'1.3.3'),
(66,'ps_accounts',1,'3.3.4'),
(67,'blockreassurance',1,'5.0.0'),
(68,'ps_facetedsearch',1,'3.7.1'),
(69,'imaxhomebanners',1,'1.4'),
(70,'ps_bestsellers',1,'1.0.3'),
(71,'imaxlinks',1,'1.4'),
(72,'ps_linklist',1,'4.0.0'),
(73,'leobootstrapmenu',1,'4.1.1');

-- 
-- Definition of ps_module_access
-- 

CREATE TABLE IF NOT EXISTS `ps_module_access` (
  `id_profile` int(10) unsigned NOT NULL,
  `id_authorization_role` int(10) unsigned NOT NULL,
  PRIMARY KEY (`id_profile`,`id_authorization_role`)
) ENGINE=InnoDB DEFAULT CHARSET=utf8mb4;

-- 
-- Dumping data for table ps_module_access
-- 

INSERT INTO `ps_module_access`(`id_profile`,`id_authorization_role`) VALUES
(1,481),
(1,482),
(1,483),
(1,484),
(1,485),
(1,486),
(1,487),
(1,488),
(1,493),
(1,494),
(1,495),
(1,496),
(1,497),
(1,498),
(1,499),
(1,500),
(1,501),
(1,502),
(1,503),
(1,504),
(1,505),
(1,506),
(1,507),
(1,508),
(1,509),
(1,510),
(1,511),
(1,512),
(1,513),
(1,514),
(1,515),
(1,516),
(1,517),
(1,518),
(1,519),
(1,520),
(1,521),
(1,522),
(1,523),
(1,524),
(1,525),
(1,526),
(1,527),
(1,528),
(1,529),
(1,530),
(1,531),
(1,532),
(1,533),
(1,534),
(1,535),
(1,536),
(1,537),
(1,538),
(1,539),
(1,540),
(1,541),
(1,542),
(1,543),
(1,544),
(1,545),
(1,546),
(1,547),
(1,548),
(1,549),
(1,550),
(1,551),
(1,552),
(1,553),
(1,554),
(1,555),
(1,556),
(1,557),
(1,558),
(1,559),
(1,560),
(1,561),
(1,562),
(1,563),
(1,564),
(1,565),
(1,566),
(1,567),
(1,568),
(1,573),
(1,574),
(1,575),
(1,576),
(1,581),
(1,582),
(1,583),
(1,584),
(1,585),
(1,586),
(1,587),
(1,588),
(1,589),
(1,590),
(1,591),
(1,592),
(1,597),
(1,598),
(1,599),
(1,600),
(1,601),
(1,602),
(1,603),
(1,604),
(1,605),
(1,606),
(1,607),
(1,608),
(1,609),
(1,610),
(1,611),
(1,612),
(1,613),
(1,614),
(1,615),
(1,616),
(1,617),
(1,618),
(1,619),
(1,620),
(1,633),
(1,634),
(1,635),
(1,636),
(1,637),
(1,638),
(1,639),
(1,640),
(1,641),
(1,642),
(1,643),
(1,644),
(1,645),
(1,646),
(1,647),
(1,648),
(1,649),
(1,650),
(1,651),
(1,652),
(1,653),
(1,654),
(1,655),
(1,656),
(1,657),
(1,658),
(1,659),
(1,660),
(1,661),
(1,662),
(1,663),
(1,664),
(1,665),
(1,666),
(1,667),
(1,668),
(1,669),
(1,670),
(1,671),
(1,672),
(1,673),
(1,674),
(1,675),
(1,676),
(1,677),
(1,678),
(1,679),
(1,680),
(1,681),
(1,682),
(1,683),
(1,684),
(1,685),
(1,686),
(1,687),
(1,688),
(1,689),
(1,690),
(1,691),
(1,692),
(1,693),
(1,694),
(1,695),
(1,696),
(1,697),
(1,698),
(1,699),
(1,700),
(1,701),
(1,702),
(1,703),
(1,704),
(1,705),
(1,706),
(1,707),
(1,708),
(1,709),
(1,710),
(1,711),
(1,712),
(1,713),
(1,714),
(1,715),
(1,716),
(1,717),
(1,718),
(1,719),
(1,720),
(1,721),
(1,722),
(1,723),
(1,724),
(1,725),
(1,726),
(1,727),
(1,728),
(1,737),
(1,738),
(1,739),
(1,740),
(1,741),
(1,742),
(1,743),
(1,744),
(1,749),
(1,750),
(1,751),
(1,752),
(1,753),
(1,754),
(1,755),
(1,756),
(1,765),
(1,766),
(1,767),
(1,768),
(1,785),
(1,786),
(1,787),
(1,788),
(1,793),
(1,794),
(1,795),
(1,796),
(1,805),
(1,806),
(1,807),
(1,808),
(1,833),
(1,834),
(1,835),
(1,836),
(1,845),
(1,846),
(1,847),
(1,848),
(1,853),
(1,854),
(1,855),
(1,856),
(1,857),
(1,858),
(1,859),
(1,860),
(1,869),
(1,870),
(1,871),
(1,872),
(1,873),
(1,874),
(1,875),
(1,876),
(1,885),
(1,886),
(1,887),
(1,888),
(1,889),
(1,890),
(1,891),
(1,892);

-- 
-- Definition of ps_module_carrier
-- 

CREATE TABLE IF NOT EXISTS `ps_module_carrier` (
  `id_module` int(10) unsigned NOT NULL,
  `id_shop` int(11) unsigned NOT NULL DEFAULT '1',
  `id_reference` int(11) NOT NULL,
  PRIMARY KEY (`id_module`,`id_shop`,`id_reference`)
) ENGINE=InnoDB DEFAULT CHARSET=utf8mb4;

-- 
-- Dumping data for table ps_module_carrier
-- 

INSERT INTO `ps_module_carrier`(`id_module`,`id_shop`,`id_reference`) VALUES
(13,1,1),
(13,1,2),
(13,1,3),
(13,1,4),
(34,1,1),
(34,1,2),
(34,1,3),
(34,1,4),
(64,1,1),
(64,1,2),
(64,1,3),
(64,1,4);

-- 
-- Definition of ps_module_country
-- 

CREATE TABLE IF NOT EXISTS `ps_module_country` (
  `id_module` int(10) unsigned NOT NULL,
  `id_shop` int(11) unsigned NOT NULL DEFAULT '1',
  `id_country` int(10) unsigned NOT NULL,
  PRIMARY KEY (`id_module`,`id_shop`,`id_country`)
) ENGINE=InnoDB DEFAULT CHARSET=utf8mb4;

-- 
-- Dumping data for table ps_module_country
-- 

INSERT INTO `ps_module_country`(`id_module`,`id_shop`,`id_country`) VALUES
(13,1,6),
(34,1,6),
(64,1,1),
(64,1,2),
(64,1,3),
(64,1,4),
(64,1,5),
(64,1,6),
(64,1,7),
(64,1,8),
(64,1,9),
(64,1,10),
(64,1,11),
(64,1,12),
(64,1,13),
(64,1,14),
(64,1,15),
(64,1,16),
(64,1,17),
(64,1,18),
(64,1,19),
(64,1,20),
(64,1,21),
(64,1,22),
(64,1,23),
(64,1,24),
(64,1,25),
(64,1,26),
(64,1,27),
(64,1,28),
(64,1,29),
(64,1,30),
(64,1,31),
(64,1,32),
(64,1,33),
(64,1,34),
(64,1,35),
(64,1,36),
(64,1,37),
(64,1,38),
(64,1,40),
(64,1,41),
(64,1,42),
(64,1,43),
(64,1,44),
(64,1,45),
(64,1,46),
(64,1,47),
(64,1,48),
(64,1,49),
(64,1,51),
(64,1,52),
(64,1,53),
(64,1,54),
(64,1,55),
(64,1,56),
(64,1,57),
(64,1,58),
(64,1,59),
(64,1,60),
(64,1,62),
(64,1,63),
(64,1,64),
(64,1,65),
(64,1,67),
(64,1,68),
(64,1,69),
(64,1,70),
(64,1,71),
(64,1,72),
(64,1,73),
(64,1,74),
(64,1,76),
(64,1,77),
(64,1,78),
(64,1,79),
(64,1,81),
(64,1,82),
(64,1,83),
(64,1,85),
(64,1,86),
(64,1,87),
(64,1,88),
(64,1,89),
(64,1,90),
(64,1,91),
(64,1,92),
(64,1,93),
(64,1,95),
(64,1,96),
(64,1,97),
(64,1,98),
(64,1,100),
(64,1,102),
(64,1,103),
(64,1,104),
(64,1,107),
(64,1,108),
(64,1,109),
(64,1,110),
(64,1,111),
(64,1,115),
(64,1,117),
(64,1,118),
(64,1,119),
(64,1,120),
(64,1,122),
(64,1,123),
(64,1,124),
(64,1,125),
(64,1,127),
(64,1,130),
(64,1,131),
(64,1,133),
(64,1,134),
(64,1,135),
(64,1,136),
(64,1,137),
(64,1,138),
(64,1,139),
(64,1,140),
(64,1,141),
(64,1,142),
(64,1,143),
(64,1,144),
(64,1,145),
(64,1,146),
(64,1,147),
(64,1,148),
(64,1,149),
(64,1,150),
(64,1,151),
(64,1,152),
(64,1,153),
(64,1,154),
(64,1,155),
(64,1,156),
(64,1,158),
(64,1,159),
(64,1,160),
(64,1,161),
(64,1,162),
(64,1,164),
(64,1,166),
(64,1,168),
(64,1,169),
(64,1,170),
(64,1,171),
(64,1,172),
(64,1,173),
(64,1,175),
(64,1,176),
(64,1,177),
(64,1,178),
(64,1,180),
(64,1,181),
(64,1,183),
(64,1,184),
(64,1,185),
(64,1,186),
(64,1,187),
(64,1,188),
(64,1,189),
(64,1,190),
(64,1,191),
(64,1,192),
(64,1,193),
(64,1,194),
(64,1,195),
(64,1,197),
(64,1,199),
(64,1,200),
(64,1,201),
(64,1,203),
(64,1,204),
(64,1,205),
(64,1,206),
(64,1,208),
(64,1,209),
(64,1,210),
(64,1,212),
(64,1,213),
(64,1,214),
(64,1,215),
(64,1,216),
(64,1,217),
(64,1,218),
(64,1,220),
(64,1,221),
(64,1,222),
(64,1,223),
(64,1,225),
(64,1,227),
(64,1,228),
(64,1,229),
(64,1,230),
(64,1,233),
(64,1,236),
(64,1,237),
(64,1,240),
(64,1,241),
(64,1,242);

-- 
-- Definition of ps_module_currency
-- 

CREATE TABLE IF NOT EXISTS `ps_module_currency` (
  `id_module` int(10) unsigned NOT NULL,
  `id_shop` int(11) unsigned NOT NULL DEFAULT '1',
  `id_currency` int(11) NOT NULL,
  PRIMARY KEY (`id_module`,`id_shop`,`id_currency`),
  KEY `id_module` (`id_module`)
) ENGINE=InnoDB DEFAULT CHARSET=utf8mb4;

-- 
-- Dumping data for table ps_module_currency
-- 

INSERT INTO `ps_module_currency`(`id_module`,`id_shop`,`id_currency`) VALUES
(13,1,1),
(34,1,1),
(64,1,1);

-- 
-- Definition of ps_module_group
-- 

CREATE TABLE IF NOT EXISTS `ps_module_group` (
  `id_module` int(10) unsigned NOT NULL,
  `id_shop` int(11) unsigned NOT NULL DEFAULT '1',
  `id_group` int(11) unsigned NOT NULL,
  PRIMARY KEY (`id_module`,`id_shop`,`id_group`)
) ENGINE=InnoDB DEFAULT CHARSET=utf8mb4;

-- 
-- Dumping data for table ps_module_group
-- 

INSERT INTO `ps_module_group`(`id_module`,`id_shop`,`id_group`) VALUES
(1,1,1),
(1,1,2),
(1,1,3),
(2,1,1),
(2,1,2),
(2,1,3),
(3,1,1),
(3,1,2),
(3,1,3),
(4,1,1),
(4,1,2),
(4,1,3),
(5,1,1),
(5,1,2),
(5,1,3),
(6,1,1),
(6,1,2),
(6,1,3),
(7,1,1),
(7,1,2),
(7,1,3),
(8,1,1),
(8,1,2),
(8,1,3),
(9,1,1),
(9,1,2),
(9,1,3),
(10,1,1),
(10,1,2),
(10,1,3),
(11,1,1),
(11,1,2),
(11,1,3),
(12,1,1),
(12,1,2),
(12,1,3),
(13,1,1),
(13,1,2),
(13,1,3),
(14,1,1),
(14,1,2),
(14,1,3),
(15,1,1),
(15,1,2),
(15,1,3),
(16,1,1),
(16,1,2),
(16,1,3),
(17,1,1),
(17,1,2),
(17,1,3),
(18,1,1),
(18,1,2),
(18,1,3),
(19,1,1),
(19,1,2),
(19,1,3),
(20,1,1),
(20,1,2),
(20,1,3),
(21,1,1),
(21,1,2),
(21,1,3),
(23,1,1),
(23,1,2),
(23,1,3),
(24,1,1),
(24,1,2),
(24,1,3),
(25,1,1),
(25,1,2),
(25,1,3),
(26,1,1),
(26,1,2),
(26,1,3),
(28,1,1),
(28,1,2),
(28,1,3),
(29,1,1),
(29,1,2),
(29,1,3),
(30,1,1),
(30,1,2),
(30,1,3),
(31,1,1),
(31,1,2),
(31,1,3),
(32,1,1),
(32,1,2),
(32,1,3),
(33,1,1),
(33,1,2),
(33,1,3),
(34,1,1),
(34,1,2),
(34,1,3),
(35,1,1),
(35,1,2),
(35,1,3),
(36,1,1),
(36,1,2),
(36,1,3),
(37,1,1),
(37,1,2),
(37,1,3),
(38,1,1),
(38,1,2),
(38,1,3),
(39,1,1),
(39,1,2),
(39,1,3),
(40,1,1),
(40,1,2),
(40,1,3),
(41,1,1),
(41,1,2),
(41,1,3),
(42,1,1),
(42,1,2),
(42,1,3),
(43,1,1),
(43,1,2),
(43,1,3),
(44,1,1),
(44,1,2),
(44,1,3),
(45,1,1),
(45,1,2),
(45,1,3),
(46,1,1),
(46,1,2),
(46,1,3),
(47,1,1),
(47,1,2),
(47,1,3),
(48,1,1),
(48,1,2),
(48,1,3),
(49,1,1),
(49,1,2),
(49,1,3),
(50,1,1),
(50,1,2),
(50,1,3),
(51,1,1),
(51,1,2),
(51,1,3),
(52,1,1),
(52,1,2),
(52,1,3),
(53,1,1),
(53,1,2),
(53,1,3),
(54,1,1),
(54,1,2),
(54,1,3),
(55,1,1),
(55,1,2),
(55,1,3),
(56,1,1),
(56,1,2),
(56,1,3),
(57,1,1),
(57,1,2),
(57,1,3),
(58,1,1),
(58,1,2),
(58,1,3),
(59,1,1),
(59,1,2),
(59,1,3),
(60,1,1),
(60,1,2),
(60,1,3),
(61,1,1),
(61,1,2),
(61,1,3),
(62,1,1),
(62,1,2),
(62,1,3),
(63,1,1),
(63,1,2),
(63,1,3),
(64,1,1),
(64,1,2),
(64,1,3),
(65,1,1),
(65,1,2),
(65,1,3),
(66,1,1),
(66,1,2),
(66,1,3),
(67,1,1),
(67,1,2),
(67,1,3),
(68,1,1),
(68,1,2),
(68,1,3),
(69,1,1),
(69,1,2),
(69,1,3),
(70,1,1),
(70,1,2),
(70,1,3),
(71,1,1),
(71,1,2),
(71,1,3),
(72,1,1),
(72,1,2),
(72,1,3),
(73,1,1),
(73,1,2),
(73,1,3);

-- 
-- Definition of ps_module_history
-- 

CREATE TABLE IF NOT EXISTS `ps_module_history` (
  `id` int(11) NOT NULL AUTO_INCREMENT,
  `id_employee` int(11) NOT NULL,
  `id_module` int(11) NOT NULL,
  `date_add` datetime NOT NULL,
  `date_upd` datetime NOT NULL,
  PRIMARY KEY (`id`)
) ENGINE=InnoDB AUTO_INCREMENT=10 DEFAULT CHARSET=utf8mb4 COLLATE=utf8mb4_unicode_ci;

-- 
-- Dumping data for table ps_module_history
-- 

INSERT INTO `ps_module_history`(`id`,`id_employee`,`id_module`,`date_add`,`date_upd`) VALUES
(1,1,28,'2021-04-13 16:58:22','2021-04-13 17:06:37'),
(2,1,69,'2021-04-13 17:14:13','2021-05-18 18:15:57'),
(3,1,70,'2021-04-21 11:36:42','2021-04-21 11:36:42'),
(4,1,27,'2021-04-21 15:38:02','2021-04-21 15:38:02'),
(5,1,71,'2021-04-21 15:51:24','2021-04-27 16:25:25'),
(6,1,72,'2021-04-22 08:30:59','2021-04-22 09:00:04'),
(7,1,73,'2021-04-27 08:10:25','2021-05-31 09:25:02'),
(8,1,12,'2021-05-20 09:11:10','2021-05-27 16:45:25'),
(9,1,68,'2021-05-21 11:21:58','2021-05-26 11:16:42');

-- 
-- Definition of ps_module_preference
-- 

CREATE TABLE IF NOT EXISTS `ps_module_preference` (
  `id_module_preference` int(11) NOT NULL AUTO_INCREMENT,
  `id_employee` int(11) NOT NULL,
  `module` varchar(191) NOT NULL,
  `interest` tinyint(1) DEFAULT NULL,
  `favorite` tinyint(1) DEFAULT NULL,
  PRIMARY KEY (`id_module_preference`),
  UNIQUE KEY `employee_module` (`id_employee`,`module`)
) ENGINE=InnoDB DEFAULT CHARSET=utf8mb4;

-- 
-- Dumping data for table ps_module_preference
-- 



-- 
-- Definition of ps_module_shop
-- 

CREATE TABLE IF NOT EXISTS `ps_module_shop` (
  `id_module` int(11) unsigned NOT NULL,
  `id_shop` int(11) unsigned NOT NULL,
  `enable_device` tinyint(1) NOT NULL DEFAULT '7',
  PRIMARY KEY (`id_module`,`id_shop`),
  KEY `id_shop` (`id_shop`)
) ENGINE=InnoDB DEFAULT CHARSET=utf8mb4;

-- 
-- Dumping data for table ps_module_shop
-- 

INSERT INTO `ps_module_shop`(`id_module`,`id_shop`,`enable_device`) VALUES
(1,1,1),
(2,1,1),
(3,1,1),
(4,1,1),
(5,1,1),
(6,1,1),
(7,1,1),
(8,1,1),
(9,1,1),
(10,1,1),
(11,1,1),
(12,1,1),
(13,1,1),
(14,1,1),
(15,1,1),
(16,1,1),
(17,1,1),
(18,1,1),
(19,1,1),
(20,1,1),
(21,1,1),
(23,1,1),
(24,1,1),
(25,1,1),
(26,1,1),
(29,1,1),
(30,1,1),
(31,1,1),
(32,1,1),
(33,1,1),
(34,1,1),
(35,1,1),
(36,1,1),
(37,1,1),
(38,1,1),
(39,1,1),
(40,1,1),
(41,1,1),
(42,1,1),
(43,1,1),
(44,1,1),
(45,1,1),
(46,1,1),
(47,1,1),
(48,1,1),
(49,1,1),
(50,1,1),
(51,1,1),
(52,1,1),
(53,1,1),
(54,1,1),
(55,1,1),
(56,1,1),
(57,1,1),
(58,1,1),
(59,1,1),
(60,1,1),
(61,1,1),
(62,1,1),
(63,1,1),
(64,1,1),
(65,1,1),
(66,1,1),
(67,1,1),
(68,1,1),
(69,1,1),
(70,1,1),
(71,1,1),
(72,1,1),
(73,1,1);

-- 
-- Definition of ps_operating_system
-- 

CREATE TABLE IF NOT EXISTS `ps_operating_system` (
  `id_operating_system` int(10) unsigned NOT NULL AUTO_INCREMENT,
  `name` varchar(64) DEFAULT NULL,
  PRIMARY KEY (`id_operating_system`)
) ENGINE=InnoDB AUTO_INCREMENT=10 DEFAULT CHARSET=utf8mb4;

-- 
-- Dumping data for table ps_operating_system
-- 

INSERT INTO `ps_operating_system`(`id_operating_system`,`name`) VALUES
(1,'Windows XP'),
(2,'Windows Vista'),
(3,'Windows 7'),
(4,'Windows 8'),
(5,'Windows 8.1'),
(6,'Windows 10'),
(7,'MacOsX'),
(8,'Linux'),
(9,'Android');

-- 
-- Definition of ps_order_carrier
-- 

CREATE TABLE IF NOT EXISTS `ps_order_carrier` (
  `id_order_carrier` int(11) NOT NULL AUTO_INCREMENT,
  `id_order` int(11) unsigned NOT NULL,
  `id_carrier` int(11) unsigned NOT NULL,
  `id_order_invoice` int(11) unsigned DEFAULT NULL,
  `weight` decimal(20,6) DEFAULT NULL,
  `shipping_cost_tax_excl` decimal(20,6) DEFAULT NULL,
  `shipping_cost_tax_incl` decimal(20,6) DEFAULT NULL,
  `tracking_number` varchar(64) DEFAULT NULL,
  `date_add` datetime NOT NULL,
  PRIMARY KEY (`id_order_carrier`),
  KEY `id_order` (`id_order`),
  KEY `id_carrier` (`id_carrier`),
  KEY `id_order_invoice` (`id_order_invoice`)
) ENGINE=InnoDB AUTO_INCREMENT=6 DEFAULT CHARSET=utf8mb4;

-- 
-- Dumping data for table ps_order_carrier
-- 

INSERT INTO `ps_order_carrier`(`id_order_carrier`,`id_order`,`id_carrier`,`id_order_invoice`,`weight`,`shipping_cost_tax_excl`,`shipping_cost_tax_incl`,`tracking_number`,`date_add`) VALUES
(1,1,2,0,0.000000,2.000000,2.000000,'','2021-04-12 15:59:23'),
(2,2,2,0,0.000000,2.000000,2.000000,'','2021-04-12 15:59:23'),
(3,3,2,0,0.000000,2.000000,2.000000,'','2021-04-12 15:59:23'),
(4,4,2,0,0.000000,2.000000,2.000000,'','2021-04-12 15:59:23'),
(5,5,2,0,0.000000,2.000000,2.000000,'','2021-04-12 15:59:23');

-- 
-- Definition of ps_order_cart_rule
-- 

CREATE TABLE IF NOT EXISTS `ps_order_cart_rule` (
  `id_order_cart_rule` int(10) unsigned NOT NULL AUTO_INCREMENT,
  `id_order` int(10) unsigned NOT NULL,
  `id_cart_rule` int(10) unsigned NOT NULL,
  `id_order_invoice` int(10) unsigned DEFAULT '0',
  `name` varchar(254) NOT NULL,
  `value` decimal(20,6) NOT NULL DEFAULT '0.000000',
  `value_tax_excl` decimal(20,6) NOT NULL DEFAULT '0.000000',
  `free_shipping` tinyint(1) NOT NULL DEFAULT '0',
  `deleted` tinyint(1) unsigned NOT NULL DEFAULT '0',
  PRIMARY KEY (`id_order_cart_rule`),
  KEY `id_order` (`id_order`),
  KEY `id_cart_rule` (`id_cart_rule`)
) ENGINE=InnoDB DEFAULT CHARSET=utf8mb4;

-- 
