(10516,1,1,'/modules/blockreassurance/views/dist/front.js.map','','2021-05-24 16:48:10'),
(10517,1,1,'/themes/core.js.map','','2021-05-24 16:48:27'),
(10518,1,1,'/modules/blockreassurance/views/dist/front.js.map','','2021-05-24 16:48:27'),
(10519,1,1,'/themes/core.js.map','','2021-05-24 16:48:30'),
(10520,1,1,'/modules/blockreassurance/views/dist/front.js.map','','2021-05-24 16:48:31'),
(10521,1,1,'/themes/core.js.map','','2021-05-24 16:48:50'),
(10522,1,1,'/modules/blockreassurance/views/dist/front.js.map','','2021-05-24 16:48:50'),
(10523,1,1,'/themes/core.js.map','','2021-05-24 16:48:58'),
(10524,1,1,'/modules/blockreassurance/views/dist/front.js.map','','2021-05-24 16:48:58'),
(10525,1,1,'/themes/core.js.map','','2021-05-24 16:51:39'),
(10526,1,1,'/modules/blockreassurance/views/dist/front.js.map','','2021-05-24 16:51:40'),
(10527,1,1,'/themes/core.js.map','','2021-05-24 16:53:12'),
(10528,1,1,'/modules/blockreassurance/views/dist/front.js.map','','2021-05-24 16:53:12'),
(10529,1,1,'/themes/core.js.map','','2021-05-24 16:53:55'),
(10530,1,1,'/modules/blockreassurance/views/dist/front.js.map','','2021-05-24 16:53:56'),
(10531,1,1,'/themes/core.js.map','','2021-05-24 16:54:02'),
(10532,1,1,'/modules/blockreassurance/views/dist/front.js.map','','2021-05-24 16:54:02'),
(10533,1,1,'/themes/core.js.map','','2021-05-24 16:54:53'),
(10534,1,1,'/modules/blockreassurance/views/dist/front.js.map','','2021-05-24 16:54:53'),
(10535,1,1,'/themes/core.js.map','','2021-05-24 16:54:59'),
(10536,1,1,'/modules/blockreassurance/views/dist/front.js.map','','2021-05-24 16:54:59'),
(10537,1,1,'/themes/core.js.map','','2021-05-24 16:56:28'),
(10538,1,1,'/modules/blockreassurance/views/dist/front.js.map','','2021-05-24 16:56:28'),
(10539,1,1,'/themes/core.js.map','','2021-05-24 16:56:39'),
(10540,1,1,'/modules/blockreassurance/views/dist/front.js.map','','2021-05-24 16:56:39'),
(10541,1,1,'/themes/core.js.map','','2021-05-24 16:57:02'),
(10542,1,1,'/modules/blockreassurance/views/dist/front.js.map','','2021-05-24 16:57:02'),
(10543,1,1,'/themes/core.js.map','','2021-05-24 16:58:08'),
(10544,1,1,'/modules/blockreassurance/views/dist/front.js.map','','2021-05-24 16:58:09'),
(10545,1,1,'/modules/blockreassurance/views/dist/front.js.map','','2021-05-24 16:58:24'),
(10546,1,1,'/themes/core.js.map','','2021-05-24 17:00:25'),
(10547,1,1,'/modules/blockreassurance/views/dist/front.js.map','','2021-05-24 17:00:25'),
(10548,1,1,'/themes/core.js.map','','2021-05-24 17:01:19'),
(10549,1,1,'/modules/blockreassurance/views/dist/front.js.map','','2021-05-24 17:01:19'),
(10550,1,1,'/themes/core.js.map','','2021-05-24 17:04:16'),
(10551,1,1,'/modules/blockreassurance/views/dist/front.js.map','','2021-05-24 17:04:16'),
(10552,1,1,'/themes/core.js.map','','2021-05-24 17:06:11'),
(10553,1,1,'/modules/blockreassurance/views/dist/front.js.map','','2021-05-24 17:06:11'),
(10554,1,1,'/themes/core.js.map','','2021-05-24 17:07:03'),
(10555,1,1,'/modules/blockreassurance/views/dist/front.js.map','','2021-05-24 17:07:04'),
(10556,1,1,'/themes/core.js.map','','2021-05-24 17:07:20'),
(10557,1,1,'/modules/blockreassurance/views/dist/front.js.map','','2021-05-24 17:07:21'),
(10558,1,1,'/themes/core.js.map','','2021-05-24 17:07:49'),
(10559,1,1,'/modules/blockreassurance/views/dist/front.js.map','','2021-05-24 17:07:50'),
(10560,1,1,'/themes/core.js.map','','2021-05-24 17:08:23'),
(10561,1,1,'/modules/blockreassurance/views/dist/front.js.map','','2021-05-24 17:08:23'),
(10562,1,1,'/themes/core.js.map','','2021-05-24 17:08:57'),
(10563,1,1,'/modules/blockreassurance/views/dist/front.js.map','','2021-05-24 17:08:57'),
(10564,1,1,'/modules/blockreassurance/views/dist/front.js.map','','2021-05-24 17:10:08'),
(10565,1,1,'/themes/core.js.map','','2021-05-24 17:10:25'),
(10566,1,1,'/modules/blockreassurance/views/dist/front.js.map','','2021-05-24 17:10:25'),
(10567,1,1,'/themes/core.js.map','','2021-05-24 17:11:00'),
(10568,1,1,'/modules/blockreassurance/views/dist/front.js.map','','2021-05-24 17:11:01'),
(10569,1,1,'/themes/core.js.map','','2021-05-24 17:11:04'),
(10570,1,1,'/modules/blockreassurance/views/dist/front.js.map','','2021-05-24 17:11:05'),
(10571,1,1,'/themes/core.js.map','','2021-05-24 17:11:26'),
(10572,1,1,'/modules/blockreassurance/views/dist/front.js.map','','2021-05-24 17:11:26'),
(10573,1,1,'/themes/core.js.map','','2021-05-24 17:12:02'),
(10574,1,1,'/modules/blockreassurance/views/dist/front.js.map','','2021-05-24 17:12:02'),
(10575,1,1,'/themes/core.js.map','','2021-05-24 17:12:17'),
(10576,1,1,'/modules/blockreassurance/views/dist/front.js.map','','2021-05-24 17:12:17'),
(10577,1,1,'/themes/core.js.map','','2021-05-24 17:12:35'),
(10578,1,1,'/modules/blockreassurance/views/dist/front.js.map','','2021-05-24 17:12:36'),
(10579,1,1,'/themes/core.js.map','','2021-05-24 17:15:25'),
(10580,1,1,'/modules/blockreassurance/views/dist/front.js.map','','2021-05-24 17:15:25'),
(10581,1,1,'/themes/core.js.map','','2021-05-24 17:16:12'),
(10582,1,1,'/modules/blockreassurance/views/dist/front.js.map','','2021-05-24 17:16:12'),
(10583,1,1,'/themes/core.js.map','','2021-05-24 17:16:18'),
(10584,1,1,'/modules/blockreassurance/views/dist/front.js.map','','2021-05-24 17:16:19'),
(10585,1,1,'/themes/core.js.map','','2021-05-24 17:16:34'),
(10586,1,1,'/modules/blockreassurance/views/dist/front.js.map','','2021-05-24 17:16:34'),
(10587,1,1,'/themes/core.js.map','','2021-05-24 17:16:41'),
(10588,1,1,'/modules/blockreassurance/views/dist/front.js.map','','2021-05-24 17:16:41'),
(10589,1,1,'/themes/core.js.map','','2021-05-24 17:17:25'),
(10590,1,1,'/modules/blockreassurance/views/dist/front.js.map','','2021-05-24 17:17:26'),
(10591,1,1,'/themes/core.js.map','','2021-05-24 17:17:30'),
(10592,1,1,'/modules/blockreassurance/views/dist/front.js.map','','2021-05-24 17:17:30'),
(10593,1,1,'/themes/core.js.map','','2021-05-24 17:17:34'),
(10594,1,1,'/modules/blockreassurance/views/dist/front.js.map','','2021-05-24 17:17:34'),
(10595,1,1,'/themes/core.js.map','','2021-05-24 17:18:43'),
(10596,1,1,'/modules/blockreassurance/views/dist/front.js.map','','2021-05-24 17:18:43'),
(10597,1,1,'/themes/core.js.map','','2021-05-24 17:19:19'),
(10598,1,1,'/modules/blockreassurance/views/dist/front.js.map','','2021-05-24 17:19:19'),
(10599,1,1,'/themes/core.js.map','','2021-05-24 17:19:24'),
(10600,1,1,'/modules/blockreassurance/views/dist/front.js.map','','2021-05-24 17:19:24'),
(10601,1,1,'/themes/core.js.map','','2021-05-24 17:20:31'),
(10602,1,1,'/modules/blockreassurance/views/dist/front.js.map','','2021-05-24 17:20:31'),
(10603,1,1,'/themes/core.js.map','','2021-05-24 17:21:44'),
(10604,1,1,'/modules/blockreassurance/views/dist/front.js.map','','2021-05-24 17:21:44'),
(10605,1,1,'/themes/core.js.map','','2021-05-24 17:22:15'),
(10606,1,1,'/modules/blockreassurance/views/dist/front.js.map','','2021-05-24 17:22:15'),
(10607,1,1,'/themes/core.js.map','','2021-05-24 17:24:53'),
(10608,1,1,'/modules/blockreassurance/views/dist/front.js.map','','2021-05-24 17:24:53'),
(10609,1,1,'/themes/core.js.map','','2021-05-24 17:26:08'),
(10610,1,1,'/modules/blockreassurance/views/dist/front.js.map','','2021-05-24 17:26:08'),
(10611,1,1,'/themes/core.js.map','','2021-05-24 17:27:49'),
(10612,1,1,'/modules/blockreassurance/views/dist/front.js.map','','2021-05-24 17:27:49'),
(10613,1,1,'/themes/core.js.map','','2021-05-24 17:27:57'),
(10614,1,1,'/modules/blockreassurance/views/dist/front.js.map','','2021-05-24 17:27:57'),
(10615,1,1,'/themes/core.js.map','','2021-05-24 17:28:24'),
(10616,1,1,'/modules/blockreassurance/views/dist/front.js.map','','2021-05-24 17:28:24'),
(10617,1,1,'/modules/blockreassurance/views/dist/front.js.map','','2021-05-24 17:28:53'),
(10618,1,1,'/themes/core.js.map','','2021-05-24 17:28:53'),
(10619,1,1,'/themes/core.js.map','','2021-05-24 17:29:00'),
(10620,1,1,'/modules/blockreassurance/views/dist/front.js.map','','2021-05-24 17:29:00'),
(10621,1,1,'/themes/core.js.map','','2021-05-24 17:29:16'),
(10622,1,1,'/modules/blockreassurance/views/dist/front.js.map','','2021-05-24 17:29:16'),
(10623,1,1,'/themes/core.js.map','','2021-05-24 17:29:29'),
(10624,1,1,'/modules/blockreassurance/views/dist/front.js.map','','2021-05-24 17:29:30'),
(10625,1,1,'/themes/core.js.map','','2021-05-24 17:29:46'),
(10626,1,1,'/modules/blockreassurance/views/dist/front.js.map','','2021-05-24 17:29:46'),
(10627,1,1,'/themes/core.js.map','','2021-05-24 17:30:00'),
(10628,1,1,'/modules/blockreassurance/views/dist/front.js.map','','2021-05-24 17:30:00'),
(10629,1,1,'/favicon.ico','http://muchas.localhost/11-maquillaje','2021-05-24 17:30:48'),
(10630,1,1,'/themes/core.js.map','','2021-05-24 17:30:55'),
(10631,1,1,'/modules/blockreassurance/views/dist/front.js.map','','2021-05-24 17:30:55'),
(10632,1,1,'/themes/core.js.map','','2021-05-24 17:31:08'),
(10633,1,1,'/modules/blockreassurance/views/dist/front.js.map','','2021-05-24 17:31:09'),
(10634,1,1,'/themes/core.js.map','','2021-05-24 17:32:08'),
(10635,1,1,'/modules/blockreassurance/views/dist/front.js.map','','2021-05-24 17:32:08'),
(10636,1,1,'/themes/core.js.map','','2021-05-24 17:32:59'),
(10637,1,1,'/modules/blockreassurance/views/dist/front.js.map','','2021-05-24 17:32:59'),
(10638,1,1,'/themes/core.js.map','','2021-05-24 17:33:19'),
(10639,1,1,'/modules/blockreassurance/views/dist/front.js.map','','2021-05-24 17:33:19'),
(10640,1,1,'/themes/core.js.map','','2021-05-24 17:33:57'),
(10641,1,1,'/modules/blockreassurance/views/dist/front.js.map','','2021-05-24 17:33:57'),
(10642,1,1,'/themes/core.js.map','','2021-05-24 17:34:00'),
(10643,1,1,'/modules/blockreassurance/views/dist/front.js.map','','2021-05-24 17:34:01'),
(10644,1,1,'/themes/core.js.map','','2021-05-24 17:34:07'),
(10645,1,1,'/modules/blockreassurance/views/dist/front.js.map','','2021-05-24 17:34:07'),
(10646,1,1,'/themes/core.js.map','','2021-05-24 17:34:16'),
(10647,1,1,'/modules/blockreassurance/views/dist/front.js.map','','2021-05-24 17:34:16'),
(10648,1,1,'/themes/core.js.map','','2021-05-24 17:34:20'),
(10649,1,1,'/modules/blockreassurance/views/dist/front.js.map','','2021-05-24 17:34:21'),
(10650,1,1,'/themes/core.js.map','','2021-05-24 17:34:32'),
(10651,1,1,'/modules/blockreassurance/views/dist/front.js.map','','2021-05-24 17:34:32'),
(10652,1,1,'/themes/core.js.map','','2021-05-24 17:34:37'),
(10653,1,1,'/modules/blockreassurance/views/dist/front.js.map','','2021-05-24 17:34:37'),
(10654,1,1,'/themes/core.js.map','','2021-05-24 17:36:03'),
(10655,1,1,'/modules/blockreassurance/views/dist/front.js.map','','2021-05-24 17:36:04'),
(10656,1,1,'/themes/core.js.map','','2021-05-24 17:36:11'),
(10657,1,1,'/modules/blockreassurance/views/dist/front.js.map','','2021-05-24 17:36:11'),
(10658,1,1,'/themes/core.js.map','','2021-05-24 17:36:17'),
(10659,1,1,'/modules/blockreassurance/views/dist/front.js.map','','2021-05-24 17:36:17'),
(10660,1,1,'/modules/blockreassurance/views/dist/front.js.map','','2021-05-25 08:16:54'),
(10661,1,1,'/themes/core.js.map','','2021-05-25 08:16:54'),
(10662,1,1,'/themes/core.js.map','','2021-05-25 08:17:34'),
(10663,1,1,'/modules/blockreassurance/views/dist/front.js.map','','2021-05-25 08:17:34'),
(10664,1,1,'/themes/core.js.map','','2021-05-25 08:17:37'),
(10665,1,1,'/modules/blockreassurance/views/dist/front.js.map','','2021-05-25 08:17:38'),
(10666,1,1,'/themes/core.js.map','','2021-05-25 08:26:24'),
(10667,1,1,'/modules/blockreassurance/views/dist/front.js.map','','2021-05-25 08:26:24'),
(10668,1,1,'/themes/core.js.map','','2021-05-25 08:28:18'),
(10669,1,1,'/modules/blockreassurance/views/dist/front.js.map','','2021-05-25 08:28:18'),
(10670,1,1,'/themes/core.js.map','','2021-05-25 08:31:55'),
(10671,1,1,'/modules/blockreassurance/views/dist/front.js.map','','2021-05-25 08:31:55'),
(10672,1,1,'/themes/core.js.map','','2021-05-25 08:34:22'),
(10673,1,1,'/modules/blockreassurance/views/dist/front.js.map','','2021-05-25 08:34:22'),
(10674,1,1,'/themes/core.js.map','','2021-05-25 08:35:53'),
(10675,1,1,'/modules/blockreassurance/views/dist/front.js.map','','2021-05-25 08:35:53'),
(10676,1,1,'/themes/core.js.map','','2021-05-25 08:37:43'),
(10677,1,1,'/modules/blockreassurance/views/dist/front.js.map','','2021-05-25 08:37:43'),
(10678,1,1,'/themes/core.js.map','','2021-05-25 08:39:43'),
(10679,1,1,'/modules/blockreassurance/views/dist/front.js.map','','2021-05-25 08:39:43'),
(10680,1,1,'/themes/core.js.map','','2021-05-25 08:41:14'),
(10681,1,1,'/modules/blockreassurance/views/dist/front.js.map','','2021-05-25 08:41:14'),
(10682,1,1,'/themes/core.js.map','','2021-05-25 08:41:49'),
(10683,1,1,'/modules/blockreassurance/views/dist/front.js.map','','2021-05-25 08:41:49'),
(10684,1,1,'/themes/core.js.map','','2021-05-25 08:43:06'),
(10685,1,1,'/modules/blockreassurance/views/dist/front.js.map','','2021-05-25 08:43:06'),
(10686,1,1,'/themes/core.js.map','','2021-05-25 08:45:59'),
(10687,1,1,'/modules/blockreassurance/views/dist/front.js.map','','2021-05-25 08:46:00'),
(10688,1,1,'/themes/core.js.map','','2021-05-25 09:19:28'),
(10689,1,1,'/modules/blockreassurance/views/dist/front.js.map','','2021-05-25 09:19:29'),
(10690,1,1,'/themes/core.js.map','','2021-05-25 09:21:33'),
(10691,1,1,'/modules/blockreassurance/views/dist/front.js.map','','2021-05-25 09:21:33'),
(10692,1,1,'/themes/core.js.map','','2021-05-25 09:25:31'),
(10693,1,1,'/modules/blockreassurance/views/dist/front.js.map','','2021-05-25 09:25:31'),
(10694,1,1,'/themes/core.js.map','','2021-05-25 09:25:36'),
(10695,1,1,'/modules/blockreassurance/views/dist/front.js.map','','2021-05-25 09:25:36'),
(10696,1,1,'/themes/core.js.map','','2021-05-25 09:25:40'),
(10697,1,1,'/modules/blockreassurance/views/dist/front.js.map','','2021-05-25 09:25:40'),
(10698,1,1,'/themes/core.js.map','','2021-05-25 09:26:54'),
(10699,1,1,'/modules/blockreassurance/views/dist/front.js.map','','2021-05-25 09:26:54'),
(10700,1,1,'/themes/core.js.map','','2021-05-25 09:30:11'),
(10701,1,1,'/modules/blockreassurance/views/dist/front.js.map','','2021-05-25 09:30:12'),
(10702,1,1,'/themes/core.js.map','','2021-05-25 09:31:39'),
(10703,1,1,'/modules/blockreassurance/views/dist/front.js.map','','2021-05-25 09:31:39'),
(10704,1,1,'/themes/core.js.map','','2021-05-25 09:31:58'),
(10705,1,1,'/themes/core.js.map','','2021-05-25 09:32:38'),
(10706,1,1,'/modules/blockreassurance/views/dist/front.js.map','','2021-05-25 09:32:39'),
(10707,1,1,'/modules/blockreassurance/views/dist/front.js.map','','2021-05-25 09:32:42'),
(10708,1,1,'/themes/core.js.map','','2021-05-25 09:32:43'),
(10709,1,1,'/themes/core.js.map','','2021-05-25 09:32:56'),
(10710,1,1,'/modules/blockreassurance/views/dist/front.js.map','','2021-05-25 09:32:57'),
(10711,1,1,'/themes/core.js.map','','2021-05-25 09:33:08'),
(10712,1,1,'/modules/blockreassurance/views/dist/front.js.map','','2021-05-25 09:33:09'),
(10713,1,1,'/themes/core.js.map','','2021-05-25 09:34:21'),
(10714,1,1,'/modules/blockreassurance/views/dist/front.js.map','','2021-05-25 09:34:22'),
(10715,1,1,'/themes/core.js.map','','2021-05-25 09:35:19'),
(10716,1,1,'/modules/blockreassurance/views/dist/front.js.map','','2021-05-25 09:35:20'),
(10717,1,1,'/themes/core.js.map','','2021-05-25 09:35:26'),
(10718,1,1,'/modules/blockreassurance/views/dist/front.js.map','','2021-05-25 09:35:26'),
(10719,1,1,'/themes/core.js.map','','2021-05-25 09:36:01'),
(10720,1,1,'/modules/blockreassurance/views/dist/front.js.map','','2021-05-25 09:36:02'),
(10721,1,1,'/themes/core.js.map','','2021-05-25 09:36:07'),
(10722,1,1,'/modules/blockreassurance/views/dist/front.js.map','','2021-05-25 09:36:07'),
(10723,1,1,'/themes/core.js.map','','2021-05-25 09:36:41'),
(10724,1,1,'/modules/blockreassurance/views/dist/front.js.map','','2021-05-25 09:36:42'),
(10725,1,1,'/themes/core.js.map','','2021-05-25 09:36:45'),
(10726,1,1,'/modules/blockreassurance/views/dist/front.js.map','','2021-05-25 09:36:45'),
(10727,1,1,'/themes/core.js.map','','2021-05-25 09:37:53'),
(10728,1,1,'/modules/blockreassurance/views/dist/front.js.map','','2021-05-25 09:37:53'),
(10729,1,1,'/themes/core.js.map','','2021-05-25 09:37:59'),
(10730,1,1,'/modules/blockreassurance/views/dist/front.js.map','','2021-05-25 09:37:59'),
(10731,1,1,'/themes/core.js.map','','2021-05-25 09:38:03'),
(10732,1,1,'/modules/blockreassurance/views/dist/front.js.map','','2021-05-25 09:38:03'),
(10733,1,1,'/themes/core.js.map','','2021-05-25 09:38:45'),
(10734,1,1,'/modules/blockreassurance/views/dist/front.js.map','','2021-05-25 09:38:45'),
(10735,1,1,'/themes/core.js.map','','2021-05-25 09:39:32'),
(10736,1,1,'/modules/blockreassurance/views/dist/front.js.map','','2021-05-25 09:39:32'),
(10737,1,1,'/themes/core.js.map','','2021-05-25 09:39:36'),
(10738,1,1,'/modules/blockreassurance/views/dist/front.js.map','','2021-05-25 09:39:36'),
(10739,1,1,'/themes/core.js.map','','2021-05-25 09:39:39'),
(10740,1,1,'/modules/blockreassurance/views/dist/front.js.map','','2021-05-25 09:39:40'),
(10741,1,1,'/themes/core.js.map','','2021-05-25 09:39:50'),
(10742,1,1,'/modules/blockreassurance/views/dist/front.js.map','','2021-05-25 09:39:50'),
(10743,1,1,'/themes/core.js.map','','2021-05-25 09:40:38'),
(10744,1,1,'/modules/blockreassurance/views/dist/front.js.map','','2021-05-25 09:40:38'),
(10745,1,1,'/themes/core.js.map','','2021-05-25 09:40:41'),
(10746,1,1,'/modules/blockreassurance/views/dist/front.js.map','','2021-05-25 09:40:42'),
(10747,1,1,'/themes/core.js.map','','2021-05-25 09:40:46'),
(10748,1,1,'/modules/blockreassurance/views/dist/front.js.map','','2021-05-25 09:40:46'),
(10749,1,1,'/themes/core.js.map','','2021-05-25 09:41:17'),
(10750,1,1,'/modules/blockreassurance/views/dist/front.js.map','','2021-05-25 09:41:17'),
(10751,1,1,'/themes/core.js.map','','2021-05-25 09:41:21'),
(10752,1,1,'/modules/blockreassurance/views/dist/front.js.map','','2021-05-25 09:41:22'),
(10753,1,1,'/themes/core.js.map','','2021-05-25 09:42:23'),
(10754,1,1,'/modules/blockreassurance/views/dist/front.js.map','','2021-05-25 09:42:23'),
(10755,1,1,'/themes/core.js.map','','2021-05-25 09:42:53'),
(10756,1,1,'/modules/blockreassurance/views/dist/front.js.map','','2021-05-25 09:42:53'),
(10757,1,1,'/themes/core.js.map','','2021-05-25 09:43:16'),
(10758,1,1,'/modules/blockreassurance/views/dist/front.js.map','','2021-05-25 09:43:16'),
(10759,1,1,'/themes/core.js.map','','2021-05-25 09:45:12'),
(10760,1,1,'/modules/blockreassurance/views/dist/front.js.map','','2021-05-25 09:45:13'),
(10761,1,1,'/themes/core.js.map','','2021-05-25 09:45:20'),
(10762,1,1,'/modules/blockreassurance/views/dist/front.js.map','','2021-05-25 09:45:20'),
(10763,1,1,'/themes/core.js.map','','2021-05-25 09:45:51'),
(10764,1,1,'/modules/blockreassurance/views/dist/front.js.map','','2021-05-25 09:45:51'),
(10765,1,1,'/themes/core.js.map','','2021-05-25 09:47:59'),
(10766,1,1,'/modules/blockreassurance/views/dist/front.js.map','','2021-05-25 09:48:00'),
(10767,1,1,'/themes/core.js.map','','2021-05-25 09:48:03'),
(10768,1,1,'/modules/blockreassurance/views/dist/front.js.map','','2021-05-25 09:48:03'),
(10769,1,1,'/themes/core.js.map','','2021-05-25 09:49:06'),
(10770,1,1,'/modules/blockreassurance/views/dist/front.js.map','','2021-05-25 09:49:06'),
(10771,1,1,'/themes/core.js.map','','2021-05-25 09:50:18'),
(10772,1,1,'/modules/blockreassurance/views/dist/front.js.map','','2021-05-25 09:50:18'),
(10773,1,1,'/modules/blockreassurance/views/dist/front.js.map','','2021-05-25 09:50:20'),
(10774,1,1,'/themes/core.js.map','','2021-05-25 09:50:21'),
(10775,1,1,'/themes/core.js.map','','2021-05-25 09:51:37'),
(10776,1,1,'/modules/blockreassurance/views/dist/front.js.map','','2021-05-25 09:51:38'),
(10777,1,1,'/themes/core.js.map','','2021-05-25 09:51:52'),
(10778,1,1,'/modules/blockreassurance/views/dist/front.js.map','','2021-05-25 09:51:52'),
(10779,1,1,'/themes/core.js.map','','2021-05-25 09:52:57'),
(10780,1,1,'/modules/blockreassurance/views/dist/front.js.map','','2021-05-25 09:52:57'),
(10781,1,1,'/themes/core.js.map','','2021-05-25 09:53:26'),
(10782,1,1,'/modules/blockreassurance/views/dist/front.js.map','','2021-05-25 09:53:26'),
(10783,1,1,'/themes/core.js.map','','2021-05-25 09:54:46'),
(10784,1,1,'/modules/blockreassurance/views/dist/front.js.map','','2021-05-25 09:54:47'),
(10785,1,1,'/themes/core.js.map','','2021-05-25 09:55:21'),
(10786,1,1,'/modules/blockreassurance/views/dist/front.js.map','','2021-05-25 09:55:21'),
(10787,1,1,'/themes/core.js.map','','2021-05-25 09:55:33'),
(10788,1,1,'/modules/blockreassurance/views/dist/front.js.map','','2021-05-25 09:55:33'),
(10789,1,1,'/themes/core.js.map','','2021-05-25 09:56:23'),
(10790,1,1,'/modules/blockreassurance/views/dist/front.js.map','','2021-05-25 09:56:24'),
(10791,1,1,'/themes/core.js.map','','2021-05-25 09:57:22'),
(10792,1,1,'/modules/blockreassurance/views/dist/front.js.map','','2021-05-25 09:57:22'),
(10793,1,1,'/themes/core.js.map','','2021-05-25 09:57:28'),
(10794,1,1,'/modules/blockreassurance/views/dist/front.js.map','','2021-05-25 09:57:29'),
(10795,1,1,'/themes/core.js.map','','2021-05-25 09:59:46'),
(10796,1,1,'/modules/blockreassurance/views/dist/front.js.map','','2021-05-25 09:59:46'),
(10797,1,1,'/themes/core.js.map','','2021-05-25 10:00:47'),
(10798,1,1,'/modules/blockreassurance/views/dist/front.js.map','','2021-05-25 10:00:47'),
(10799,1,1,'/themes/core.js.map','','2021-05-25 10:02:55'),
(10800,1,1,'/modules/blockreassurance/views/dist/front.js.map','','2021-05-25 10:02:55'),
(10801,1,1,'/themes/core.js.map','','2021-05-25 10:03:54'),
(10802,1,1,'/modules/blockreassurance/views/dist/front.js.map','','2021-05-25 10:03:54'),
(10803,1,1,'/themes/core.js.map','','2021-05-25 10:04:47'),
(10804,1,1,'/modules/blockreassurance/views/dist/front.js.map','','2021-05-25 10:04:48'),
(10805,1,1,'/themes/core.js.map','','2021-05-25 10:05:29'),
(10806,1,1,'/modules/blockreassurance/views/dist/front.js.map','','2021-05-25 10:05:29'),
(10807,1,1,'/themes/core.js.map','','2021-05-25 10:06:30'),
(10808,1,1,'/modules/blockreassurance/views/dist/front.js.map','','2021-05-25 10:06:30'),
(10809,1,1,'/themes/core.js.map','','2021-05-25 10:07:31'),
(10810,1,1,'/modules/blockreassurance/views/dist/front.js.map','','2021-05-25 10:07:31'),
(10811,1,1,'/themes/core.js.map','','2021-05-25 10:07:35'),
(10812,1,1,'/modules/blockreassurance/views/dist/front.js.map','','2021-05-25 10:07:35'),
(10813,1,1,'/themes/core.js.map','','2021-05-25 10:07:38'),
(10814,1,1,'/modules/blockreassurance/views/dist/front.js.map','','2021-05-25 10:07:39'),
(10815,1,1,'/themes/core.js.map','','2021-05-25 10:07:40'),
(10816,1,1,'/themes/core.js.map','','2021-05-25 10:09:03'),
(10817,1,1,'/modules/blockreassurance/views/dist/front.js.map','','2021-05-25 10:09:03'),
(10818,1,1,'/themes/core.js.map','','2021-05-25 10:09:21'),
(10819,1,1,'/modules/blockreassurance/views/dist/front.js.map','','2021-05-25 10:09:21'),
(10820,1,1,'/themes/core.js.map','','2021-05-25 10:09:54'),
(10821,1,1,'/modules/blockreassurance/views/dist/front.js.map','','2021-05-25 10:09:54'),
(10822,1,1,'/themes/core.js.map','','2021-05-25 10:10:12'),
(10823,1,1,'/modules/blockreassurance/views/dist/front.js.map','','2021-05-25 10:10:12'),
(10824,1,1,'/themes/core.js.map','','2021-05-25 10:12:12'),
(10825,1,1,'/modules/blockreassurance/views/dist/front.js.map','','2021-05-25 10:12:13'),
(10826,1,1,'/themes/core.js.map','','2021-05-25 10:12:31'),
(10827,1,1,'/modules/blockreassurance/views/dist/front.js.map','','2021-05-25 10:12:31'),
(10828,1,1,'/themes/core.js.map','','2021-05-25 10:13:31'),
(10829,1,1,'/modules/blockreassurance/views/dist/front.js.map','','2021-05-25 10:13:31'),
(10830,1,1,'/themes/core.js.map','','2021-05-25 10:14:00'),
(10831,1,1,'/modules/blockreassurance/views/dist/front.js.map','','2021-05-25 10:14:00'),
(10832,1,1,'/themes/core.js.map','','2021-05-25 10:15:09'),
(10833,1,1,'/modules/blockreassurance/views/dist/front.js.map','','2021-05-25 10:15:10'),
(10834,1,1,'/themes/core.js.map','','2021-05-25 10:16:13'),
(10835,1,1,'/modules/blockreassurance/views/dist/front.js.map','','2021-05-25 10:16:13'),
(10836,1,1,'/themes/core.js.map','','2021-05-25 10:16:53'),
(10837,1,1,'/modules/blockreassurance/views/dist/front.js.map','','2021-05-25 10:16:54'),
(10838,1,1,'/themes/core.js.map','','2021-05-25 10:17:13'),
(10839,1,1,'/modules/blockreassurance/views/dist/front.js.map','','2021-05-25 10:17:13'),
(10840,1,1,'/themes/core.js.map','','2021-05-25 10:17:22'),
(10841,1,1,'/modules/blockreassurance/views/dist/front.js.map','','2021-05-25 10:17:22'),
(10842,1,1,'/themes/core.js.map','','2021-05-25 10:18:08'),
(10843,1,1,'/modules/blockreassurance/views/dist/front.js.map','','2021-05-25 10:18:08'),
(10844,1,1,'/themes/core.js.map','','2021-05-25 10:18:12'),
(10845,1,1,'/modules/blockreassurance/views/dist/front.js.map','','2021-05-25 10:18:12'),
(10846,1,1,'/themes/core.js.map','','2021-05-25 10:18:40'),
(10847,1,1,'/modules/blockreassurance/views/dist/front.js.map','','2021-05-25 10:18:40'),
(10848,1,1,'/themes/core.js.map','','2021-05-25 10:18:50'),
(10849,1,1,'/modules/blockreassurance/views/dist/front.js.map','','2021-05-25 10:18:50'),
(10850,1,1,'/themes/core.js.map','','2021-05-25 10:19:13'),
(10851,1,1,'/modules/blockreassurance/views/dist/front.js.map','','2021-05-25 10:19:13'),
(10852,1,1,'/themes/core.js.map','','2021-05-25 10:19:28'),
(10853,1,1,'/modules/blockreassurance/views/dist/front.js.map','','2021-05-25 10:19:29'),
(10854,1,1,'/themes/core.js.map','','2021-05-25 10:20:31'),
(10855,1,1,'/modules/blockreassurance/views/dist/front.js.map','','2021-05-25 10:20:31'),
(10856,1,1,'/themes/core.js.map','','2021-05-25 10:20:35'),
(10857,1,1,'/modules/blockreassurance/views/dist/front.js.map','','2021-05-25 10:20:35'),
(10858,1,1,'/themes/core.js.map','','2021-05-25 10:20:45'),
(10859,1,1,'/modules/blockreassurance/views/dist/front.js.map','','2021-05-25 10:20:45'),
(10860,1,1,'/themes/core.js.map','','2021-05-25 10:21:18'),
(10861,1,1,'/modules/blockreassurance/views/dist/front.js.map','','2021-05-25 10:21:19'),
(10862,1,1,'/themes/core.js.map','','2021-05-25 10:21:31'),
(10863,1,1,'/modules/blockreassurance/views/dist/front.js.map','','2021-05-25 10:21:31'),
(10864,1,1,'/themes/core.js.map','','2021-05-25 10:21:34'),
(10865,1,1,'/modules/blockreassurance/views/dist/front.js.map','','2021-05-25 10:21:35'),
(10866,1,1,'/themes/core.js.map','','2021-05-25 10:21:42'),
(10867,1,1,'/modules/blockreassurance/views/dist/front.js.map','','2021-05-25 10:21:42'),
(10868,1,1,'/themes/core.js.map','','2021-05-25 10:23:17'),
(10869,1,1,'/modules/blockreassurance/views/dist/front.js.map','','2021-05-25 10:23:17'),
(10870,1,1,'/modules/blockreassurance/views/dist/front.js.map','','2021-05-25 10:23:20'),
(10871,1,1,'/themes/core.js.map','','2021-05-25 10:23:23'),
(10872,1,1,'/modules/blockreassurance/views/dist/front.js.map','','2021-05-25 10:23:23'),
(10873,1,1,'/themes/core.js.map','','2021-05-25 10:25:38'),
(10874,1,1,'/modules/blockreassurance/views/dist/front.js.map','','2021-05-25 10:25:38'),
(10875,1,1,'/themes/core.js.map','','2021-05-25 10:25:42'),
(10876,1,1,'/modules/blockreassurance/views/dist/front.js.map','','2021-05-25 10:25:42'),
(10877,1,1,'/themes/core.js.map','','2021-05-25 10:25:45'),
(10878,1,1,'/modules/blockreassurance/views/dist/front.js.map','','2021-05-25 10:25:46'),
(10879,1,1,'/themes/core.js.map','','2021-05-25 10:26:41'),
(10880,1,1,'/modules/blockreassurance/views/dist/front.js.map','','2021-05-25 10:26:41'),
(10881,1,1,'/themes/core.js.map','','2021-05-25 10:28:00'),
(10882,1,1,'/modules/blockreassurance/views/dist/front.js.map','','2021-05-25 10:28:00'),
(10883,1,1,'/themes/core.js.map','','2021-05-25 10:28:24'),
(10884,1,1,'/modules/blockreassurance/views/dist/front.js.map','','2021-05-25 10:28:24'),
(10885,1,1,'/themes/core.js.map','','2021-05-25 10:28:42'),
(10886,1,1,'/modules/blockreassurance/views/dist/front.js.map','','2021-05-25 10:28:42'),
(10887,1,1,'/themes/core.js.map','','2021-05-25 10:29:00'),
(10888,1,1,'/modules/blockreassurance/views/dist/front.js.map','','2021-05-25 10:29:00'),
(10889,1,1,'/themes/core.js.map','','2021-05-25 10:29:08'),
(10890,1,1,'/modules/blockreassurance/views/dist/front.js.map','','2021-05-25 10:29:08'),
(10891,1,1,'/themes/core.js.map','','2021-05-25 10:29:10'),
(10892,1,1,'/modules/blockreassurance/views/dist/front.js.map','','2021-05-25 10:29:10'),
(10893,1,1,'/themes/core.js.map','','2021-05-25 10:29:28'),
(10894,1,1,'/modules/blockreassurance/views/dist/front.js.map','','2021-05-25 10:29:28'),
(10895,1,1,'/themes/core.js.map','','2021-05-25 10:29:57'),
(10896,1,1,'/modules/blockreassurance/views/dist/front.js.map','','2021-05-25 10:29:57'),
(10897,1,1,'/themes/core.js.map','','2021-05-25 10:30:02'),
(10898,1,1,'/modules/blockreassurance/views/dist/front.js.map','','2021-05-25 10:30:02'),
(10899,1,1,'/themes/core.js.map','','2021-05-25 10:30:07'),
(10900,1,1,'/modules/blockreassurance/views/dist/front.js.map','','2021-05-25 10:30:07'),
(10901,1,1,'/themes/core.js.map','','2021-05-25 10:30:14'),
(10902,1,1,'/modules/blockreassurance/views/dist/front.js.map','','2021-05-25 10:30:14'),
(10903,1,1,'/js/jquery/jquery-migrate.min.map','','2021-05-25 10:31:52'),
(10904,1,1,'/js/jquery/jquery-migrate.min.map','','2021-05-25 10:32:21'),
(10905,1,1,'/themes/core.js.map','','2021-05-25 10:34:24'),
(10906,1,1,'/modules/blockreassurance/views/dist/front.js.map','','2021-05-25 10:34:27'),
(10907,1,1,'/themes/core.js.map','','2021-05-25 10:34:27'),
(10908,1,1,'/themes/core.js.map','','2021-05-25 10:37:15'),
(10909,1,1,'/modules/blockreassurance/views/dist/front.js.map','','2021-05-25 10:37:15'),
(10910,1,1,'/themes/core.js.map','','2021-05-25 10:37:54'),
(10911,1,1,'/modules/blockreassurance/views/dist/front.js.map','','2021-05-25 10:37:54'),
(10912,1,1,'/themes/core.js.map','','2021-05-25 10:39:24'),
(10913,1,1,'/modules/blockreassurance/views/dist/front.js.map','','2021-05-25 10:39:24'),
(10914,1,1,'/themes/core.js.map','','2021-05-25 10:39:28'),
(10915,1,1,'/modules/blockreassurance/views/dist/front.js.map','','2021-05-25 10:39:29'),
(10916,1,1,'/themes/core.js.map','','2021-05-25 10:39:45'),
(10917,1,1,'/modules/blockreassurance/views/dist/front.js.map','','2021-05-25 10:39:46'),
(10918,1,1,'/themes/core.js.map','','2021-05-25 10:40:14'),
(10919,1,1,'/modules/blockreassurance/views/dist/front.js.map','','2021-05-25 10:40:14'),
(10920,1,1,'/themes/core.js.map','','2021-05-25 10:40:31'),
(10921,1,1,'/modules/blockreassurance/views/dist/front.js.map','','2021-05-25 10:40:32'),
(10922,1,1,'/modules/blockreassurance/views/dist/front.js.map','','2021-05-25 10:40:52'),
(10923,1,1,'/themes/core.js.map','','2021-05-25 10:40:58'),
(10924,1,1,'/themes/core.js.map','','2021-05-25 10:41:17'),
(10925,1,1,'/modules/blockreassurance/views/dist/front.js.map','','2021-05-25 10:41:18'),
(10926,1,1,'/themes/core.js.map','','2021-05-25 10:41:40'),
(10927,1,1,'/modules/blockreassurance/views/dist/front.js.map','','2021-05-25 10:41:40'),
(10928,1,1,'/themes/core.js.map','','2021-05-25 10:41:57'),
(10929,1,1,'/modules/blockreassurance/views/dist/front.js.map','','2021-05-25 10:41:57'),
(10930,1,1,'/themes/core.js.map','','2021-05-25 10:42:27'),
(10931,1,1,'/modules/blockreassurance/views/dist/front.js.map','','2021-05-25 10:42:27'),
(10932,1,1,'/themes/core.js.map','','2021-05-25 10:42:34'),
(10933,1,1,'/modules/blockreassurance/views/dist/front.js.map','','2021-05-25 10:42:34'),
(10934,1,1,'/themes/core.js.map','','2021-05-25 10:42:40'),
(10935,1,1,'/modules/blockreassurance/views/dist/front.js.map','','2021-05-25 10:42:41'),
(10936,1,1,'/themes/core.js.map','','2021-05-25 10:43:09'),
(10937,1,1,'/modules/blockreassurance/views/dist/front.js.map','','2021-05-25 10:43:09'),
(10938,1,1,'/themes/core.js.map','','2021-05-25 10:43:37'),
(10939,1,1,'/modules/blockreassurance/views/dist/front.js.map','','2021-05-25 10:43:38'),
(10940,1,1,'/themes/core.js.map','','2021-05-25 10:44:13'),
(10941,1,1,'/modules/blockreassurance/views/dist/front.js.map','','2021-05-25 10:44:13'),
(10942,1,1,'/themes/core.js.map','','2021-05-25 10:45:00'),
(10943,1,1,'/modules/blockreassurance/views/dist/front.js.map','','2021-05-25 10:45:00'),
(10944,1,1,'/themes/core.js.map','','2021-05-25 10:46:48'),
(10945,1,1,'/modules/blockreassurance/views/dist/front.js.map','','2021-05-25 10:46:49'),
(10946,1,1,'/themes/core.js.map','','2021-05-25 10:49:32'),
(10947,1,1,'/modules/blockreassurance/views/dist/front.js.map','','2021-05-25 10:49:32'),
(10948,1,1,'/themes/core.js.map','','2021-05-25 10:51:19'),
(10949,1,1,'/modules/blockreassurance/views/dist/front.js.map','','2021-05-25 10:51:19'),
(10950,1,1,'/themes/core.js.map','','2021-05-25 10:51:42'),
(10951,1,1,'/modules/blockreassurance/views/dist/front.js.map','','2021-05-25 10:51:42'),
(10952,1,1,'/themes/core.js.map','','2021-05-25 10:52:46'),
(10953,1,1,'/modules/blockreassurance/views/dist/front.js.map','','2021-05-25 10:52:46'),
(10954,1,1,'/themes/core.js.map','','2021-05-25 10:52:54'),
(10955,1,1,'/modules/blockreassurance/views/dist/front.js.map','','2021-05-25 10:52:54'),
(10956,1,1,'/themes/core.js.map','','2021-05-25 10:54:46'),
(10957,1,1,'/modules/blockreassurance/views/dist/front.js.map','','2021-05-25 10:54:46'),
(10958,1,1,'/themes/core.js.map','','2021-05-25 10:55:12'),
(10959,1,1,'/modules/blockreassurance/views/dist/front.js.map','','2021-05-25 10:55:12'),
(10960,1,1,'/themes/core.js.map','','2021-05-25 10:59:20'),
(10961,1,1,'/modules/blockreassurance/views/dist/front.js.map','','2021-05-25 10:59:20'),
(10962,1,1,'/themes/core.js.map','','2021-05-25 10:59:47'),
(10963,1,1,'/modules/blockreassurance/views/dist/front.js.map','','2021-05-25 10:59:48'),
(10964,1,1,'/themes/core.js.map','','2021-05-25 11:00:52'),
(10965,1,1,'/modules/blockreassurance/views/dist/front.js.map','','2021-05-25 11:00:52'),
(10966,1,1,'/themes/core.js.map','','2021-05-25 11:01:26'),
(10967,1,1,'/modules/blockreassurance/views/dist/front.js.map','','2021-05-25 11:01:27'),
(10968,1,1,'/themes/core.js.map','','2021-05-25 11:02:21'),
(10969,1,1,'/modules/blockreassurance/views/dist/front.js.map','','2021-05-25 11:02:21'),
(10970,1,1,'/themes/core.js.map','','2021-05-25 11:02:37'),
(10971,1,1,'/modules/blockreassurance/views/dist/front.js.map','','2021-05-25 11:02:37'),
(10972,1,1,'/themes/core.js.map','','2021-05-25 11:03:33'),
(10973,1,1,'/modules/blockreassurance/views/dist/front.js.map','','2021-05-25 11:03:33'),
(10974,1,1,'/themes/core.js.map','','2021-05-25 11:03:43'),
(10975,1,1,'/modules/blockreassurance/views/dist/front.js.map','','2021-05-25 11:03:44'),
(10976,1,1,'/themes/core.js.map','','2021-05-25 11:04:13'),
(10977,1,1,'/modules/blockreassurance/views/dist/front.js.map','','2021-05-25 11:04:13'),
(10978,1,1,'/themes/core.js.map','','2021-05-25 11:04:59'),
(10979,1,1,'/modules/blockreassurance/views/dist/front.js.map','','2021-05-25 11:04:59'),
(10980,1,1,'/themes/core.js.map','','2021-05-25 11:05:40'),
(10981,1,1,'/modules/blockreassurance/views/dist/front.js.map','','2021-05-25 11:05:40'),
(10982,1,1,'/themes/core.js.map','','2021-05-25 11:06:43'),
(10983,1,1,'/modules/blockreassurance/views/dist/front.js.map','','2021-05-25 11:06:44'),
(10984,1,1,'/themes/core.js.map','','2021-05-25 11:08:36'),
(10985,1,1,'/modules/blockreassurance/views/dist/front.js.map','','2021-05-25 11:08:37'),
(10986,1,1,'/themes/core.js.map','','2021-05-25 11:10:31'),
(10987,1,1,'/modules/blockreassurance/views/dist/front.js.map','','2021-05-25 11:10:32'),
(10988,1,1,'/themes/core.js.map','','2021-05-25 11:11:08'),
(10989,1,1,'/modules/blockreassurance/views/dist/front.js.map','','2021-05-25 11:11:08'),
(10990,1,1,'/themes/core.js.map','','2021-05-25 11:11:52'),
(10991,1,1,'/modules/blockreassurance/views/dist/front.js.map','','2021-05-25 11:11:53'),
(10992,1,1,'/themes/core.js.map','','2021-05-25 11:13:15'),
(10993,1,1,'/modules/blockreassurance/views/dist/front.js.map','','2021-05-25 11:13:15'),
(10994,1,1,'/themes/core.js.map','','2021-05-25 11:15:46'),
(10995,1,1,'/modules/blockreassurance/views/dist/front.js.map','','2021-05-25 11:15:47'),
(10996,1,1,'/themes/core.js.map','','2021-05-25 11:16:33'),
(10997,1,1,'/modules/blockreassurance/views/dist/front.js.map','','2021-05-25 11:16:34'),
(10998,1,1,'/themes/core.js.map','','2021-05-25 11:17:03'),
(10999,1,1,'/modules/blockreassurance/views/dist/front.js.map','','2021-05-25 11:17:03'),
(11000,1,1,'/themes/core.js.map','','2021-05-25 11:17:51'),
(11001,1,1,'/modules/blockreassurance/views/dist/front.js.map','','2021-05-25 11:17:51'),
(11002,1,1,'/themes/core.js.map','','2021-05-25 11:18:50'),
(11003,1,1,'/modules/blockreassurance/views/dist/front.js.map','','2021-05-25 11:18:50'),
(11004,1,1,'/themes/core.js.map','','2021-05-25 11:19:55'),
(11005,1,1,'/modules/blockreassurance/views/dist/front.js.map','','2021-05-25 11:19:56'),
(11006,1,1,'/modules/blockreassurance/views/dist/front.js.map','','2021-05-25 11:21:03'),
(11007,1,1,'/themes/core.js.map','','2021-05-25 11:21:03'),
(11008,1,1,'/themes/core.js.map','','2021-05-25 11:21:09'),
(11009,1,1,'/modules/blockreassurance/views/dist/front.js.map','','2021-05-25 11:21:10'),
(11010,1,1,'/themes/core.js.map','','2021-05-25 11:26:19'),
(11011,1,1,'/modules/blockreassurance/views/dist/front.js.map','','2021-05-25 11:26:20'),
(11012,1,1,'/themes/core.js.map','','2021-05-25 11:26:23'),
(11013,1,1,'/modules/blockreassurance/views/dist/front.js.map','','2021-05-25 11:26:23'),
(11014,1,1,'/themes/core.js.map','','2021-05-25 11:26:25'),
(11015,1,1,'/modules/blockreassurance/views/dist/front.js.map','','2021-05-25 11:26:26'),
(11016,1,1,'/themes/core.js.map','','2021-05-25 11:27:04'),
(11017,1,1,'/modules/blockreassurance/views/dist/front.js.map','','2021-05-25 11:27:05'),
(11018,1,1,'/themes/core.js.map','','2021-05-25 11:27:35'),
(11019,1,1,'/modules/blockreassurance/views/dist/front.js.map','','2021-05-25 11:27:35'),
(11020,1,1,'/themes/core.js.map','','2021-05-25 11:27:41'),
(11021,1,1,'/modules/blockreassurance/views/dist/front.js.map','','2021-05-25 11:27:41'),
(11022,1,1,'/modules/blockreassurance/views/dist/front.js.map','','2021-05-25 11:28:06'),
(11023,1,1,'/themes/core.js.map','','2021-05-25 11:28:06'),
(11024,1,1,'/themes/core.js.map','','2021-05-25 11:28:32'),
(11025,1,1,'/modules/blockreassurance/views/dist/front.js.map','','2021-05-25 11:28:32'),
(11026,1,1,'/themes/core.js.map','','2021-05-25 11:28:38'),
(11027,1,1,'/modules/blockreassurance/views/dist/front.js.map','','2021-05-25 11:28:38'),
(11028,1,1,'/themes/core.js.map','','2021-05-25 11:28:47'),
(11029,1,1,'/modules/blockreassurance/views/dist/front.js.map','','2021-05-25 11:28:47'),
(11030,1,1,'/themes/core.js.map','','2021-05-25 11:29:45'),
(11031,1,1,'/modules/blockreassurance/views/dist/front.js.map','','2021-05-25 11:29:45'),
(11032,1,1,'/themes/core.js.map','','2021-05-25 11:30:36'),
(11033,1,1,'/modules/blockreassurance/views/dist/front.js.map','','2021-05-25 11:30:37'),
(11034,1,1,'/themes/core.js.map','','2021-05-25 11:31:50'),
(11035,1,1,'/modules/blockreassurance/views/dist/front.js.map','','2021-05-25 11:31:50'),
(11036,1,1,'/themes/core.js.map','','2021-05-25 11:31:55'),
(11037,1,1,'/modules/blockreassurance/views/dist/front.js.map','','2021-05-25 11:31:55'),
(11038,1,1,'/themes/core.js.map','','2021-05-25 11:32:09'),
(11039,1,1,'/modules/blockreassurance/views/dist/front.js.map','','2021-05-25 11:32:09'),
(11040,1,1,'/themes/core.js.map','','2021-05-25 11:33:31'),
(11041,1,1,'/modules/blockreassurance/views/dist/front.js.map','','2021-05-25 11:33:31'),
(11042,1,1,'/themes/core.js.map','','2021-05-25 11:33:37'),
(11043,1,1,'/modules/blockreassurance/views/dist/front.js.map','','2021-05-25 11:33:37'),
(11044,1,1,'/themes/core.js.map','','2021-05-25 11:33:43'),
(11045,1,1,'/modules/blockreassurance/views/dist/front.js.map','','2021-05-25 11:33:44'),
(11046,1,1,'/themes/core.js.map','','2021-05-25 11:33:49'),
(11047,1,1,'/modules/blockreassurance/views/dist/front.js.map','','2021-05-25 11:33:49'),
(11048,1,1,'/themes/core.js.map','','2021-05-25 11:33:53'),
(11049,1,1,'/modules/blockreassurance/views/dist/front.js.map','','2021-05-25 11:33:53'),
(11050,1,1,'/themes/core.js.map','','2021-05-25 11:33:57'),
(11051,1,1,'/modules/blockreassurance/views/dist/front.js.map','','2021-05-25 11:33:58'),
(11052,1,1,'/themes/core.js.map','','2021-05-25 11:34:15'),
(11053,1,1,'/modules/blockreassurance/views/dist/front.js.map','','2021-05-25 11:34:16'),
(11054,1,1,'/themes/core.js.map','','2021-05-25 11:34:45'),
(11055,1,1,'/themes/core.js.map','','2021-05-25 11:35:00'),
(11056,1,1,'/modules/blockreassurance/views/dist/front.js.map','','2021-05-25 11:35:00'),
(11057,1,1,'/themes/core.js.map','','2021-05-25 11:37:09'),
(11058,1,1,'/modules/blockreassurance/views/dist/front.js.map','','2021-05-25 11:37:09'),
(11059,1,1,'/themes/core.js.map','','2021-05-25 11:37:13'),
(11060,1,1,'/modules/blockreassurance/views/dist/front.js.map','','2021-05-25 11:37:13'),
(11061,1,1,'/themes/core.js.map','','2021-05-25 11:37:21'),
(11062,1,1,'/modules/blockreassurance/views/dist/front.js.map','','2021-05-25 11:37:22'),
(11063,1,1,'/themes/core.js.map','','2021-05-25 11:41:20'),
(11064,1,1,'/modules/blockreassurance/views/dist/front.js.map','','2021-05-25 11:41:20'),
(11065,1,1,'/themes/core.js.map','','2021-05-25 11:41:37'),
(11066,1,1,'/modules/blockreassurance/views/dist/front.js.map','','2021-05-25 11:41:38'),
(11067,1,1,'/themes/core.js.map','','2021-05-25 11:43:22'),
(11068,1,1,'/modules/blockreassurance/views/dist/front.js.map','','2021-05-25 11:43:22'),
(11069,1,1,'/themes/core.js.map','','2021-05-25 11:43:24'),
(11070,1,1,'/modules/blockreassurance/views/dist/front.js.map','','2021-05-25 11:43:24'),
(11071,1,1,'/themes/core.js.map','','2021-05-25 11:43:32'),
(11072,1,1,'/modules/blockreassurance/views/dist/front.js.map','','2021-05-25 11:43:33'),
(11073,1,1,'/themes/core.js.map','','2021-05-25 11:43:39'),
(11074,1,1,'/modules/blockreassurance/views/dist/front.js.map','','2021-05-25 11:43:39'),
(11075,1,1,'/themes/core.js.map','','2021-05-25 11:47:14'),
(11076,1,1,'/modules/blockreassurance/views/dist/front.js.map','','2021-05-25 11:47:14'),
(11077,1,1,'/themes/core.js.map','','2021-05-25 11:47:44'),
(11078,1,1,'/modules/blockreassurance/views/dist/front.js.map','','2021-05-25 11:47:45'),
(11079,1,1,'/themes/core.js.map','','2021-05-25 11:48:37'),
(11080,1,1,'/modules/blockreassurance/views/dist/front.js.map','','2021-05-25 11:48:37'),
(11081,1,1,'/themes/core.js.map','','2021-05-25 11:50:03'),
(11082,1,1,'/modules/blockreassurance/views/dist/front.js.map','','2021-05-25 11:50:04'),
(11083,1,1,'/themes/core.js.map','','2021-05-25 11:50:49'),
(11084,1,1,'/modules/blockreassurance/views/dist/front.js.map','','2021-05-25 11:50:49'),
(11085,1,1,'/themes/core.js.map','','2021-05-25 11:52:23'),
(11086,1,1,'/modules/blockreassurance/views/dist/front.js.map','','2021-05-25 11:52:23'),
(11087,1,1,'/themes/core.js.map','','2021-05-25 11:52:41'),
(11088,1,1,'/modules/blockreassurance/views/dist/front.js.map','','2021-05-25 11:52:41'),
(11089,1,1,'/themes/core.js.map','','2021-05-25 11:54:00'),
(11090,1,1,'/modules/blockreassurance/views/dist/front.js.map','','2021-05-25 11:54:00'),
(11091,1,1,'/themes/core.js.map','','2021-05-25 11:54:04'),
(11092,1,1,'/modules/blockreassurance/views/dist/front.js.map','','2021-05-25 11:54:04'),
(11093,1,1,'/themes/core.js.map','','2021-05-25 11:54:35'),
(11094,1,1,'/modules/blockreassurance/views/dist/front.js.map','','2021-05-25 11:54:35'),
(11095,1,1,'/themes/core.js.map','','2021-05-25 11:55:23'),
(11096,1,1,'/modules/blockreassurance/views/dist/front.js.map','','2021-05-25 11:55:23'),
(11097,1,1,'/themes/core.js.map','','2021-05-25 11:55:25'),
(11098,1,1,'/modules/blockreassurance/views/dist/front.js.map','','2021-05-25 11:55:26'),
(11099,1,1,'/themes/core.js.map','','2021-05-25 11:56:06'),
(11100,1,1,'/modules/blockreassurance/views/dist/front.js.map','','2021-05-25 11:56:06'),
(11101,1,1,'/themes/core.js.map','','2021-05-25 11:56:10'),
(11102,1,1,'/modules/blockreassurance/views/dist/front.js.map','','2021-05-25 11:56:10'),
(11103,1,1,'/themes/core.js.map','','2021-05-25 11:56:43'),
(11104,1,1,'/modules/blockreassurance/views/dist/front.js.map','','2021-05-25 11:56:43'),
(11105,1,1,'/themes/core.js.map','','2021-05-25 11:56:46'),
(11106,1,1,'/modules/blockreassurance/views/dist/front.js.map','','2021-05-25 11:56:47'),
(11107,1,1,'/themes/core.js.map','','2021-05-25 11:57:37'),
(11108,1,1,'/modules/blockreassurance/views/dist/front.js.map','','2021-05-25 11:57:37'),
(11109,1,1,'/themes/core.js.map','','2021-05-25 11:58:24'),
(11110,1,1,'/modules/blockreassurance/views/dist/front.js.map','','2021-05-25 11:58:24'),
(11111,1,1,'/themes/core.js.map','','2021-05-25 11:58:28'),
(11112,1,1,'/modules/blockreassurance/views/dist/front.js.map','','2021-05-25 11:58:28'),
(11113,1,1,'/themes/core.js.map','','2021-05-25 12:00:48'),
(11114,1,1,'/modules/blockreassurance/views/dist/front.js.map','','2021-05-25 12:00:48'),
(11115,1,1,'/themes/core.js.map','','2021-05-25 12:02:34'),
(11116,1,1,'/modules/blockreassurance/views/dist/front.js.map','','2021-05-25 12:02:35'),
(11117,1,1,'/themes/core.js.map','','2021-05-25 12:02:55'),
(11118,1,1,'/modules/blockreassurance/views/dist/front.js.map','','2021-05-25 12:02:55'),
(11119,1,1,'/themes/core.js.map','','2021-05-25 12:03:28'),
(11120,1,1,'/modules/blockreassurance/views/dist/front.js.map','','2021-05-25 12:03:28'),
(11121,1,1,'/themes/core.js.map','','2021-05-25 12:03:33'),
(11122,1,1,'/modules/blockreassurance/views/dist/front.js.map','','2021-05-25 12:03:33'),
(11123,1,1,'/themes/core.js.map','','2021-05-25 12:05:26'),
(11124,1,1,'/modules/blockreassurance/views/dist/front.js.map','','2021-05-25 12:05:27'),
(11125,1,1,'/themes/core.js.map','','2021-05-25 12:07:31'),
(11126,1,1,'/modules/blockreassurance/views/dist/front.js.map','','2021-05-25 12:07:32'),
(11127,1,1,'/themes/core.js.map','','2021-05-25 12:08:29'),
(11128,1,1,'/modules/blockreassurance/views/dist/front.js.map','','2021-05-25 12:08:29'),
(11129,1,1,'/themes/core.js.map','','2021-05-25 12:08:43'),
(11130,1,1,'/modules/blockreassurance/views/dist/front.js.map','','2021-05-25 12:08:44'),
(11131,1,1,'/themes/core.js.map','','2021-05-25 12:09:26'),
(11132,1,1,'/themes/core.js.map','','2021-05-25 12:09:35'),
(11133,1,1,'/modules/blockreassurance/views/dist/front.js.map','','2021-05-25 12:09:36'),
(11134,1,1,'/themes/core.js.map','','2021-05-25 12:10:44'),
(11135,1,1,'/modules/blockreassurance/views/dist/front.js.map','','2021-05-25 12:10:44'),
(11136,1,1,'/themes/core.js.map','','2021-05-25 12:11:04'),
(11137,1,1,'/modules/blockreassurance/views/dist/front.js.map','','2021-05-25 12:11:05'),
(11138,1,1,'/themes/core.js.map','','2021-05-25 12:11:34'),
(11139,1,1,'/modules/blockreassurance/views/dist/front.js.map','','2021-05-25 12:11:35'),
(11140,1,1,'/themes/core.js.map','','2021-05-25 12:13:08'),
(11141,1,1,'/modules/blockreassurance/views/dist/front.js.map','','2021-05-25 12:13:08'),
(11142,1,1,'/themes/core.js.map','','2021-05-25 12:13:39'),
(11143,1,1,'/modules/blockreassurance/views/dist/front.js.map','','2021-05-25 12:13:39'),
(11144,1,1,'/themes/core.js.map','','2021-05-25 12:14:46'),
(11145,1,1,'/modules/blockreassurance/views/dist/front.js.map','','2021-05-25 12:14:47'),
(11146,1,1,'/themes/core.js.map','','2021-05-25 12:14:55'),
(11147,1,1,'/modules/blockreassurance/views/dist/front.js.map','','2021-05-25 12:14:56'),
(11148,1,1,'/themes/core.js.map','','2021-05-25 12:16:31'),
(11149,1,1,'/modules/blockreassurance/views/dist/front.js.map','','2021-05-25 12:16:31'),
(11150,1,1,'/themes/core.js.map','','2021-05-25 12:16:35'),
(11151,1,1,'/modules/blockreassurance/views/dist/front.js.map','','2021-05-25 12:16:35'),
(11152,1,1,'/themes/core.js.map','','2021-05-25 12:17:49'),
(11153,1,1,'/modules/blockreassurance/views/dist/front.js.map','','2021-05-25 12:17:49'),
(11154,1,1,'/themes/core.js.map','','2021-05-25 12:17:53'),
(11155,1,1,'/modules/blockreassurance/views/dist/front.js.map','','2021-05-25 12:17:53'),
(11156,1,1,'/themes/core.js.map','','2021-05-25 12:18:00'),
(11157,1,1,'/modules/blockreassurance/views/dist/front.js.map','','2021-05-25 12:18:00'),
(11158,1,1,'/themes/core.js.map','','2021-05-25 12:18:49'),
(11159,1,1,'/modules/blockreassurance/views/dist/front.js.map','','2021-05-25 12:18:49'),
(11160,1,1,'/themes/core.js.map','','2021-05-25 12:19:31'),
(11161,1,1,'/modules/blockreassurance/views/dist/front.js.map','','2021-05-25 12:19:31'),
(11162,1,1,'/themes/core.js.map','','2021-05-25 12:19:38'),
(11163,1,1,'/modules/blockreassurance/views/dist/front.js.map','','2021-05-25 12:19:38'),
(11164,1,1,'/themes/core.js.map','','2021-05-25 12:19:48'),
(11165,1,1,'/modules/blockreassurance/views/dist/front.js.map','','2021-05-25 12:19:49'),
(11166,1,1,'/themes/core.js.map','','2021-05-25 12:20:01'),
(11167,1,1,'/modules/blockreassurance/views/dist/front.js.map','','2021-05-25 12:20:01'),
(11168,1,1,'/themes/core.js.map','','2021-05-25 12:21:36'),
(11169,1,1,'/modules/blockreassurance/views/dist/front.js.map','','2021-05-25 12:21:37'),
(11170,1,1,'/themes/core.js.map','','2021-05-25 12:22:24'),
(11171,1,1,'/modules/blockreassurance/views/dist/front.js.map','','2021-05-25 12:22:25'),
(11172,1,1,'/themes/core.js.map','','2021-05-25 12:22:54'),
(11173,1,1,'/modules/blockreassurance/views/dist/front.js.map','','2021-05-25 12:22:54'),
(11174,1,1,'/themes/core.js.map','','2021-05-25 12:23:03'),
(11175,1,1,'/modules/blockreassurance/views/dist/front.js.map','','2021-05-25 12:23:03'),
(11176,1,1,'/themes/core.js.map','','2021-05-25 12:28:08'),
(11177,1,1,'/modules/blockreassurance/views/dist/front.js.map','','2021-05-25 12:28:09'),
(11178,1,1,'/themes/core.js.map','','2021-05-25 12:29:16'),
(11179,1,1,'/modules/blockreassurance/views/dist/front.js.map','','2021-05-25 12:29:16'),
(11180,1,1,'/themes/core.js.map','','2021-05-25 12:29:39'),
(11181,1,1,'/modules/blockreassurance/views/dist/front.js.map','','2021-05-25 12:29:39'),
(11182,1,1,'/themes/core.js.map','','2021-05-25 12:29:41'),
(11183,1,1,'/modules/blockreassurance/views/dist/front.js.map','','2021-05-25 12:29:45'),
(11184,1,1,'/themes/core.js.map','','2021-05-25 12:30:08'),
(11185,1,1,'/modules/blockreassurance/views/dist/front.js.map','','2021-05-25 12:30:09'),
(11186,1,1,'/themes/core.js.map','','2021-05-25 12:30:18'),
(11187,1,1,'/modules/blockreassurance/views/dist/front.js.map','','2021-05-25 12:30:19'),
(11188,1,1,'/themes/core.js.map','','2021-05-25 12:31:09'),
(11189,1,1,'/modules/blockreassurance/views/dist/front.js.map','','2021-05-25 12:31:10'),
(11190,1,1,'/themes/core.js.map','','2021-05-25 12:32:39'),
(11191,1,1,'/modules/blockreassurance/views/dist/front.js.map','','2021-05-25 12:32:39'),
(11192,1,1,'/themes/core.js.map','','2021-05-25 12:32:43'),
(11193,1,1,'/modules/blockreassurance/views/dist/front.js.map','','2021-05-25 12:32:43'),
(11194,1,1,'/themes/core.js.map','','2021-05-25 12:32:53'),
(11195,1,1,'/modules/blockreassurance/views/dist/front.js.map','','2021-05-25 12:32:53'),
(11196,1,1,'/themes/core.js.map','','2021-05-25 12:33:19'),
(11197,1,1,'/modules/blockreassurance/views/dist/front.js.map','','2021-05-25 12:33:19'),
(11198,1,1,'/themes/core.js.map','','2021-05-25 12:33:27'),
(11199,1,1,'/modules/blockreassurance/views/dist/front.js.map','','2021-05-25 12:33:28'),
(11200,1,1,'/themes/core.js.map','','2021-05-25 12:34:53'),
(11201,1,1,'/modules/blockreassurance/views/dist/front.js.map','','2021-05-25 12:34:53'),
(11202,1,1,'/themes/core.js.map','','2021-05-25 12:35:22'),
(11203,1,1,'/modules/blockreassurance/views/dist/front.js.map','','2021-05-25 12:35:22'),
(11204,1,1,'/themes/core.js.map','','2021-05-25 12:35:41'),
(11205,1,1,'/modules/blockreassurance/views/dist/front.js.map','','2021-05-25 12:35:42'),
(11206,1,1,'/themes/core.js.map','','2021-05-25 12:39:02'),
(11207,1,1,'/modules/blockreassurance/views/dist/front.js.map','','2021-05-25 12:39:02'),
(11208,1,1,'/modules/blockreassurance/views/dist/front.js.map','','2021-05-25 12:39:05'),
(11209,1,1,'/themes/core.js.map','','2021-05-25 12:39:05'),
(11210,1,1,'/themes/core.js.map','','2021-05-25 12:39:13'),
(11211,1,1,'/modules/blockreassurance/views/dist/front.js.map','','2021-05-25 12:39:14'),
(11212,1,1,'/themes/core.js.map','','2021-05-25 12:39:20'),
(11213,1,1,'/modules/blockreassurance/views/dist/front.js.map','','2021-05-25 12:39:20'),
(11214,1,1,'/themes/core.js.map','','2021-05-25 12:39:23'),
(11215,1,1,'/modules/blockreassurance/views/dist/front.js.map','','2021-05-25 12:39:23'),
(11216,1,1,'/modules/blockreassurance/views/dist/front.js.map','','2021-05-25 12:40:40'),
(11217,1,1,'/themes/core.js.map','','2021-05-25 12:40:40'),
(11218,1,1,'/themes/core.js.map','','2021-05-25 12:41:05'),
(11219,1,1,'/modules/blockreassurance/views/dist/front.js.map','','2021-05-25 12:41:05'),
(11220,1,1,'/themes/core.js.map','','2021-05-25 12:41:09'),
(11221,1,1,'/modules/blockreassurance/views/dist/front.js.map','','2021-05-25 12:41:10'),
(11222,1,1,'/themes/core.js.map','','2021-05-25 12:42:15'),
(11223,1,1,'/modules/blockreassurance/views/dist/front.js.map','','2021-05-25 12:42:15'),
(11224,1,1,'/themes/core.js.map','','2021-05-25 12:43:46'),
(11225,1,1,'/modules/blockreassurance/views/dist/front.js.map','','2021-05-25 12:43:47'),
(11226,1,1,'/themes/core.js.map','','2021-05-25 12:44:00'),
(11227,1,1,'/modules/blockreassurance/views/dist/front.js.map','','2021-05-25 12:44:01'),
(11228,1,1,'/themes/core.js.map','','2021-05-25 12:44:51'),
(11229,1,1,'/modules/blockreassurance/views/dist/front.js.map','','2021-05-25 12:44:51'),
(11230,1,1,'/modules/blockreassurance/views/dist/front.js.map','','2021-05-25 12:46:30'),
(11231,1,1,'/themes/core.js.map','','2021-05-25 12:46:30'),
(11232,1,1,'/modules/blockreassurance/views/dist/front.js.map','','2021-05-25 12:46:33'),
(11233,1,1,'/themes/core.js.map','','2021-05-25 12:46:33'),
(11234,1,1,'/themes/core.js.map','','2021-05-25 12:47:04'),
(11235,1,1,'/modules/blockreassurance/views/dist/front.js.map','','2021-05-25 12:47:05'),
(11236,1,1,'/themes/core.js.map','','2021-05-25 12:47:08'),
(11237,1,1,'/modules/blockreassurance/views/dist/front.js.map','','2021-05-25 12:47:08'),
(11238,1,1,'/themes/core.js.map','','2021-05-25 12:47:16'),
(11239,1,1,'/modules/blockreassurance/views/dist/front.js.map','','2021-05-25 12:47:16'),
(11240,1,1,'/themes/core.js.map','','2021-05-25 12:47:25'),
(11241,1,1,'/modules/blockreassurance/views/dist/front.js.map','','2021-05-25 12:47:26'),
(11242,1,1,'/themes/core.js.map','','2021-05-25 12:47:47'),
(11243,1,1,'/modules/blockreassurance/views/dist/front.js.map','','2021-05-25 12:47:48'),
(11244,1,1,'/themes/core.js.map','','2021-05-25 12:47:59'),
(11245,1,1,'/modules/blockreassurance/views/dist/front.js.map','','2021-05-25 12:47:59'),
(11246,1,1,'/themes/core.js.map','','2021-05-25 12:48:25'),
(11247,1,1,'/modules/blockreassurance/views/dist/front.js.map','','2021-05-25 12:48:25'),
(11248,1,1,'/themes/core.js.map','','2021-05-25 12:48:31'),
(11249,1,1,'/modules/blockreassurance/views/dist/front.js.map','','2021-05-25 12:48:31'),
(11250,1,1,'/themes/core.js.map','','2021-05-25 12:48:47'),
(11251,1,1,'/modules/blockreassurance/views/dist/front.js.map','','2021-05-25 12:48:48'),
(11252,1,1,'/themes/core.js.map','','2021-05-25 12:49:41'),
(11253,1,1,'/modules/blockreassurance/views/dist/front.js.map','','2021-05-25 12:49:42'),
(11254,1,1,'/themes/core.js.map','','2021-05-25 12:50:37'),
(11255,1,1,'/modules/blockreassurance/views/dist/front.js.map','','2021-05-25 12:50:38'),
(11256,1,1,'/themes/core.js.map','','2021-05-25 12:51:10'),
(11257,1,1,'/modules/blockreassurance/views/dist/front.js.map','','2021-05-25 12:51:10'),
(11258,1,1,'/themes/core.js.map','','2021-05-25 12:51:34'),
(11259,1,1,'/modules/blockreassurance/views/dist/front.js.map','','2021-05-25 12:51:34'),
(11260,1,1,'/themes/core.js.map','','2021-05-25 12:52:11'),
(11261,1,1,'/modules/blockreassurance/views/dist/front.js.map','','2021-05-25 12:52:11'),
(11262,1,1,'/themes/core.js.map','','2021-05-25 12:52:48'),
(11263,1,1,'/modules/blockreassurance/views/dist/front.js.map','','2021-05-25 12:52:48'),
(11264,1,1,'/themes/core.js.map','','2021-05-25 12:52:49'),
(11265,1,1,'/themes/core.js.map','','2021-05-25 12:54:06'),
(11266,1,1,'/modules/blockreassurance/views/dist/front.js.map','','2021-05-25 12:54:07'),
(11267,1,1,'/themes/core.js.map','','2021-05-25 12:54:35'),
(11268,1,1,'/modules/blockreassurance/views/dist/front.js.map','','2021-05-25 12:54:35'),
(11269,1,1,'/themes/core.js.map','','2021-05-25 12:54:46'),
(11270,1,1,'/modules/blockreassurance/views/dist/front.js.map','','2021-05-25 12:54:46'),
(11271,1,1,'/themes/core.js.map','','2021-05-25 12:54:53'),
(11272,1,1,'/modules/blockreassurance/views/dist/front.js.map','','2021-05-25 12:54:54'),
(11273,1,1,'/themes/core.js.map','','2021-05-25 13:02:55'),
(11274,1,1,'/modules/blockreassurance/views/dist/front.js.map','','2021-05-25 13:02:55'),
(11275,1,1,'/themes/core.js.map','','2021-05-25 13:03:37'),
(11276,1,1,'/modules/blockreassurance/views/dist/front.js.map','','2021-05-25 13:03:38'),
(11277,1,1,'/modules/blockreassurance/views/dist/front.js.map','','2021-05-25 13:03:54'),
(11278,1,1,'/themes/core.js.map','','2021-05-25 13:03:54'),
(11279,1,1,'/themes/core.js.map','','2021-05-25 13:04:05'),
(11280,1,1,'/modules/blockreassurance/views/dist/front.js.map','','2021-05-25 13:04:05'),
(11281,1,1,'/themes/core.js.map','','2021-05-25 13:05:04'),
(11282,1,1,'/modules/blockreassurance/views/dist/front.js.map','','2021-05-25 13:05:04'),
(11283,1,1,'/themes/core.js.map','','2021-05-25 13:06:08'),
(11284,1,1,'/modules/blockreassurance/views/dist/front.js.map','','2021-05-25 13:06:08'),
(11285,1,1,'/themes/core.js.map','','2021-05-25 13:06:35'),
(11286,1,1,'/modules/blockreassurance/views/dist/front.js.map','','2021-05-25 13:06:35'),
(11287,1,1,'/themes/core.js.map','','2021-05-25 13:09:06'),
(11288,1,1,'/themes/core.js.map','','2021-05-25 13:09:34'),
(11289,1,1,'/modules/blockreassurance/views/dist/front.js.map','','2021-05-25 13:09:34'),
(11290,1,1,'/themes/core.js.map','','2021-05-25 13:10:21'),
(11291,1,1,'/modules/blockreassurance/views/dist/front.js.map','','2021-05-25 13:10:21'),
(11292,1,1,'/themes/core.js.map','','2021-05-25 13:15:57'),
(11293,1,1,'/themes/core.js.map','','2021-05-25 13:18:48'),
(11294,1,1,'/modules/blockreassurance/views/dist/front.js.map','','2021-05-25 13:18:49'),
(11295,1,1,'/themes/core.js.map','','2021-05-25 13:19:07'),
(11296,1,1,'/modules/blockreassurance/views/dist/front.js.map','','2021-05-25 13:19:07'),
(11297,1,1,'/themes/core.js.map','','2021-05-25 13:19:14'),
(11298,1,1,'/modules/blockreassurance/views/dist/front.js.map','','2021-05-25 13:19:14'),
(11299,1,1,'/themes/core.js.map','','2021-05-25 13:19:37'),
(11300,1,1,'/modules/blockreassurance/views/dist/front.js.map','','2021-05-25 13:19:37'),
(11301,1,1,'/themes/core.js.map','','2021-05-25 13:20:08'),
(11302,1,1,'/modules/blockreassurance/views/dist/front.js.map','','2021-05-25 13:20:08'),
(11303,1,1,'/themes/core.js.map','','2021-05-25 13:22:42'),
(11304,1,1,'/modules/blockreassurance/views/dist/front.js.map','','2021-05-25 13:22:42'),
(11305,1,1,'/themes/core.js.map','','2021-05-25 13:23:27'),
(11306,1,1,'/modules/blockreassurance/views/dist/front.js.map','','2021-05-25 13:23:28'),
(11307,1,1,'/themes/core.js.map','','2021-05-25 13:32:56'),
(11308,1,1,'/modules/blockreassurance/views/dist/front.js.map','','2021-05-25 13:32:56'),
(11309,1,1,'/themes/core.js.map','','2021-05-25 13:34:08'),
(11310,1,1,'/modules/blockreassurance/views/dist/front.js.map','','2021-05-25 13:34:09'),
(11311,1,1,'/themes/core.js.map','','2021-05-25 13:35:07'),
(11312,1,1,'/modules/blockreassurance/views/dist/front.js.map','','2021-05-25 13:35:07'),
(11313,1,1,'/themes/core.js.map','','2021-05-25 13:35:13'),
(11314,1,1,'/modules/blockreassurance/views/dist/front.js.map','','2021-05-25 13:35:13'),
(11315,1,1,'/themes/core.js.map','','2021-05-25 13:35:42'),
(11316,1,1,'/modules/blockreassurance/views/dist/front.js.map','','2021-05-25 13:35:43'),
(11317,1,1,'/themes/core.js.map','','2021-05-25 13:40:12'),
(11318,1,1,'/modules/blockreassurance/views/dist/front.js.map','','2021-05-25 13:40:12'),
(11319,1,1,'/themes/core.js.map','','2021-05-25 13:41:06'),
(11320,1,1,'/modules/blockreassurance/views/dist/front.js.map','','2021-05-25 13:41:06'),
(11321,1,1,'/themes/core.js.map','','2021-05-25 13:41:11'),
(11322,1,1,'/modules/blockreassurance/views/dist/front.js.map','','2021-05-25 13:41:12'),
(11323,1,1,'/themes/core.js.map','','2021-05-25 13:46:03'),
(11324,1,1,'/modules/blockreassurance/views/dist/front.js.map','','2021-05-25 13:46:03'),
(11325,1,1,'/themes/core.js.map','','2021-05-25 13:47:27'),
(11326,1,1,'/modules/blockreassurance/views/dist/front.js.map','','2021-05-25 13:47:27'),
(11327,1,1,'/themes/core.js.map','','2021-05-25 13:47:46'),
(11328,1,1,'/modules/blockreassurance/views/dist/front.js.map','','2021-05-25 13:47:47'),
(11329,1,1,'/themes/core.js.map','','2021-05-25 13:48:27'),
(11330,1,1,'/modules/blockreassurance/views/dist/front.js.map','','2021-05-25 13:48:28'),
(11331,1,1,'/themes/core.js.map','','2021-05-25 13:48:33'),
(11332,1,1,'/modules/blockreassurance/views/dist/front.js.map','','2021-05-25 13:48:34'),
(11333,1,1,'/themes/core.js.map','','2021-05-25 13:49:00'),
(11334,1,1,'/modules/blockreassurance/views/dist/front.js.map','','2021-05-25 13:49:00'),
(11335,1,1,'/themes/core.js.map','','2021-05-25 13:49:15'),
(11336,1,1,'/modules/blockreassurance/views/dist/front.js.map','','2021-05-25 13:49:16'),
(11337,1,1,'/themes/core.js.map','','2021-05-25 13:50:39'),
(11338,1,1,'/modules/blockreassurance/views/dist/front.js.map','','2021-05-25 13:50:40'),
(11339,1,1,'/themes/core.js.map','','2021-05-25 13:50:45'),
(11340,1,1,'/modules/blockreassurance/views/dist/front.js.map','','2021-05-25 13:50:45'),
(11341,1,1,'/themes/core.js.map','','2021-05-25 13:51:41'),
(11342,1,1,'/modules/blockreassurance/views/dist/front.js.map','','2021-05-25 13:51:41'),
(11343,1,1,'/themes/core.js.map','','2021-05-25 13:51:58'),
(11344,1,1,'/modules/blockreassurance/views/dist/front.js.map','','2021-05-25 13:51:59'),
(11345,1,1,'/themes/core.js.map','','2021-05-25 13:52:17'),
(11346,1,1,'/modules/blockreassurance/views/dist/front.js.map','','2021-05-25 13:52:18'),
(11347,1,1,'/themes/core.js.map','','2021-05-25 13:52:48'),
(11348,1,1,'/modules/blockreassurance/views/dist/front.js.map','','2021-05-25 13:52:49'),
(11349,1,1,'/themes/core.js.map','','2021-05-25 13:53:22'),
(11350,1,1,'/modules/blockreassurance/views/dist/front.js.map','','2021-05-25 13:53:22'),
(11351,1,1,'/themes/core.js.map','','2021-05-25 13:57:51'),
(11352,1,1,'/modules/blockreassurance/views/dist/front.js.map','','2021-05-25 13:57:52'),
(11353,1,1,'/themes/core.js.map','','2021-05-25 13:58:21'),
(11354,1,1,'/modules/blockreassurance/views/dist/front.js.map','','2021-05-25 13:58:21'),
(11355,1,1,'/themes/core.js.map','','2021-05-25 13:58:29'),
(11356,1,1,'/modules/blockreassurance/views/dist/front.js.map','','2021-05-25 13:58:29'),
(11357,1,1,'/themes/core.js.map','','2021-05-25 13:58:32'),
(11358,1,1,'/modules/blockreassurance/views/dist/front.js.map','','2021-05-25 13:58:32'),
(11359,1,1,'/themes/core.js.map','','2021-05-25 13:59:14'),
(11360,1,1,'/modules/blockreassurance/views/dist/front.js.map','','2021-05-25 13:59:14'),
(11361,1,1,'/themes/core.js.map','','2021-05-25 13:59:19'),
(11362,1,1,'/modules/blockreassurance/views/dist/front.js.map','','2021-05-25 13:59:20'),
(11363,1,1,'/themes/core.js.map','','2021-05-25 13:59:39'),
(11364,1,1,'/modules/blockreassurance/views/dist/front.js.map','','2021-05-25 13:59:39'),
(11365,1,1,'/themes/core.js.map','','2021-05-25 14:00:22'),
(11366,1,1,'/modules/blockreassurance/views/dist/front.js.map','','2021-05-25 14:00:22'),
(11367,1,1,'/themes/core.js.map','','2021-05-25 14:00:53'),
(11368,1,1,'/modules/blockreassurance/views/dist/front.js.map','','2021-05-25 14:00:53'),
(11369,1,1,'/themes/core.js.map','','2021-05-25 14:01:26'),
(11370,1,1,'/modules/blockreassurance/views/dist/front.js.map','','2021-05-25 14:01:26'),
(11371,1,1,'/themes/core.js.map','','2021-05-25 14:01:51'),
(11372,1,1,'/modules/blockreassurance/views/dist/front.js.map','','2021-05-25 14:01:51'),
(11373,1,1,'/themes/core.js.map','','2021-05-25 15:39:30'),
(11374,1,1,'/modules/blockreassurance/views/dist/front.js.map','','2021-05-25 15:39:31'),
(11375,1,1,'/themes/core.js.map','','2021-05-25 15:40:58'),
(11376,1,1,'/modules/blockreassurance/views/dist/front.js.map','','2021-05-25 15:40:58'),
(11377,1,1,'/modules/blockreassurance/views/dist/front.js.map','','2021-05-25 15:41:53'),
(11378,1,1,'/themes/core.js.map','','2021-05-25 15:41:54'),
(11379,1,1,'/themes/core.js.map','','2021-05-25 15:41:57'),
(11380,1,1,'/themes/core.js.map','','2021-05-25 15:42:15'),
(11381,1,1,'/modules/blockreassurance/views/dist/front.js.map','','2021-05-25 15:42:16'),
(11382,1,1,'/modules/blockreassurance/views/dist/front.js.map','','2021-05-25 15:42:18'),
(11383,1,1,'/modules/blockreassurance/views/dist/front.js.map','','2021-05-25 15:42:26'),
(11384,1,1,'/themes/core.js.map','','2021-05-25 15:42:26'),
(11385,1,1,'/modules/blockreassurance/views/dist/front.js.map','','2021-05-25 15:48:11'),
(11386,1,1,'/themes/core.js.map','','2021-05-25 15:48:12'),
(11387,1,1,'/modules/blockreassurance/views/dist/front.js.map','','2021-05-25 15:51:53'),
(11388,1,1,'/themes/core.js.map','','2021-05-25 15:51:53'),
(11389,1,1,'/themes/core.js.map','','2021-05-25 15:52:00'),
(11390,1,1,'/modules/blockreassurance/views/dist/front.js.map','','2021-05-25 15:52:01'),
(11391,1,1,'/themes/core.js.map','','2021-05-25 15:52:04'),
(11392,1,1,'/modules/blockreassurance/views/dist/front.js.map','','2021-05-25 15:52:04'),
(11393,1,1,'/themes/core.js.map','','2021-05-25 15:52:08'),
(11394,1,1,'/modules/blockreassurance/views/dist/front.js.map','','2021-05-25 15:52:09'),
(11395,1,1,'/themes/core.js.map','','2021-05-25 15:52:38'),
(11396,1,1,'/modules/blockreassurance/views/dist/front.js.map','','2021-05-25 15:52:39'),
(11397,1,1,'/themes/core.js.map','','2021-05-25 15:52:39'),
(11398,1,1,'/modules/blockreassurance/views/dist/front.js.map','','2021-05-25 15:52:39'),
(11399,1,1,'/themes/core.js.map','','2021-05-25 15:52:41'),
(11400,1,1,'/modules/blockreassurance/views/dist/front.js.map','','2021-05-25 15:52:41'),
(11401,1,1,'/modules/blockreassurance/views/dist/front.js.map','','2021-05-25 15:53:18'),
(11402,1,1,'/themes/core.js.map','','2021-05-25 15:53:19'),
(11403,1,1,'/themes/core.js.map','','2021-05-25 15:55:25'),
(11404,1,1,'/modules/blockreassurance/views/dist/front.js.map','','2021-05-25 15:55:25'),
(11405,1,1,'/themes/core.js.map','','2021-05-25 15:55:29'),
(11406,1,1,'/modules/blockreassurance/views/dist/front.js.map','','2021-05-25 15:55:29'),
(11407,1,1,'/themes/core.js.map','','2021-05-25 15:55:34'),
(11408,1,1,'/modules/blockreassurance/views/dist/front.js.map','','2021-05-25 15:55:34'),
(11409,1,1,'/themes/core.js.map','','2021-05-25 15:56:39'),
(11410,1,1,'/modules/blockreassurance/views/dist/front.js.map','','2021-05-25 15:56:39'),
(11411,1,1,'/themes/core.js.map','','2021-05-25 15:56:53'),
(11412,1,1,'/modules/blockreassurance/views/dist/front.js.map','','2021-05-25 15:56:53'),
(11413,1,1,'/themes/core.js.map','','2021-05-25 15:57:15'),
(11414,1,1,'/modules/blockreassurance/views/dist/front.js.map','','2021-05-25 15:57:15'),
(11415,1,1,'/themes/core.js.map','','2021-05-25 15:57:36'),
(11416,1,1,'/modules/blockreassurance/views/dist/front.js.map','','2021-05-25 15:57:37'),
(11417,1,1,'/themes/core.js.map','','2021-05-25 15:58:24'),
(11418,1,1,'/modules/blockreassurance/views/dist/front.js.map','','2021-05-25 15:58:25'),
(11419,1,1,'/themes/core.js.map','','2021-05-25 15:59:30'),
(11420,1,1,'/modules/blockreassurance/views/dist/front.js.map','','2021-05-25 15:59:30'),
(11421,1,1,'/themes/core.js.map','','2021-05-25 15:59:36'),
(11422,1,1,'/modules/blockreassurance/views/dist/front.js.map','','2021-05-25 15:59:37'),
(11423,1,1,'/themes/core.js.map','','2021-05-25 16:00:09'),
(11424,1,1,'/modules/blockreassurance/views/dist/front.js.map','','2021-05-25 16:00:09'),
(11425,1,1,'/themes/core.js.map','','2021-05-25 16:00:37'),
(11426,1,1,'/modules/blockreassurance/views/dist/front.js.map','','2021-05-25 16:00:37'),
(11427,1,1,'/themes/core.js.map','','2021-05-25 16:00:52'),
(11428,1,1,'/modules/blockreassurance/views/dist/front.js.map','','2021-05-25 16:00:52'),
(11429,1,1,'/modules/blockreassurance/views/dist/front.js.map','','2021-05-25 16:01:01'),
(11430,1,1,'/themes/core.js.map','','2021-05-25 16:01:01'),
(11431,1,1,'/themes/core.js.map','','2021-05-25 16:02:58'),
(11432,1,1,'/modules/blockreassurance/views/dist/front.js.map','','2021-05-25 16:02:58'),
(11433,1,1,'/themes/core.js.map','','2021-05-25 16:03:57'),
(11434,1,1,'/modules/blockreassurance/views/dist/front.js.map','','2021-05-25 16:03:57'),
(11435,1,1,'/themes/core.js.map','','2021-05-25 16:04:13'),
(11436,1,1,'/modules/blockreassurance/views/dist/front.js.map','','2021-05-25 16:04:14'),
(11437,1,1,'/themes/core.js.map','','2021-05-25 16:04:50'),
(11438,1,1,'/modules/blockreassurance/views/dist/front.js.map','','2021-05-25 16:04:50'),
(11439,1,1,'/themes/core.js.map','','2021-05-25 16:05:01'),
(11440,1,1,'/modules/blockreassurance/views/dist/front.js.map','','2021-05-25 16:05:02'),
(11441,1,1,'/themes/core.js.map','','2021-05-25 16:10:06'),
(11442,1,1,'/modules/blockreassurance/views/dist/front.js.map','','2021-05-25 16:10:06'),
(11443,1,1,'/modules/blockreassurance/views/dist/front.js.map','','2021-05-25 16:10:19'),
(11444,1,1,'/themes/core.js.map','','2021-05-25 16:15:05'),
(11445,1,1,'/modules/blockreassurance/views/dist/front.js.map','','2021-05-25 16:15:05'),
(11446,1,1,'/themes/core.js.map','','2021-05-25 16:16:07'),
(11447,1,1,'/modules/blockreassurance/views/dist/front.js.map','','2021-05-25 16:16:07'),
(11448,1,1,'/themes/core.js.map','','2021-05-25 16:17:39'),
(11449,1,1,'/modules/blockreassurance/views/dist/front.js.map','','2021-05-25 16:17:40'),
(11450,1,1,'/themes/core.js.map','','2021-05-25 16:18:16'),
(11451,1,1,'/modules/blockreassurance/views/dist/front.js.map','','2021-05-25 16:18:16'),
(11452,1,1,'/themes/core.js.map','','2021-05-25 16:20:14'),
(11453,1,1,'/modules/blockreassurance/views/dist/front.js.map','','2021-05-25 16:20:14'),
(11454,1,1,'/themes/core.js.map','','2021-05-25 16:20:26'),
(11455,1,1,'/modules/blockreassurance/views/dist/front.js.map','','2021-05-25 16:20:26'),
(11456,1,1,'/themes/core.js.map','','2021-05-25 16:20:56'),
(11457,1,1,'/modules/blockreassurance/views/dist/front.js.map','','2021-05-25 16:20:56'),
(11458,1,1,'/themes/core.js.map','','2021-05-25 16:21:30'),
(11459,1,1,'/modules/blockreassurance/views/dist/front.js.map','','2021-05-25 16:21:30'),
(11460,1,1,'/themes/core.js.map','','2021-05-25 16:22:12'),
(11461,1,1,'/modules/blockreassurance/views/dist/front.js.map','','2021-05-25 16:22:13'),
(11462,1,1,'/themes/core.js.map','','2021-05-25 16:22:21'),
(11463,1,1,'/modules/blockreassurance/views/dist/front.js.map','','2021-05-25 16:22:21'),
(11464,1,1,'/themes/core.js.map','','2021-05-25 16:23:23'),
(11465,1,1,'/modules/blockreassurance/views/dist/front.js.map','','2021-05-25 16:23:23'),
(11466,1,1,'/themes/core.js.map','','2021-05-25 16:23:49'),
(11467,1,1,'/modules/blockreassurance/views/dist/front.js.map','','2021-05-25 16:23:50'),
(11468,1,1,'/themes/core.js.map','','2021-05-25 16:24:12'),
(11469,1,1,'/modules/blockreassurance/views/dist/front.js.map','','2021-05-25 16:24:12'),
(11470,1,1,'/themes/core.js.map','','2021-05-25 16:24:35'),
(11471,1,1,'/modules/blockreassurance/views/dist/front.js.map','','2021-05-25 16:24:35'),
(11472,1,1,'/themes/core.js.map','','2021-05-25 16:25:27'),
(11473,1,1,'/modules/blockreassurance/views/dist/front.js.map','','2021-05-25 16:25:27'),
(11474,1,1,'/themes/core.js.map','','2021-05-25 16:25:36'),
(11475,1,1,'/modules/blockreassurance/views/dist/front.js.map','','2021-05-25 16:25:37'),
(11476,1,1,'/themes/core.js.map','','2021-05-25 16:27:00'),
(11477,1,1,'/modules/blockreassurance/views/dist/front.js.map','','2021-05-25 16:27:00'),
(11478,1,1,'/themes/core.js.map','','2021-05-25 16:28:35'),
(11479,1,1,'/modules/blockreassurance/views/dist/front.js.map','','2021-05-25 16:28:36'),
(11480,1,1,'/themes/core.js.map','','2021-05-25 16:28:55'),
(11481,1,1,'/modules/blockreassurance/views/dist/front.js.map','','2021-05-25 16:28:55'),
(11482,1,1,'/themes/core.js.map','','2021-05-25 16:30:48'),
(11483,1,1,'/modules/blockreassurance/views/dist/front.js.map','','2021-05-25 16:30:48'),
(11484,1,1,'/themes/core.js.map','','2021-05-25 16:32:06'),
(11485,1,1,'/modules/blockreassurance/views/dist/front.js.map','','2021-05-25 16:32:07'),
(11486,1,1,'/themes/core.js.map','','2021-05-25 16:32:52'),
(11487,1,1,'/modules/blockreassurance/views/dist/front.js.map','','2021-05-25 16:32:52'),
(11488,1,1,'/themes/core.js.map','','2021-05-25 16:33:06'),
(11489,1,1,'/modules/blockreassurance/views/dist/front.js.map','','2021-05-25 16:33:06'),
(11490,1,1,'/themes/core.js.map','','2021-05-25 16:34:46'),
(11491,1,1,'/modules/blockreassurance/views/dist/front.js.map','','2021-05-25 16:34:46'),
(11492,1,1,'/themes/core.js.map','','2021-05-25 16:35:31'),
(11493,1,1,'/modules/blockreassurance/views/dist/front.js.map','','2021-05-25 16:35:32'),
(11494,1,1,'/themes/core.js.map','','2021-05-25 16:35:46'),
(11495,1,1,'/modules/blockreassurance/views/dist/front.js.map','','2021-05-25 16:35:46'),
(11496,1,1,'/themes/core.js.map','','2021-05-25 16:37:07'),
(11497,1,1,'/modules/blockreassurance/views/dist/front.js.map','','2021-05-25 16:37:07'),
(11498,1,1,'/themes/core.js.map','','2021-05-25 16:37:47'),
(11499,1,1,'/modules/blockreassurance/views/dist/front.js.map','','2021-05-25 16:37:47'),
(11500,1,1,'/themes/core.js.map','','2021-05-25 16:39:09'),
(11501,1,1,'/modules/blockreassurance/views/dist/front.js.map','','2021-05-25 16:39:09'),
(11502,1,1,'/themes/core.js.map','','2021-05-25 16:39:15'),
(11503,1,1,'/modules/blockreassurance/views/dist/front.js.map','','2021-05-25 16:39:15'),
(11504,1,1,'/themes/core.js.map','','2021-05-25 16:39:19'),
(11505,1,1,'/modules/blockreassurance/views/dist/front.js.map','','2021-05-25 16:39:20'),
(11506,1,1,'/themes/core.js.map','','2021-05-25 16:40:11'),
(11507,1,1,'/modules/blockreassurance/views/dist/front.js.map','','2021-05-25 16:40:11'),
(11508,1,1,'/themes/core.js.map','','2021-05-25 16:41:45'),
(11509,1,1,'/modules/blockreassurance/views/dist/front.js.map','','2021-05-25 16:41:45'),
(11510,1,1,'/themes/core.js.map','','2021-05-25 16:43:52'),
(11511,1,1,'/modules/blockreassurance/views/dist/front.js.map','','2021-05-25 16:43:52'),
(11512,1,1,'/themes/core.js.map','','2021-05-25 16:44:21'),
(11513,1,1,'/modules/blockreassurance/views/dist/front.js.map','','2021-05-25 16:44:21'),
(11514,1,1,'/themes/core.js.map','','2021-05-25 16:44:59'),
(11515,1,1,'/modules/blockreassurance/views/dist/front.js.map','','2021-05-25 16:44:59'),
(11516,1,1,'/themes/core.js.map','','2021-05-25 16:46:15'),
(11517,1,1,'/modules/blockreassurance/views/dist/front.js.map','','2021-05-25 16:46:16'),
(11518,1,1,'/themes/core.js.map','','2021-05-25 16:47:08'),
(11519,1,1,'/modules/blockreassurance/views/dist/front.js.map','','2021-05-25 16:47:08'),
(11520,1,1,'/themes/core.js.map','','2021-05-25 16:48:02'),
(11521,1,1,'/modules/blockreassurance/views/dist/front.js.map','','2021-05-25 16:48:02'),
(11522,1,1,'/themes/core.js.map','','2021-05-25 16:49:25'),
(11523,1,1,'/modules/blockreassurance/views/dist/front.js.map','','2021-05-25 16:49:25'),
(11524,1,1,'/themes/core.js.map','','2021-05-25 16:50:27'),
(11525,1,1,'/modules/blockreassurance/views/dist/front.js.map','','2021-05-25 16:50:27'),
(11526,1,1,'/themes/core.js.map','','2021-05-25 16:52:13'),
(11527,1,1,'/modules/blockreassurance/views/dist/front.js.map','','2021-05-25 16:52:14'),
(11528,1,1,'/themes/core.js.map','','2021-05-25 16:52:52'),
(11529,1,1,'/modules/blockreassurance/views/dist/front.js.map','','2021-05-25 16:52:52'),
(11530,1,1,'/themes/core.js.map','','2021-05-25 16:53:09'),
(11531,1,1,'/modules/blockreassurance/views/dist/front.js.map','','2021-05-25 16:53:10'),
(11532,1,1,'/themes/core.js.map','','2021-05-25 16:55:12'),
(11533,1,1,'/modules/blockreassurance/views/dist/front.js.map','','2021-05-25 16:55:12'),
(11534,1,1,'/themes/core.js.map','','2021-05-25 16:56:06'),
(11535,1,1,'/modules/blockreassurance/views/dist/front.js.map','','2021-05-25 16:56:06'),
(11536,1,1,'/themes/core.js.map','','2021-05-25 16:57:49'),
(11537,1,1,'/modules/blockreassurance/views/dist/front.js.map','','2021-05-25 16:57:49'),
(11538,1,1,'/themes/core.js.map','','2021-05-25 16:59:46'),
(11539,1,1,'/modules/blockreassurance/views/dist/front.js.map','','2021-05-25 16:59:46'),
(11540,1,1,'/themes/core.js.map','','2021-05-25 17:00:51'),
(11541,1,1,'/modules/blockreassurance/views/dist/front.js.map','','2021-05-25 17:00:51'),
(11542,1,1,'/themes/core.js.map','','2021-05-25 17:05:07'),
(11543,1,1,'/modules/blockreassurance/views/dist/front.js.map','','2021-05-25 17:05:07'),
(11544,1,1,'/themes/core.js.map','','2021-05-25 17:05:11'),
(11545,1,1,'/modules/blockreassurance/views/dist/front.js.map','','2021-05-25 17:05:11'),
(11546,1,1,'/modules/blockreassurance/views/dist/front.js.map','','2021-05-25 17:05:13'),
(11547,1,1,'/themes/core.js.map','','2021-05-25 17:05:14'),
(11548,1,1,'/themes/core.js.map','','2021-05-25 17:05:15'),
(11549,1,1,'/modules/blockreassurance/views/dist/front.js.map','','2021-05-25 17:05:16'),
(11550,1,1,'/themes/core.js.map','','2021-05-25 17:07:23'),
(11551,1,1,'/modules/blockreassurance/views/dist/front.js.map','','2021-05-25 17:07:23'),
(11552,1,1,'/themes/core.js.map','','2021-05-25 17:07:30'),
(11553,1,1,'/modules/blockreassurance/views/dist/front.js.map','','2021-05-25 17:07:31'),
(11554,1,1,'/themes/core.js.map','','2021-05-25 17:07:42'),
(11555,1,1,'/modules/blockreassurance/views/dist/front.js.map','','2021-05-25 17:07:42'),
(11556,1,1,'/themes/core.js.map','','2021-05-25 17:07:44'),
(11557,1,1,'/themes/core.js.map','','2021-05-25 17:07:53'),
(11558,1,1,'/modules/blockreassurance/views/dist/front.js.map','','2021-05-25 17:07:53'),
(11559,1,1,'/themes/core.js.map','','2021-05-25 17:08:09'),
(11560,1,1,'/modules/blockreassurance/views/dist/front.js.map','','2021-05-25 17:08:10'),
(11561,1,1,'/themes/core.js.map','','2021-05-25 17:09:03'),
(11562,1,1,'/modules/blockreassurance/views/dist/front.js.map','','2021-05-25 17:09:03'),
(11563,1,1,'/themes/core.js.map','','2021-05-25 17:10:00'),
(11564,1,1,'/modules/blockreassurance/views/dist/front.js.map','','2021-05-25 17:10:01'),
(11565,1,1,'/themes/core.js.map','','2021-05-25 17:10:28'),
(11566,1,1,'/modules/blockreassurance/views/dist/front.js.map','','2021-05-25 17:10:28'),
(11567,1,1,'/themes/core.js.map','','2021-05-25 17:10:43'),
(11568,1,1,'/modules/blockreassurance/views/dist/front.js.map','','2021-05-25 17:10:44'),
(11569,1,1,'/themes/core.js.map','','2021-05-25 17:11:07'),
(11570,1,1,'/modules/blockreassurance/views/dist/front.js.map','','2021-05-25 17:11:08'),
(11571,1,1,'/themes/core.js.map','','2021-05-25 17:13:14'),
(11572,1,1,'/modules/blockreassurance/views/dist/front.js.map','','2021-05-25 17:13:14'),
(11573,1,1,'/themes/core.js.map','','2021-05-25 17:13:43'),
(11574,1,1,'/modules/blockreassurance/views/dist/front.js.map','','2021-05-25 17:13:43'),
(11575,1,1,'/themes/core.js.map','','2021-05-25 17:15:14'),
(11576,1,1,'/modules/blockreassurance/views/dist/front.js.map','','2021-05-25 17:15:15'),
(11577,1,1,'/themes/core.js.map','','2021-05-25 17:15:34'),
(11578,1,1,'/modules/blockreassurance/views/dist/front.js.map','','2021-05-25 17:15:34'),
(11579,1,1,'/themes/core.js.map','','2021-05-25 17:16:28'),
(11580,1,1,'/modules/blockreassurance/views/dist/front.js.map','','2021-05-25 17:16:29'),
(11581,1,1,'/themes/core.js.map','','2021-05-25 17:17:12'),
(11582,1,1,'/modules/blockreassurance/views/dist/front.js.map','','2021-05-25 17:17:12'),
(11583,1,1,'/themes/core.js.map','','2021-05-25 17:17:44'),
(11584,1,1,'/modules/blockreassurance/views/dist/front.js.map','','2021-05-25 17:17:44'),
(11585,1,1,'/themes/core.js.map','','2021-05-25 17:18:33'),
(11586,1,1,'/modules/blockreassurance/views/dist/front.js.map','','2021-05-25 17:18:33'),
(11587,1,1,'/modules/blockreassurance/views/dist/front.js.map','','2021-05-26 08:05:13'),
(11588,1,1,'/themes/core.js.map','','2021-05-26 08:05:14'),
(11589,1,1,'/themes/core.js.map','','2021-05-26 08:06:07'),
(11590,1,1,'/modules/blockreassurance/views/dist/front.js.map','','2021-05-26 08:06:07'),
(11591,1,1,'/themes/core.js.map','','2021-05-26 08:07:00'),
(11592,1,1,'/modules/blockreassurance/views/dist/front.js.map','','2021-05-26 08:07:01'),
(11593,1,1,'/modules/blockreassurance/views/dist/front.js.map','','2021-05-26 08:07:15'),
(11594,1,1,'/themes/core.js.map','','2021-05-26 08:07:15'),
(11595,1,1,'/themes/core.js.map','','2021-05-26 08:08:32'),
(11596,1,1,'/modules/blockreassurance/views/dist/front.js.map','','2021-05-26 08:08:32'),
(11597,1,1,'/themes/core.js.map','','2021-05-26 08:11:02'),
(11598,1,1,'/modules/blockreassurance/views/dist/front.js.map','','2021-05-26 08:11:02'),
(11599,1,1,'/themes/core.js.map','','2021-05-26 08:11:21'),
(11600,1,1,'/modules/blockreassurance/views/dist/front.js.map','','2021-05-26 08:11:21'),
(11601,1,1,'/themes/core.js.map','','2021-05-26 08:11:25'),
(11602,1,1,'/modules/blockreassurance/views/dist/front.js.map','','2021-05-26 08:11:26'),
(11603,1,1,'/themes/core.js.map','','2021-05-26 08:14:07'),
(11604,1,1,'/modules/blockreassurance/views/dist/front.js.map','','2021-05-26 08:14:07'),
(11605,1,1,'/themes/core.js.map','','2021-05-26 08:14:10'),
(11606,1,1,'/modules/blockreassurance/views/dist/front.js.map','','2021-05-26 08:14:10'),
(11607,1,1,'/themes/core.js.map','','2021-05-26 08:14:38'),
(11608,1,1,'/modules/blockreassurance/views/dist/front.js.map','','2021-05-26 08:14:38'),
(11609,1,1,'/themes/core.js.map','','2021-05-26 08:14:41'),
(11610,1,1,'/modules/blockreassurance/views/dist/front.js.map','','2021-05-26 08:14:41'),
(11611,1,1,'/themes/core.js.map','','2021-05-26 08:15:12'),
(11612,1,1,'/modules/blockreassurance/views/dist/front.js.map','','2021-05-26 08:15:12'),
(11613,1,1,'/themes/core.js.map','','2021-05-26 08:16:41'),
(11614,1,1,'/modules/blockreassurance/views/dist/front.js.map','','2021-05-26 08:16:41'),
(11615,1,1,'/themes/core.js.map','','2021-05-26 08:16:49'),
(11616,1,1,'/modules/blockreassurance/views/dist/front.js.map','','2021-05-26 08:16:50'),
(11617,1,1,'/themes/core.js.map','','2021-05-26 08:17:11'),
(11618,1,1,'/modules/blockreassurance/views/dist/front.js.map','','2021-05-26 08:17:12'),
(11619,1,1,'/themes/core.js.map','','2021-05-26 08:19:35'),
(11620,1,1,'/modules/blockreassurance/views/dist/front.js.map','','2021-05-26 08:19:36'),
(11621,1,1,'/themes/core.js.map','','2021-05-26 08:21:08'),
(11622,1,1,'/modules/blockreassurance/views/dist/front.js.map','','2021-05-26 08:21:08'),
(11623,1,1,'/themes/core.js.map','','2021-05-26 08:21:13'),
(11624,1,1,'/modules/blockreassurance/views/dist/front.js.map','','2021-05-26 08:21:14'),
(11625,1,1,'/themes/core.js.map','','2021-05-26 08:21:46'),
(11626,1,1,'/modules/blockreassurance/views/dist/front.js.map','','2021-05-26 08:21:46'),
(11627,1,1,'/themes/core.js.map','','2021-05-26 08:22:37'),
(11628,1,1,'/modules/blockreassurance/views/dist/front.js.map','','2021-05-26 08:22:38'),
(11629,1,1,'/themes/core.js.map','','2021-05-26 08:22:53'),
(11630,1,1,'/modules/blockreassurance/views/dist/front.js.map','','2021-05-26 08:22:54'),
(11631,1,1,'/themes/core.js.map','','2021-05-26 08:23:13'),
(11632,1,1,'/modules/blockreassurance/views/dist/front.js.map','','2021-05-26 08:23:14'),
(11633,1,1,'/themes/core.js.map','','2021-05-26 08:23:55'),
(11634,1,1,'/modules/blockreassurance/views/dist/front.js.map','','2021-05-26 08:23:56'),
(11635,1,1,'/themes/core.js.map','','2021-05-26 08:24:36'),
(11636,1,1,'/modules/blockreassurance/views/dist/front.js.map','','2021-05-26 08:24:37'),
(11637,1,1,'/themes/core.js.map','','2021-05-26 08:46:54'),
(11638,1,1,'/modules/blockreassurance/views/dist/front.js.map','','2021-05-26 08:46:54'),
(11639,1,1,'/themes/core.js.map','','2021-05-26 08:48:23'),
(11640,1,1,'/modules/blockreassurance/views/dist/front.js.map','','2021-05-26 08:48:23'),
(11641,1,1,'/themes/core.js.map','','2021-05-26 08:49:05'),
(11642,1,1,'/modules/blockreassurance/views/dist/front.js.map','','2021-05-26 08:49:05'),
(11643,1,1,'/themes/core.js.map','','2021-05-26 08:53:34'),
(11644,1,1,'/modules/blockreassurance/views/dist/front.js.map','','2021-05-26 08:53:35'),
(11645,1,1,'/themes/core.js.map','','2021-05-26 08:54:27'),
(11646,1,1,'/modules/blockreassurance/views/dist/front.js.map','','2021-05-26 08:54:27'),
(11647,1,1,'/themes/core.js.map','','2021-05-26 08:55:10'),
(11648,1,1,'/modules/blockreassurance/views/dist/front.js.map','','2021-05-26 08:55:10'),
(11649,1,1,'/themes/core.js.map','','2021-05-26 08:56:00'),
(11650,1,1,'/modules/blockreassurance/views/dist/front.js.map','','2021-05-26 08:56:00'),
(11651,1,1,'/themes/core.js.map','','2021-05-26 08:56:04'),
(11652,1,1,'/modules/blockreassurance/views/dist/front.js.map','','2021-05-26 08:56:05'),
(11653,1,1,'/themes/core.js.map','','2021-05-26 08:56:49'),
(11654,1,1,'/modules/blockreassurance/views/dist/front.js.map','','2021-05-26 08:56:49'),
(11655,1,1,'/themes/core.js.map','','2021-05-26 08:57:14'),
(11656,1,1,'/modules/blockreassurance/views/dist/front.js.map','','2021-05-26 08:57:15'),
(11657,1,1,'/themes/core.js.map','','2021-05-26 08:59:55'),
(11658,1,1,'/modules/blockreassurance/views/dist/front.js.map','','2021-05-26 08:59:55'),
(11659,1,1,'/themes/core.js.map','','2021-05-26 09:00:06'),
(11660,1,1,'/modules/blockreassurance/views/dist/front.js.map','','2021-05-26 09:00:06'),
(11661,1,1,'/themes/core.js.map','','2021-05-26 09:01:26'),
(11662,1,1,'/modules/blockreassurance/views/dist/front.js.map','','2021-05-26 09:01:26'),
(11663,1,1,'/themes/core.js.map','','2021-05-26 09:01:58'),
(11664,1,1,'/modules/blockreassurance/views/dist/front.js.map','','2021-05-26 09:01:58'),
(11665,1,1,'/themes/core.js.map','','2021-05-26 09:03:52'),
(11666,1,1,'/modules/blockreassurance/views/dist/front.js.map','','2021-05-26 09:03:52'),
(11667,1,1,'/themes/core.js.map','','2021-05-26 09:04:32'),
(11668,1,1,'/modules/blockreassurance/views/dist/front.js.map','','2021-05-26 09:04:32'),
(11669,1,1,'/themes/core.js.map','','2021-05-26 09:04:51'),
(11670,1,1,'/modules/blockreassurance/views/dist/front.js.map','','2021-05-26 09:04:52'),
(11671,1,1,'/themes/core.js.map','','2021-05-26 09:08:55'),
(11672,1,1,'/modules/blockreassurance/views/dist/front.js.map','','2021-05-26 09:08:55'),
(11673,1,1,'/themes/core.js.map','','2021-05-26 09:09:03'),
(11674,1,1,'/modules/blockreassurance/views/dist/front.js.map','','2021-05-26 09:09:03'),
(11675,1,1,'/themes/core.js.map','','2021-05-26 09:09:27'),
(11676,1,1,'/modules/blockreassurance/views/dist/front.js.map','','2021-05-26 09:09:27'),
(11677,1,1,'/themes/core.js.map','','2021-05-26 09:09:52'),
(11678,1,1,'/modules/blockreassurance/views/dist/front.js.map','','2021-05-26 09:09:53'),
(11679,1,1,'/themes/core.js.map','','2021-05-26 09:10:40'),
(11680,1,1,'/modules/blockreassurance/views/dist/front.js.map','','2021-05-26 09:10:40'),
(11681,1,1,'/themes/core.js.map','','2021-05-26 09:17:02'),
(11682,1,1,'/modules/blockreassurance/views/dist/front.js.map','','2021-05-26 09:17:02'),
(11683,1,1,'/themes/core.js.map','','2021-05-26 09:17:26'),
(11684,1,1,'/modules/blockreassurance/views/dist/front.js.map','','2021-05-26 09:17:26'),
(11685,1,1,'/themes/core.js.map','','2021-05-26 09:18:39'),
(11686,1,1,'/modules/blockreassurance/views/dist/front.js.map','','2021-05-26 09:18:39'),
(11687,1,1,'/themes/core.js.map','','2021-05-26 09:19:31'),
(11688,1,1,'/modules/blockreassurance/views/dist/front.js.map','','2021-05-26 09:19:32'),
(11689,1,1,'/themes/core.js.map','','2021-05-26 09:19:38'),
(11690,1,1,'/modules/blockreassurance/views/dist/front.js.map','','2021-05-26 09:19:38'),
(11691,1,1,'/themes/core.js.map','','2021-05-26 09:21:19'),
(11692,1,1,'/modules/blockreassurance/views/dist/front.js.map','','2021-05-26 09:21:20'),
(11693,1,1,'/themes/core.js.map','','2021-05-26 09:21:31'),
(11694,1,1,'/modules/blockreassurance/views/dist/front.js.map','','2021-05-26 09:21:32'),
(11695,1,1,'/themes/core.js.map','','2021-05-26 09:21:53'),
(11696,1,1,'/modules/blockreassurance/views/dist/front.js.map','','2021-05-26 09:21:53'),
(11697,1,1,'/themes/core.js.map','','2021-05-26 09:21:56'),
(11698,1,1,'/modules/blockreassurance/views/dist/front.js.map','','2021-05-26 09:21:57'),
(11699,1,1,'/themes/core.js.map','','2021-05-26 09:22:41'),
(11700,1,1,'/modules/blockreassurance/views/dist/front.js.map','','2021-05-26 09:22:41'),
(11701,1,1,'/themes/core.js.map','','2021-05-26 09:22:43'),
(11702,1,1,'/modules/blockreassurance/views/dist/front.js.map','','2021-05-26 09:22:43'),
(11703,1,1,'/themes/core.js.map','','2021-05-26 09:23:06'),
(11704,1,1,'/modules/blockreassurance/views/dist/front.js.map','','2021-05-26 09:23:06'),
(11705,1,1,'/modules/blockreassurance/views/dist/front.js.map','','2021-05-26 09:23:08'),
(11706,1,1,'/themes/core.js.map','','2021-05-26 09:23:13'),
(11707,1,1,'/themes/core.js.map','','2021-05-26 09:23:34'),
(11708,1,1,'/modules/blockreassurance/views/dist/front.js.map','','2021-05-26 09:23:35'),
(11709,1,1,'/themes/core.js.map','','2021-05-26 09:24:10'),
(11710,1,1,'/modules/blockreassurance/views/dist/front.js.map','','2021-05-26 09:24:11'),
(11711,1,1,'/themes/core.js.map','','2021-05-26 09:25:33'),
(11712,1,1,'/modules/blockreassurance/views/dist/front.js.map','','2021-05-26 09:25:33'),
(11713,1,1,'/themes/core.js.map','','2021-05-26 09:25:43'),
(11714,1,1,'/modules/blockreassurance/views/dist/front.js.map','','2021-05-26 09:25:44'),
(11715,1,1,'/themes/core.js.map','','2021-05-26 09:26:38'),
(11716,1,1,'/modules/blockreassurance/views/dist/front.js.map','','2021-05-26 09:26:39'),
(11717,1,1,'/themes/core.js.map','','2021-05-26 09:28:03'),
(11718,1,1,'/modules/blockreassurance/views/dist/front.js.map','','2021-05-26 09:28:03'),
(11719,1,1,'/themes/core.js.map','','2021-05-26 09:28:06'),
(11720,1,1,'/modules/blockreassurance/views/dist/front.js.map','','2021-05-26 09:28:06'),
(11721,1,1,'/themes/core.js.map','','2021-05-26 09:29:41'),
(11722,1,1,'/modules/blockreassurance/views/dist/front.js.map','','2021-05-26 09:29:41'),
(11723,1,1,'/themes/core.js.map','','2021-05-26 09:29:44'),
(11724,1,1,'/modules/blockreassurance/views/dist/front.js.map','','2021-05-26 09:29:44'),
(11725,1,1,'/themes/core.js.map','','2021-05-26 09:33:46'),
(11726,1,1,'/modules/blockreassurance/views/dist/front.js.map','','2021-05-26 09:33:46'),
(11727,1,1,'/themes/core.js.map','','2021-05-26 09:34:01'),
(11728,1,1,'/modules/blockreassurance/views/dist/front.js.map','','2021-05-26 09:34:02'),
(11729,1,1,'/themes/core.js.map','','2021-05-26 09:34:55'),
(11730,1,1,'/modules/blockreassurance/views/dist/front.js.map','','2021-05-26 09:34:55'),
(11731,1,1,'/modules/blockreassurance/views/dist/front.js.map','','2021-05-26 09:34:58'),
(11732,1,1,'/themes/core.js.map','','2021-05-26 09:35:03'),
(11733,1,1,'/themes/core.js.map','','2021-05-26 09:35:21'),
(11734,1,1,'/modules/blockreassurance/views/dist/front.js.map','','2021-05-26 09:35:22'),
(11735,1,1,'/themes/core.js.map','','2021-05-26 09:35:53'),
(11736,1,1,'/modules/blockreassurance/views/dist/front.js.map','','2021-05-26 09:35:54'),
(11737,1,1,'/themes/core.js.map','','2021-05-26 09:38:07'),
(11738,1,1,'/modules/blockreassurance/views/dist/front.js.map','','2021-05-26 09:38:08'),
(11739,1,1,'/themes/core.js.map','','2021-05-26 09:38:18'),
(11740,1,1,'/modules/blockreassurance/views/dist/front.js.map','','2021-05-26 09:38:18'),
(11741,1,1,'/themes/core.js.map','','2021-05-26 09:38:26'),
(11742,1,1,'/modules/blockreassurance/views/dist/front.js.map','','2021-05-26 09:38:27'),
(11743,1,1,'/themes/core.js.map','','2021-05-26 09:40:00'),
(11744,1,1,'/modules/blockreassurance/views/dist/front.js.map','','2021-05-26 09:40:01'),
(11745,1,1,'/themes/core.js.map','','2021-05-26 09:41:59'),
(11746,1,1,'/modules/blockreassurance/views/dist/front.js.map','','2021-05-26 09:41:59'),
(11747,1,1,'/themes/core.js.map','','2021-05-26 09:42:02'),
(11748,1,1,'/modules/blockreassurance/views/dist/front.js.map','','2021-05-26 09:42:03'),
(11749,1,1,'/themes/core.js.map','','2021-05-26 09:48:26'),
(11750,1,1,'/modules/blockreassurance/views/dist/front.js.map','','2021-05-26 09:48:26'),
(11751,1,1,'/themes/core.js.map','','2021-05-26 09:48:41'),
(11752,1,1,'/modules/blockreassurance/views/dist/front.js.map','','2021-05-26 09:48:42'),
(11753,1,1,'/themes/core.js.map','','2021-05-26 09:50:02'),
(11754,1,1,'/modules/blockreassurance/views/dist/front.js.map','','2021-05-26 09:50:02'),
(11755,1,1,'/themes/core.js.map','','2021-05-26 09:50:20'),
(11756,1,1,'/modules/blockreassurance/views/dist/front.js.map','','2021-05-26 09:50:20'),
(11757,1,1,'/themes/core.js.map','','2021-05-26 09:56:32'),
(11758,1,1,'/modules/blockreassurance/views/dist/front.js.map','','2021-05-26 09:56:32'),
(11759,1,1,'/themes/core.js.map','','2021-05-26 09:58:04'),
(11760,1,1,'/modules/blockreassurance/views/dist/front.js.map','','2021-05-26 09:58:05'),
(11761,1,1,'/themes/core.js.map','','2021-05-26 09:58:33'),
(11762,1,1,'/modules/blockreassurance/views/dist/front.js.map','','2021-05-26 09:58:33'),
(11763,1,1,'/themes/core.js.map','','2021-05-26 09:59:14'),
(11764,1,1,'/modules/blockreassurance/views/dist/front.js.map','','2021-05-26 09:59:14'),
(11765,1,1,'/themes/core.js.map','','2021-05-26 10:19:35'),
(11766,1,1,'/modules/blockreassurance/views/dist/front.js.map','','2021-05-26 10:19:35'),
(11767,1,1,'/themes/core.js.map','','2021-05-26 10:19:50'),
(11768,1,1,'/modules/blockreassurance/views/dist/front.js.map','','2021-05-26 10:19:50'),
(11769,1,1,'/themes/core.js.map','','2021-05-26 10:20:15'),
(11770,1,1,'/modules/blockreassurance/views/dist/front.js.map','','2021-05-26 10:20:15'),
(11771,1,1,'/themes/core.js.map','','2021-05-26 10:25:07'),
(11772,1,1,'/modules/blockreassurance/views/dist/front.js.map','','2021-05-26 10:25:08'),
(11773,1,1,'/modules/blockreassurance/views/dist/front.js.map','','2021-05-26 10:29:02'),
(11774,1,1,'/themes/core.js.map','','2021-05-26 10:29:02'),
(11775,1,1,'/themes/core.js.map','','2021-05-26 10:30:50'),
(11776,1,1,'/modules/blockreassurance/views/dist/front.js.map','','2021-05-26 10:30:51'),
(11777,1,1,'/themes/core.js.map','','2021-05-26 10:30:54'),
(11778,1,1,'/modules/blockreassurance/views/dist/front.js.map','','2021-05-26 10:30:54'),
(11779,1,1,'/themes/core.js.map','','2021-05-26 10:31:31'),
(11780,1,1,'/modules/blockreassurance/views/dist/front.js.map','','2021-05-26 10:31:32'),
(11781,1,1,'/themes/core.js.map','','2021-05-26 10:32:22'),
(11782,1,1,'/modules/blockreassurance/views/dist/front.js.map','','2021-05-26 10:32:23'),
(11783,1,1,'/themes/core.js.map','','2021-05-26 10:32:26'),
(11784,1,1,'/modules/blockreassurance/views/dist/front.js.map','','2021-05-26 10:32:26'),
(11785,1,1,'/themes/core.js.map','','2021-05-26 10:34:06'),
(11786,1,1,'/modules/blockreassurance/views/dist/front.js.map','','2021-05-26 10:34:07'),
(11787,1,1,'/themes/core.js.map','','2021-05-26 10:34:53'),
(11788,1,1,'/modules/blockreassurance/views/dist/front.js.map','','2021-05-26 10:34:53'),
(11789,1,1,'/themes/core.js.map','','2021-05-26 10:36:44'),
(11790,1,1,'/modules/blockreassurance/views/dist/front.js.map','','2021-05-26 10:36:44'),
(11791,1,1,'/themes/core.js.map','','2021-05-26 10:37:39'),
(11792,1,1,'/modules/blockreassurance/views/dist/front.js.map','','2021-05-26 10:37:39'),
(11793,1,1,'/themes/core.js.map','','2021-05-26 10:39:35'),
(11794,1,1,'/modules/blockreassurance/views/dist/front.js.map','','2021-05-26 10:39:35'),
(11795,1,1,'/themes/core.js.map','','2021-05-26 10:40:42'),
(11796,1,1,'/modules/blockreassurance/views/dist/front.js.map','','2021-05-26 10:40:42'),
(11797,1,1,'/themes/core.js.map','','2021-05-26 10:41:25'),
(11798,1,1,'/modules/blockreassurance/views/dist/front.js.map','','2021-05-26 10:41:25'),
(11799,1,1,'/themes/core.js.map','','2021-05-26 10:41:34'),
(11800,1,1,'/modules/blockreassurance/views/dist/front.js.map','','2021-05-26 10:41:34'),
(11801,1,1,'/themes/core.js.map','','2021-05-26 10:42:17'),
(11802,1,1,'/modules/blockreassurance/views/dist/front.js.map','','2021-05-26 10:42:18'),
(11803,1,1,'/themes/core.js.map','','2021-05-26 10:42:44'),
(11804,1,1,'/modules/blockreassurance/views/dist/front.js.map','','2021-05-26 10:42:44'),
(11805,1,1,'/themes/core.js.map','','2021-05-26 10:42:47'),
(11806,1,1,'/modules/blockreassurance/views/dist/front.js.map','','2021-05-26 10:42:48'),
(11807,1,1,'/themes/core.js.map','','2021-05-26 10:43:04'),
(11808,1,1,'/modules/blockreassurance/views/dist/front.js.map','','2021-05-26 10:43:05'),
(11809,1,1,'/themes/core.js.map','','2021-05-26 10:43:27'),
(11810,1,1,'/modules/blockreassurance/views/dist/front.js.map','','2021-05-26 10:43:27'),
(11811,1,1,'/themes/core.js.map','','2021-05-26 10:43:28'),
(11812,1,1,'/modules/blockreassurance/views/dist/front.js.map','','2021-05-26 10:43:29'),
(11813,1,1,'/themes/core.js.map','','2021-05-26 10:43:32'),
(11814,1,1,'/modules/blockreassurance/views/dist/front.js.map','','2021-05-26 10:43:32'),
(11815,1,1,'/themes/core.js.map','','2021-05-26 10:43:42'),
(11816,1,1,'/modules/blockreassurance/views/dist/front.js.map','','2021-05-26 10:43:42'),
(11817,1,1,'/themes/core.js.map','','2021-05-26 10:44:17'),
(11818,1,1,'/modules/blockreassurance/views/dist/front.js.map','','2021-05-26 10:44:18'),
(11819,1,1,'/modules/blockreassurance/views/dist/front.js.map','','2021-05-26 10:46:32'),
(11820,1,1,'/themes/core.js.map','','2021-05-26 10:48:05'),
(11821,1,1,'/modules/blockreassurance/views/dist/front.js.map','','2021-05-26 10:48:06'),
(11822,1,1,'/themes/core.js.map','','2021-05-26 10:49:14'),
(11823,1,1,'/modules/blockreassurance/views/dist/front.js.map','','2021-05-26 10:49:15'),
(11824,1,1,'/themes/core.js.map','','2021-05-26 10:50:23'),
(11825,1,1,'/modules/blockreassurance/views/dist/front.js.map','','2021-05-26 10:50:24'),
(11826,1,1,'/themes/core.js.map','','2021-05-26 10:51:44'),
(11827,1,1,'/modules/blockreassurance/views/dist/front.js.map','','2021-05-26 10:51:44'),
(11828,1,1,'/themes/core.js.map','','2021-05-26 10:51:48'),
(11829,1,1,'/modules/blockreassurance/views/dist/front.js.map','','2021-05-26 10:51:48'),
(11830,1,1,'/modules/blockreassurance/views/dist/front.js.map','','2021-05-26 10:51:52'),
(11831,1,1,'/themes/core.js.map','','2021-05-26 10:51:53'),
(11832,1,1,'/themes/core.js.map','','2021-05-26 10:51:56'),
(11833,1,1,'/modules/blockreassurance/views/dist/front.js.map','','2021-05-26 10:51:56'),
(11834,1,1,'/themes/core.js.map','','2021-05-26 10:53:50'),
(11835,1,1,'/modules/blockreassurance/views/dist/front.js.map','','2021-05-26 10:53:51'),
(11836,1,1,'/themes/core.js.map','','2021-05-26 10:54:02'),
(11837,1,1,'/modules/blockreassurance/views/dist/front.js.map','','2021-05-26 10:54:02'),
(11838,1,1,'/themes/core.js.map','','2021-05-26 10:54:58'),
(11839,1,1,'/modules/blockreassurance/views/dist/front.js.map','','2021-05-26 10:54:58'),
(11840,1,1,'/themes/core.js.map','','2021-05-26 10:57:08'),
(11841,1,1,'/modules/blockreassurance/views/dist/front.js.map','','2021-05-26 10:57:09'),
(11842,1,1,'/themes/core.js.map','','2021-05-26 10:57:37'),
(11843,1,1,'/modules/blockreassurance/views/dist/front.js.map','','2021-05-26 10:57:37'),
(11844,1,1,'/modules/blockreassurance/views/dist/front.js.map','','2021-05-26 10:57:39'),
(11845,1,1,'/themes/core.js.map','','2021-05-26 10:57:43'),
(11846,1,1,'/modules/blockreassurance/views/dist/front.js.map','','2021-05-26 10:58:24'),
(11847,1,1,'/themes/core.js.map','','2021-05-26 10:58:24'),
(11848,1,1,'/themes/core.js.map','','2021-05-26 10:59:03'),
(11849,1,1,'/modules/blockreassurance/views/dist/front.js.map','','2021-05-26 10:59:04'),
(11850,1,1,'/modules/blockreassurance/views/dist/front.js.map','','2021-05-26 10:59:28'),
(11851,1,1,'/modules/blockreassurance/views/dist/front.js.map','','2021-05-26 11:00:09'),
(11852,1,1,'/themes/core.js.map','','2021-05-26 11:00:09'),
(11853,1,1,'/themes/core.js.map','','2021-05-26 11:00:16'),
(11854,1,1,'/modules/blockreassurance/views/dist/front.js.map','','2021-05-26 11:00:16'),
(11855,1,1,'/themes/core.js.map','','2021-05-26 11:01:39'),
(11856,1,1,'/modules/blockreassurance/views/dist/front.js.map','','2021-05-26 11:01:39'),
(11857,1,1,'/themes/core.js.map','','2021-05-26 11:02:28'),
(11858,1,1,'/modules/blockreassurance/views/dist/front.js.map','','2021-05-26 11:02:29'),
(11859,1,1,'/themes/core.js.map','','2021-05-26 11:02:52'),
(11860,1,1,'/modules/blockreassurance/views/dist/front.js.map','','2021-05-26 11:02:52'),
(11861,1,1,'/themes/core.js.map','','2021-05-26 11:03:23'),
(11862,1,1,'/modules/blockreassurance/views/dist/front.js.map','','2021-05-26 11:03:23'),
(11863,1,1,'/themes/core.js.map','','2021-05-26 11:05:23'),
(11864,1,1,'/modules/blockreassurance/views/dist/front.js.map','','2021-05-26 11:05:24'),
(11865,1,1,'/themes/core.js.map','','2021-05-26 11:06:00'),
(11866,1,1,'/modules/blockreassurance/views/dist/front.js.map','','2021-05-26 11:06:00'),
(11867,1,1,'/themes/core.js.map','','2021-05-26 11:06:10'),
(11868,1,1,'/modules/blockreassurance/views/dist/front.js.map','','2021-05-26 11:06:10'),
(11869,1,1,'/themes/core.js.map','','2021-05-26 11:09:26'),
(11870,1,1,'/modules/blockreassurance/views/dist/front.js.map','','2021-05-26 11:09:26'),
(11871,1,1,'/themes/core.js.map','','2021-05-26 11:10:57'),
(11872,1,1,'/modules/blockreassurance/views/dist/front.js.map','','2021-05-26 11:10:57'),
(11873,1,1,'/themes/core.js.map','','2021-05-26 11:11:00'),
(11874,1,1,'/modules/blockreassurance/views/dist/front.js.map','','2021-05-26 11:11:00'),
(11875,1,1,'/themes/core.js.map','','2021-05-26 11:13:39'),
(11876,1,1,'/modules/blockreassurance/views/dist/front.js.map','','2021-05-26 11:13:39'),
(11877,1,1,'/modules/blockreassurance/views/dist/front.js.map','','2021-05-26 11:16:16'),
(11878,1,1,'/themes/core.js.map','','2021-05-26 11:16:16'),
(11879,1,1,'/themes/core.js.map','','2021-05-26 11:17:09'),
(11880,1,1,'/modules/blockreassurance/views/dist/front.js.map','','2021-05-26 11:17:10'),
(11881,1,1,'/themes/core.js.map','','2021-05-26 11:17:19'),
(11882,1,1,'/modules/blockreassurance/views/dist/front.js.map','','2021-05-26 11:17:19'),
(11883,1,1,'/favicon.ico','http://muchas.localhost/modules/ps_facetedsearch/ps_facetedsearch-clear-cache.php?token=459f42df1c','2021-05-26 11:17:23'),
(11884,1,1,'/themes/core.js.map','','2021-05-26 11:17:31'),
(11885,1,1,'/modules/blockreassurance/views/dist/front.js.map','','2021-05-26 11:17:32'),
(11886,1,1,'/themes/core.js.map','','2021-05-26 11:17:55'),
(11887,1,1,'/modules/blockreassurance/views/dist/front.js.map','','2021-05-26 11:17:55'),
(11888,1,1,'/themes/core.js.map','','2021-05-26 11:18:11'),
(11889,1,1,'/modules/blockreassurance/views/dist/front.js.map','','2021-05-26 11:18:11'),
(11890,1,1,'/themes/core.js.map','','2021-05-26 11:18:47'),
(11891,1,1,'/modules/blockreassurance/views/dist/front.js.map','','2021-05-26 11:18:48'),
(11892,1,1,'/modules/blockreassurance/views/dist/front.js.map','','2021-05-26 16:57:32'),
(11893,1,1,'/themes/core.js.map','','2021-05-26 16:57:32'),
(11894,1,1,'/modules/blockreassurance/views/dist/front.js.map','','2021-05-27 16:45:17'),
(11895,1,1,'/themes/core.js.map','','2021-05-27 16:46:02'),
(11896,1,1,'/modules/blockreassurance/views/dist/front.js.map','','2021-05-27 16:46:02'),
(11897,1,1,'/themes/core.js.map','','2021-05-27 16:46:26'),
(11898,1,1,'/modules/blockreassurance/views/dist/front.js.map','','2021-05-27 16:46:27'),
(11899,1,1,'/themes/core.js.map','','2021-05-27 16:47:45'),
(11900,1,1,'/modules/blockreassurance/views/dist/front.js.map','','2021-05-27 16:47:45'),
(11901,1,1,'/themes/core.js.map','','2021-05-27 17:04:13'),
(11902,1,1,'/modules/blockreassurance/views/dist/front.js.map','','2021-05-27 17:04:14'),
(11903,1,1,'/themes/core.js.map','','2021-05-27 17:05:38'),
(11904,1,1,'/modules/blockreassurance/views/dist/front.js.map','','2021-05-27 17:05:38'),
(11905,1,1,'/modules/blockreassurance/views/dist/front.js.map','','2021-05-27 17:06:02'),
(11906,1,1,'/themes/core.js.map','','2021-05-27 17:06:02'),
(11907,1,1,'/themes/core.js.map','','2021-05-27 17:07:41'),
(11908,1,1,'/modules/blockreassurance/views/dist/front.js.map','','2021-05-27 17:07:42'),
(11909,1,1,'/themes/core.js.map','','2021-05-27 17:07:42'),
(11910,1,1,'/modules/blockreassurance/views/dist/front.js.map','','2021-05-27 17:07:43'),
(11911,1,1,'/modules/blockreassurance/views/dist/front.js.map','','2021-05-27 17:07:45'),
(11912,1,1,'/themes/core.js.map','','2021-05-27 17:07:45'),
(11913,1,1,'/themes/core.js.map','','2021-05-27 17:08:26'),
(11914,1,1,'/modules/blockreassurance/views/dist/front.js.map','','2021-05-27 17:08:26'),
(11915,1,1,'/themes/core.js.map','','2021-05-27 17:14:48'),
(11916,1,1,'/modules/blockreassurance/views/dist/front.js.map','','2021-05-27 17:14:48'),
(11917,1,1,'/themes/core.js.map','','2021-05-27 17:15:30'),
(11918,1,1,'/modules/blockreassurance/views/dist/front.js.map','','2021-05-27 17:15:30'),
(11919,1,1,'/themes/core.js.map','','2021-05-27 17:16:22'),
(11920,1,1,'/modules/blockreassurance/views/dist/front.js.map','','2021-05-27 17:16:22'),
(11921,1,1,'/themes/core.js.map','','2021-05-27 17:17:24'),
(11922,1,1,'/modules/blockreassurance/views/dist/front.js.map','','2021-05-27 17:17:25'),
(11923,1,1,'/themes/core.js.map','','2021-05-27 17:17:27'),
(11924,1,1,'/modules/blockreassurance/views/dist/front.js.map','','2021-05-27 17:17:27'),
(11925,1,1,'/themes/core.js.map','','2021-05-27 17:17:30'),
(11926,1,1,'/modules/blockreassurance/views/dist/front.js.map','','2021-05-27 17:17:31'),
(11927,1,1,'/themes/core.js.map','','2021-05-27 17:17:33'),
(11928,1,1,'/modules/blockreassurance/views/dist/front.js.map','','2021-05-27 17:17:33'),
(11929,1,1,'/themes/core.js.map','','2021-05-27 17:18:05'),
(11930,1,1,'/modules/blockreassurance/views/dist/front.js.map','','2021-05-27 17:18:05'),
(11931,1,1,'/themes/core.js.map','','2021-05-27 17:18:13'),
(11932,1,1,'/modules/blockreassurance/views/dist/front.js.map','','2021-05-27 17:18:13'),
(11933,1,1,'/modules/blockreassurance/views/dist/front.js.map','','2021-05-27 17:20:13'),
(11934,1,1,'/themes/core.js.map','','2021-05-27 17:20:13'),
(11935,1,1,'/themes/core.js.map','','2021-05-27 17:21:17'),
(11936,1,1,'/modules/blockreassurance/views/dist/front.js.map','','2021-05-27 17:21:17'),
(11937,1,1,'/favicon.ico','http://muchas.localhost/base-de-maquillaje/4-the-adventure-begins-framed-poster.html','2021-05-27 17:23:30'),
(11938,1,1,'/themes/core.js.map','','2021-05-27 17:23:55'),
(11939,1,1,'/modules/blockreassurance/views/dist/front.js.map','','2021-05-27 17:23:55'),
(11940,1,1,'/themes/core.js.map','','2021-05-27 17:24:11'),
(11941,1,1,'/modules/blockreassurance/views/dist/front.js.map','','2021-05-27 17:24:11'),
(11942,1,1,'/themes/core.js.map','','2021-05-27 17:24:39'),
(11943,1,1,'/modules/blockreassurance/views/dist/front.js.map','','2021-05-27 17:24:39'),
(11944,1,1,'/themes/core.js.map','','2021-05-27 17:24:48'),
(11945,1,1,'/modules/blockreassurance/views/dist/front.js.map','','2021-05-27 17:24:48'),
(11946,1,1,'/themes/core.js.map','','2021-05-27 17:25:26'),
(11947,1,1,'/modules/blockreassurance/views/dist/front.js.map','','2021-05-27 17:25:26'),
(11948,1,1,'/themes/core.js.map','','2021-05-27 17:26:36'),
(11949,1,1,'/modules/blockreassurance/views/dist/front.js.map','','2021-05-27 17:26:36'),
(11950,1,1,'/themes/core.js.map','','2021-05-27 17:27:24'),
(11951,1,1,'/modules/blockreassurance/views/dist/front.js.map','','2021-05-27 17:27:25'),
(11952,1,1,'/themes/core.js.map','','2021-05-27 17:29:03'),
(11953,1,1,'/modules/blockreassurance/views/dist/front.js.map','','2021-05-27 17:29:04'),
(11954,1,1,'/themes/core.js.map','','2021-05-27 17:30:26'),
(11955,1,1,'/modules/blockreassurance/views/dist/front.js.map','','2021-05-27 17:30:26'),
(11956,1,1,'/themes/core.js.map','','2021-05-27 17:31:15'),
(11957,1,1,'/modules/blockreassurance/views/dist/front.js.map','','2021-05-27 17:31:15'),
(11958,1,1,'/themes/core.js.map','','2021-05-27 17:33:05'),
(11959,1,1,'/modules/blockreassurance/views/dist/front.js.map','','2021-05-27 17:33:05'),
(11960,1,1,'/themes/core.js.map','','2021-05-27 17:33:32'),
(11961,1,1,'/modules/blockreassurance/views/dist/front.js.map','','2021-05-27 17:33:32'),
(11962,1,1,'/brands/','http://muchas.localhost/18-base-de-maquillaje','2021-05-31 09:26:31'),
(11963,1,1,'/themes/core.js.map','','2021-06-01 11:47:14'),
(11964,1,1,'/modules/blockreassurance/views/dist/front.js.map','','2021-06-01 11:47:14'),
(11965,1,1,'/themes/core.js.map','','2021-06-01 11:49:08'),
(11966,1,1,'/modules/blockreassurance/views/dist/front.js.map','','2021-06-01 11:49:08'),
(11967,1,1,'/themes/core.js.map','','2021-06-01 11:51:31'),
(11968,1,1,'/modules/blockreassurance/views/dist/front.js.map','','2021-06-01 11:51:32'),
(11969,1,1,'/modules/blockreassurance/views/dist/front.js.map','','2021-06-01 11:52:11'),
(11970,1,1,'/themes/core.js.map','','2021-06-01 11:52:11'),
(11971,1,1,'/modules/blockreassurance/views/dist/front.js.map','','2021-06-01 11:53:14'),
(11972,1,1,'/themes/core.js.map','','2021-06-01 11:53:14'),
(11973,1,1,'/themes/core.js.map','','2021-06-01 11:53:39'),
(11974,1,1,'/modules/blockreassurance/views/dist/front.js.map','','2021-06-01 11:53:39'),
(11975,1,1,'/themes/core.js.map','','2021-06-01 11:54:45'),
(11976,1,1,'/modules/blockreassurance/views/dist/front.js.map','','2021-06-01 11:54:46'),
(11977,1,1,'/themes/core.js.map','','2021-06-01 11:55:17'),
(11978,1,1,'/modules/blockreassurance/views/dist/front.js.map','','2021-06-01 11:55:17'),
(11979,1,1,'/themes/core.js.map','','2021-06-01 11:56:27'),
(11980,1,1,'/modules/blockreassurance/views/dist/front.js.map','','2021-06-01 11:56:27'),
(11981,1,1,'/themes/core.js.map','','2021-06-01 11:57:11'),
(11982,1,1,'/modules/blockreassurance/views/dist/front.js.map','','2021-06-01 11:57:11'),
(11983,1,1,'/themes/core.js.map','','2021-06-01 11:57:28'),
(11984,1,1,'/modules/blockreassurance/views/dist/front.js.map','','2021-06-01 11:57:29'),
(11985,1,1,'/themes/core.js.map','','2021-06-01 11:58:55'),
(11986,1,1,'/modules/blockreassurance/views/dist/front.js.map','','2021-06-01 11:58:55'),
(11987,1,1,'/themes/core.js.map','','2021-06-01 17:14:01');

-- 
-- Definition of ps_product
-- 

CREATE TABLE IF NOT EXISTS `ps_product` (
  `id_product` int(10) unsigned NOT NULL AUTO_INCREMENT,
  `id_supplier` int(10) unsigned DEFAULT NULL,
  `id_manufacturer` int(10) unsigned DEFAULT NULL,
  `id_category_default` int(10) unsigned DEFAULT NULL,
  `id_shop_default` int(10) unsigned NOT NULL DEFAULT '1',
  `id_tax_rules_group` int(11) unsigned NOT NULL,
  `on_sale` tinyint(1) unsigned NOT NULL DEFAULT '0',
  `online_only` tinyint(1) unsigned NOT NULL DEFAULT '0',
  `ean13` varchar(13) DEFAULT NULL,
  `isbn` varchar(32) DEFAULT NULL,
  `upc` varchar(12) DEFAULT NULL,
  `mpn` varchar(40) DEFAULT NULL,
  `ecotax` decimal(17,6) NOT NULL DEFAULT '0.000000',
  `quantity` int(10) NOT NULL DEFAULT '0',
  `minimal_quantity` int(10) unsigned NOT NULL DEFAULT '1',
  `low_stock_threshold` int(10) DEFAULT NULL,
  `low_stock_alert` tinyint(1) NOT NULL DEFAULT '0',
  `price` decimal(20,6) NOT NULL DEFAULT '0.000000',
  `wholesale_price` decimal(20,6) NOT NULL DEFAULT '0.000000',
  `unity` varchar(255) DEFAULT NULL,
  `unit_price_ratio` decimal(20,6) NOT NULL DEFAULT '0.000000',
  `additional_shipping_cost` decimal(20,6) NOT NULL DEFAULT '0.000000',
  `reference` varchar(64) DEFAULT NULL,
  `supplier_reference` varchar(64) DEFAULT NULL,
  `location` varchar(64) DEFAULT NULL,
  `width` decimal(20,6) NOT NULL DEFAULT '0.000000',
  `height` decimal(20,6) NOT NULL DEFAULT '0.000000',
  `depth` decimal(20,6) NOT NULL DEFAULT '0.000000',
  `weight` decimal(20,6) NOT NULL DEFAULT '0.000000',
  `out_of_stock` int(10) unsigned NOT NULL DEFAULT '2',
  `additional_delivery_times` tinyint(1) unsigned NOT NULL DEFAULT '1',
  `quantity_discount` tinyint(1) DEFAULT '0',
  `customizable` tinyint(2) NOT NULL DEFAULT '0',
  `uploadable_files` tinyint(4) NOT NULL DEFAULT '0',
  `text_fields` tinyint(4) NOT NULL DEFAULT '0',
  `active` tinyint(1) unsigned NOT NULL DEFAULT '0',
  `redirect_type` enum('','404','301-product','302-product','301-category','302-category') NOT NULL DEFAULT '',
  `id_type_redirected` int(10) unsigned NOT NULL DEFAULT '0',
  `available_for_order` tinyint(1) NOT NULL DEFAULT '1',
  `available_date` date DEFAULT NULL,
  `show_condition` tinyint(1) NOT NULL DEFAULT '0',
  `condition` enum('new','used','refurbished') NOT NULL DEFAULT 'new',
  `show_price` tinyint(1) NOT NULL DEFAULT '1',
  `indexed` tinyint(1) NOT NULL DEFAULT '0',
  `visibility` enum('both','catalog','search','none') NOT NULL DEFAULT 'both',
  `cache_is_pack` tinyint(1) NOT NULL DEFAULT '0',
  `cache_has_attachments` tinyint(1) NOT NULL DEFAULT '0',
  `is_virtual` tinyint(1) NOT NULL DEFAULT '0',
  `cache_default_attribute` int(10) unsigned DEFAULT NULL,
  `date_add` datetime NOT NULL,
  `date_upd` datetime NOT NULL,
  `advanced_stock_management` tinyint(1) NOT NULL DEFAULT '0',
  `pack_stock_type` int(11) unsigned NOT NULL DEFAULT '3',
  `state` int(11) unsigned NOT NULL DEFAULT '1',
  PRIMARY KEY (`id_product`),
  KEY `reference_idx` (`reference`),
  KEY `supplier_reference_idx` (`supplier_reference`),
  KEY `product_supplier` (`id_supplier`),
  KEY `product_manufacturer` (`id_manufacturer`,`id_product`),
  KEY `id_category_default` (`id_category_default`),
  KEY `indexed` (`indexed`),
  KEY `date_add` (`date_add`),
  KEY `state` (`state`,`date_upd`)
) ENGINE=InnoDB AUTO_INCREMENT=20 DEFAULT CHARSET=utf8mb4;

-- 
-- Dumping data for table ps_product
-- 

INSERT INTO `ps_product`(`id_product`,`id_supplier`,`id_manufacturer`,`id_category_default`,`id_shop_default`,`id_tax_rules_group`,`on_sale`,`online_only`,`ean13`,`isbn`,`upc`,`mpn`,`ecotax`,`quantity`,`minimal_quantity`,`low_stock_threshold`,`low_stock_alert`,`price`,`wholesale_price`,`unity`,`unit_price_ratio`,`additional_shipping_cost`,`reference`,`supplier_reference`,`location`,`width`,`height`,`depth`,`weight`,`out_of_stock`,`additional_delivery_times`,`quantity_discount`,`customizable`,`uploadable_files`,`text_fields`,`active`,`redirect_type`,`id_type_redirected`,`available_for_order`,`available_date`,`show_condition`,`condition`,`show_price`,`indexed`,`visibility`,`cache_is_pack`,`cache_has_attachments`,`is_virtual`,`cache_default_attribute`,`date_add`,`date_upd`,`advanced_stock_management`,`pack_stock_type`,`state`) VALUES
(1,0,2,4,1,1,0,0,'','','','',0.000000,0,1,NULL,0,23.900000,0.000000,'',0.000000,0.000000,'demo_1','','',0.000000,0.000000,0.000000,0.300000,2,1,0,0,0,0,1,'301-category',0,1,'0001-01-01 00:00:00',0,'new',1,1,'both',0,0,0,0,'2021-04-12 15:59:21','2021-05-20 09:08:37',0,3,1),
(2,0,4,16,1,1,0,0,'','','','',0.000000,0,1,NULL,0,30.082645,0.000000,'',0.000000,0.000000,'demo_3','','',0.000000,0.000000,0.000000,0.300000,2,1,0,0,0,0,1,'404',0,1,'0001-01-01 00:00:00',0,'new',1,1,'both',0,0,0,0,'2021-04-12 15:59:21','2021-05-24 09:04:30',0,3,1),
(3,0,3,16,1,1,0,0,'','','','',0.000000,0,1,NULL,0,30.082645,0.000000,'',0.000000,0.000000,'demo_6','','',0.000000,0.000000,0.000000,0.300000,2,1,0,0,0,0,1,'301-category',0,1,'0001-01-01 00:00:00',0,'new',1,1,'both',0,0,0,0,'2021-04-12 15:59:21','2021-05-24 13:20:50',0,3,1),
(4,0,5,18,1,1,0,0,'','','','',0.000000,0,1,NULL,0,29.000000,0.000000,'',0.000000,0.000000,'demo_5','','',0.000000,0.000000,0.000000,0.300000,2,1,0,0,0,0,1,'404',0,1,'0001-01-01 00:00:00',0,'new',1,1,'both',0,0,0,0,'2021-04-12 15:59:21','2021-05-27 17:18:00',0,3,1),
(5,0,2,9,1,1,0,0,'','','','',0.000000,0,1,NULL,0,29.000000,0.000000,'',0.000000,0.000000,'demo_7','','',0.000000,0.000000,0.000000,0.300000,2,1,0,0,0,0,1,'301-category',0,1,'0001-01-01 00:00:00',0,'new',1,1,'both',0,0,0,0,'2021-04-12 15:59:21','2021-05-27 17:14:43',0,3,1),
(6,0,1,8,1,1,0,0,'','','','',0.000000,0,1,NULL,0,11.900000,0.000000,'',0.000000,0.000000,'demo_11','','',0.000000,0.000000,0.000000,0.300000,2,1,0,0,0,0,1,'301-category',0,1,'0001-01-01 00:00:00',0,'new',1,1,'both',0,0,0,0,'2021-04-12 15:59:21','2021-05-27 17:14:43',0,3,1),
(7,0,1,8,1,1,0,0,'','','','',0.000000,0,1,NULL,0,11.900000,0.000000,'',0.000000,0.000000,'demo_12','','',0.000000,0.000000,0.000000,0.300000,2,1,0,0,0,0,1,'301-category',0,1,'0001-01-01 00:00:00',0,'new',1,1,'both',0,0,0,0,'2021-04-12 15:59:21','2021-05-27 17:14:43',0,3,1),
(8,0,1,8,1,1,0,0,'','','','',0.000000,0,1,NULL,0,11.900000,0.000000,'',0.000000,0.000000,'demo_13','','',0.000000,0.000000,0.000000,0.300000,2,1,0,0,0,0,1,'404',0,1,'0001-01-01 00:00:00',0,'new',1,1,'both',0,0,0,0,'2021-04-12 15:59:21','2021-05-27 17:14:43',0,3,1),
(9,0,1,8,1,1,0,0,'','','','',0.000000,0,1,NULL,0,18.900000,0.000000,'',0.000000,0.000000,'demo_15','','',0.000000,0.000000,0.000000,0.300000,2,1,0,0,0,0,1,'301-category',0,1,'0001-01-01 00:00:00',0,'new',1,1,'both',0,0,0,0,'2021-04-12 15:59:21','2021-05-27 17:14:43',0,3,1),
(10,0,1,8,1,1,0,0,'','','','',0.000000,0,1,NULL,0,18.900000,0.000000,'',0.000000,0.000000,'demo_16','','',0.000000,0.000000,0.000000,0.300000,2,1,0,0,0,0,1,'301-category',0,1,'0001-01-01 00:00:00',0,'new',1,1,'both',0,0,0,0,'2021-04-12 15:59:21','2021-05-27 17:14:43',0,3,1),
(11,0,1,8,1,1,0,0,'','','','',0.000000,0,1,NULL,0,18.900000,0.000000,'',0.000000,0.000000,'demo_17','','',0.000000,0.000000,0.000000,0.300000,2,1,0,0,0,0,1,'301-category',0,1,'0001-01-01 00:00:00',0,'new',1,1,'both',0,0,0,0,'2021-04-12 15:59:21','2021-05-27 17:14:43',0,3,1),
(12,0,2,9,1,1,0,0,'','','','',0.000000,0,1,NULL,0,9.000000,0.000000,'',0.000000,0.000000,'demo_18','','',0.000000,0.000000,0.000000,0.300000,2,1,0,0,0,0,1,'301-category',0,1,'0001-01-01 00:00:00',0,'new',1,1,'both',0,0,1,0,'2021-04-12 15:59:21','2021-05-27 17:14:43',0,3,1),
(13,0,2,9,1,1,0,0,'','','','',0.000000,0,1,NULL,0,9.000000,0.000000,'',0.000000,0.000000,'demo_19','','',0.000000,0.000000,0.000000,0.300000,2,1,0,0,0,0,1,'301-category',0,1,'0001-01-01 00:00:00',0,'new',1,1,'both',0,0,1,0,'2021-04-12 15:59:21','2021-05-27 17:14:43',0,3,1),
(14,0,2,9,1,1,0,0,'','','','',0.000000,0,1,NULL,0,9.000000,0.000000,'',0.000000,0.000000,'demo_20','','',0.000000,0.000000,0.000000,0.300000,2,1,0,0,0,0,1,'301-category',0,1,'0001-01-01 00:00:00',0,'new',1,1,'both',0,0,1,0,'2021-04-12 15:59:21','2021-05-27 17:14:43',0,3,1),
(15,0,0,8,1,1,0,0,'','','','',0.000000,0,1,NULL,0,35.000000,0.000000,'',0.000000,0.000000,'demo_21','','',0.000000,0.000000,0.000000,0.300000,2,1,0,0,0,0,1,'301-category',0,1,'0001-01-01 00:00:00',0,'new',1,1,'both',1,0,0,0,'2021-04-12 15:59:21','2021-05-27 17:14:43',0,3,1),
(16,0,2,7,1,1,0,0,'','','','',0.000000,0,1,NULL,0,12.900000,0.000000,'',0.000000,0.000000,'demo_8','','',0.000000,0.000000,0.000000,0.300000,2,1,0,0,0,0,1,'301-category',0,1,'0001-01-01 00:00:00',0,'new',1,1,'both',0,0,0,0,'2021-04-12 15:59:21','2021-05-27 17:14:43',0,3,1),
(17,0,2,7,1,1,0,0,'','','','',0.000000,0,1,NULL,0,12.900000,0.000000,'',0.000000,0.000000,'demo_9','','',0.000000,0.000000,0.000000,0.300000,2,1,0,0,0,0,1,'301-category',0,1,'0001-01-01 00:00:00',0,'new',1,1,'both',0,0,0,0,'2021-04-12 15:59:21','2021-05-27 17:14:43',0,3,1),
(18,0,2,7,1,1,0,0,'','','','',0.000000,0,1,NULL,0,12.900000,0.000000,'',0.000000,0.000000,'demo_10','','',0.000000,0.000000,0.000000,0.300000,2,1,0,0,0,0,1,'301-category',0,1,'0001-01-01 00:00:00',0,'new',1,1,'both',0,0,0,0,'2021-04-12 15:59:21','2021-05-27 17:14:43',0,3,1),
(19,0,1,8,1,1,0,0,'','','','',0.000000,0,1,NULL,0,13.900000,0.000000,'',0.000000,0.000000,'demo_14','','',0.000000,0.000000,0.000000,0.300000,2,1,0,2,0,1,1,'301-category',0,1,'0001-01-01 00:00:00',0,'new',1,1,'both',0,0,0,0,'2021-04-12 15:59:21','2021-05-27 17:14:43',0,3,1);

-- 
-- Definition of ps_product_attachment
-- 

CREATE TABLE IF NOT EXISTS `ps_product_attachment` (
  `id_product` int(10) unsigned NOT NULL,
  `id_attachment` int(10) unsigned NOT NULL,
  PRIMARY KEY (`id_product`,`id_attachment`)
) ENGINE=InnoDB DEFAULT CHARSET=utf8mb4;

-- 
-- Dumping data for table ps_product_attachment
-- 



-- 
-- Definition of ps_product_attribute
-- 

CREATE TABLE IF NOT EXISTS `ps_product_attribute` (
  `id_product_attribute` int(10) unsigned NOT NULL AUTO_INCREMENT,
  `id_product` int(10) unsigned NOT NULL,
  `reference` varchar(64) DEFAULT NULL,
  `supplier_reference` varchar(64) DEFAULT NULL,
  `location` varchar(64) DEFAULT NULL,
  `ean13` varchar(13) DEFAULT NULL,
  `isbn` varchar(32) DEFAULT NULL,
  `upc` varchar(12) DEFAULT NULL,
  `mpn` varchar(40) DEFAULT NULL,
  `wholesale_price` decimal(20,6) NOT NULL DEFAULT '0.000000',
  `price` decimal(20,6) NOT NULL DEFAULT '0.000000',
  `ecotax` decimal(17,6) NOT NULL DEFAULT '0.000000',
  `quantity` int(10) NOT NULL DEFAULT '0',
  `weight` decimal(20,6) NOT NULL DEFAULT '0.000000',
  `unit_price_impact` decimal(20,6) NOT NULL DEFAULT '0.000000',
  `default_on` tinyint(1) unsigned DEFAULT NULL,
  `minimal_quantity` int(10) unsigned NOT NULL DEFAULT '1',
  `low_stock_threshold` int(10) DEFAULT NULL,
  `low_stock_alert` tinyint(1) NOT NULL DEFAULT '0',
  `available_date` date DEFAULT NULL,
  PRIMARY KEY (`id_product_attribute`),
  UNIQUE KEY `product_default` (`id_product`,`default_on`),
  KEY `product_attribute_product` (`id_product`),
  KEY `reference` (`reference`),
  KEY `supplier_reference` (`supplier_reference`),
  KEY `id_product_id_product_attribute` (`id_product_attribute`,`id_product`)
) ENGINE=InnoDB DEFAULT CHARSET=utf8mb4;

-- 
-- Dumping data for table ps_product_attribute
-- 



-- 
-- Definition of ps_product_attribute_combination
-- 

CREATE TABLE IF NOT EXISTS `ps_product_attribute_combination` (
  `id_attribute` int(10) unsigned NOT NULL,
  `id_product_attribute` int(10) unsigned NOT NULL,
  PRIMARY KEY (`id_attribute`,`id_product_attribute`),
  KEY `id_product_attribute` (`id_product_attribute`)
) ENGINE=InnoDB DEFAULT CHARSET=utf8mb4;

-- 
-- Dumping data for table ps_product_attribute_combination
-- 



-- 
-- Definition of ps_product_attribute_image
-- 

CREATE TABLE IF NOT EXISTS `ps_product_attribute_image` (
  `id_product_attribute` int(10) unsigned NOT NULL,
  `id_image` int(10) unsigned NOT NULL,
  PRIMARY KEY (`id_product_attribute`,`id_image`),
  KEY `id_image` (`id_image`)
) ENGINE=InnoDB DEFAULT CHARSET=utf8mb4;

-- 
-- Dumping data for table ps_product_attribute_image
-- 



-- 
-- Definition of ps_product_attribute_shop
-- 

CREATE TABLE IF NOT EXISTS `ps_product_attribute_shop` (
  `id_product` int(10) unsigned NOT NULL,
  `id_product_attribute` int(10) unsigned NOT NULL,
  `id_shop` int(10) unsigned NOT NULL,
  `wholesale_price` decimal(20,6) NOT NULL DEFAULT '0.000000',
  `price` decimal(20,6) NOT NULL DEFAULT '0.000000',
  `ecotax` decimal(17,6) NOT NULL DEFAULT '0.000000',
  `weight` decimal(20,6) NOT NULL DEFAULT '0.000000',
  `unit_price_impact` decimal(20,6) NOT NULL DEFAULT '0.000000',
  `default_on` tinyint(1) unsigned DEFAULT NULL,
  `minimal_quantity` int(10) unsigned NOT NULL DEFAULT '1',
  `low_stock_threshold` int(10) DEFAULT NULL,
  `low_stock_alert` tinyint(1) NOT NULL DEFAULT '0',
  `available_date` date DEFAULT NULL,
  PRIMARY KEY (`id_product_attribute`,`id_shop`),
  UNIQUE KEY `id_product` (`id_product`,`id_shop`,`default_on`)
) ENGINE=InnoDB DEFAULT CHARSET=utf8mb4;

-- 
-- Dumping data for table ps_product_attribute_shop
-- 



-- 
-- Definition of ps_product_carrier
-- 

CREATE TABLE IF NOT EXISTS `ps_product_carrier` (
  `id_product` int(10) unsigned NOT NULL,
  `id_carrier_reference` int(10) unsigned NOT NULL,
  `id_shop` int(10) unsigned NOT NULL,
  PRIMARY KEY (`id_product`,`id_carrier_reference`,`id_shop`)
) ENGINE=InnoDB DEFAULT CHARSET=utf8mb4;

-- 
-- Dumping data for table ps_product_carrier
-- 



-- 
-- Definition of ps_product_comment
-- 

CREATE TABLE IF NOT EXISTS `ps_product_comment` (
  `id_product_comment` int(10) unsigned NOT NULL AUTO_INCREMENT,
  `id_product` int(10) unsigned NOT NULL,
  `id_customer` int(10) unsigned NOT NULL,
  `id_guest` int(10) unsigned DEFAULT NULL,
  `title` varchar(64) DEFAULT NULL,
  `content` text NOT NULL,
  `customer_name` varchar(64) DEFAULT NULL,
  `grade` float unsigned NOT NULL,
  `validate` tinyint(1) NOT NULL,
  `deleted` tinyint(1) NOT NULL,
  `date_add` datetime NOT NULL,
  PRIMARY KEY (`id_product_comment`),
  KEY `id_product` (`id_product`),
  KEY `id_customer` (`id_customer`),
  KEY `id_guest` (`id_guest`)
) ENGINE=InnoDB DEFAULT CHARSET=utf8;

-- 
-- Dumping data for table ps_product_comment
-- 



-- 
-- Definition of ps_product_comment_criterion
-- 

CREATE TABLE IF NOT EXISTS `ps_product_comment_criterion` (
  `id_product_comment_criterion` int(10) unsigned NOT NULL AUTO_INCREMENT,
  `id_product_comment_criterion_type` tinyint(1) NOT NULL,
  `active` tinyint(1) NOT NULL,
  PRIMARY KEY (`id_product_comment_criterion`)
) ENGINE=InnoDB AUTO_INCREMENT=2 DEFAULT CHARSET=utf8;

-- 
-- Dumping data for table ps_product_comment_criterion
-- 

INSERT INTO `ps_product_comment_criterion`(`id_product_comment_criterion`,`id_product_comment_criterion_type`,`active`) VALUES
(1,1,1);

-- 
-- Definition of ps_product_comment_criterion_category
-- 

CREATE TABLE IF NOT EXISTS `ps_product_comment_criterion_category` (
  `id_product_comment_criterion` int(10) unsigned NOT NULL,
  `id_category` int(10) unsigned NOT NULL,
  PRIMARY KEY (`id_product_comment_criterion`,`id_category`),
  KEY `id_category` (`id_category`)
) ENGINE=InnoDB DEFAULT CHARSET=utf8;

-- 
-- Dumping data for table ps_product_comment_criterion_category
-- 



-- 
-- Definition of ps_product_comment_criterion_lang
-- 

CREATE TABLE IF NOT EXISTS `ps_product_comment_criterion_lang` (
  `id_product_comment_criterion` int(11) unsigned NOT NULL,
  `id_lang` int(11) unsigned NOT NULL,
  `name` varchar(64) NOT NULL,
  PRIMARY KEY (`id_product_comment_criterion`,`id_lang`)
) ENGINE=InnoDB DEFAULT CHARSET=utf8;

-- 
-- Dumping data for table ps_product_comment_criterion_lang
-- 

INSERT INTO `ps_product_comment_criterion_lang`(`id_product_comment_criterion`,`id_lang`,`name`) VALUES
(1,1,'Quality');

-- 
-- Definition of ps_product_comment_criterion_product
-- 

CREATE TABLE IF NOT EXISTS `ps_product_comment_criterion_product` (
  `id_product` int(10) unsigned NOT NULL,
  `id_product_comment_criterion` int(10) unsigned NOT NULL,
  PRIMARY KEY (`id_product`,`id_product_comment_criterion`),
  KEY `id_product_comment_criterion` (`id_product_comment_criterion`)
) ENGINE=InnoDB DEFAULT CHARSET=utf8;

-- 
-- Dumping data for table ps_product_comment_criterion_product
-- 



-- 
-- Definition of ps_product_comment_grade
-- 

CREATE TABLE IF NOT EXISTS `ps_product_comment_grade` (
  `id_product_comment` int(10) unsigned NOT NULL,
  `id_product_comment_criterion` int(10) unsigned NOT NULL,
  `grade` int(10) unsigned NOT NULL,
  PRIMARY KEY (`id_product_comment`,`id_product_comment_criterion`),
  KEY `id_product_comment_criterion` (`id_product_comment_criterion`)
) ENGINE=InnoDB DEFAULT CHARSET=utf8;

-- 
-- Dumping data for table ps_product_comment_grade
-- 



-- 
-- Definition of ps_product_comment_report
-- 

CREATE TABLE IF NOT EXISTS `ps_product_comment_report` (
  `id_product_comment` int(10) unsigned NOT NULL,
  `id_customer` int(10) unsigned NOT NULL,
  PRIMARY KEY (`id_product_comment`,`id_customer`)
) ENGINE=InnoDB DEFAULT CHARSET=utf8;

-- 
-- Dumping data for table ps_product_comment_report
-- 



-- 
-- Definition of ps_product_comment_usefulness
-- 

CREATE TABLE IF NOT EXISTS `ps_product_comment_usefulness` (
  `id_product_comment` int(10) unsigned NOT NULL,
  `id_customer` int(10) unsigned NOT NULL,
  `usefulness` tinyint(1) unsigned NOT NULL,
  PRIMARY KEY (`id_product_comment`,`id_customer`)
) ENGINE=InnoDB DEFAULT CHARSET=utf8;

-- 
-- Dumping data for table ps_product_comment_usefulness
-- 



-- 
-- Definition of ps_product_country_tax
-- 

CREATE TABLE IF NOT EXISTS `ps_product_country_tax` (
  `id_product` int(11) NOT NULL,
  `id_country` int(11) NOT NULL,
  `id_tax` int(11) NOT NULL,
  PRIMARY KEY (`id_product`,`id_country`)
) ENGINE=InnoDB DEFAULT CHARSET=utf8mb4;

-- 
-- Dumping data for table ps_product_country_tax
-- 



-- 
-- Definition of ps_product_download
-- 

CREATE TABLE IF NOT EXISTS `ps_product_download` (
  `id_product_download` int(10) unsigned NOT NULL AUTO_INCREMENT,
  `id_product` int(10) unsigned NOT NULL,
  `display_filename` varchar(255) DEFAULT NULL,
  `filename` varchar(255) DEFAULT NULL,
  `date_add` datetime NOT NULL,
  `date_expiration` datetime DEFAULT NULL,
  `nb_days_accessible` int(10) unsigned DEFAULT NULL,
  `nb_downloadable` int(10) unsigned DEFAULT '1',
  `active` tinyint(1) unsigned NOT NULL DEFAULT '1',
  `is_shareable` tinyint(1) unsigned NOT NULL DEFAULT '0',
  PRIMARY KEY (`id_product_download`)
) ENGINE=InnoDB DEFAULT CHARSET=utf8mb4;

-- 
-- Dumping data for table ps_product_download
-- 



-- 
-- Definition of ps_product_group_reduction_cache
-- 

CREATE TABLE IF NOT EXISTS `ps_product_group_reduction_cache` (
  `id_product` int(10) unsigned NOT NULL,
  `id_group` int(10) unsigned NOT NULL,
  `reduction` decimal(5,4) NOT NULL,
  PRIMARY KEY (`id_product`,`id_group`)
) ENGINE=InnoDB DEFAULT CHARSET=utf8mb4;

-- 
-- Dumping data for table ps_product_group_reduction_cache
-- 



-- 
-- Definition of ps_product_lang
-- 

CREATE TABLE IF NOT EXISTS `ps_product_lang` (
  `id_product` int(10) unsigned NOT NULL,
  `id_shop` int(11) unsigned NOT NULL DEFAULT '1',
  `id_lang` int(10) unsigned NOT NULL,
  `description` text,
  `description_short` text,
  `link_rewrite` varchar(128) NOT NULL,
  `meta_description` varchar(512) DEFAULT NULL,
  `meta_keywords` varchar(255) DEFAULT NULL,
  `meta_title` varchar(128) DEFAULT NULL,
  `name` varchar(128) NOT NULL,
  `available_now` varchar(255) DEFAULT NULL,
  `available_later` varchar(255) DEFAULT NULL,
  `delivery_in_stock` varchar(255) DEFAULT NULL,
  `delivery_out_stock` varchar(255) DEFAULT NULL,
  PRIMARY KEY (`id_product`,`id_shop`,`id_lang`),
  KEY `id_lang` (`id_lang`),
  KEY `name` (`name`)
) ENGINE=InnoDB DEFAULT CHARSET=utf8mb4;

-- 
-- Dumping data for table ps_product_lang
-- 

INSERT INTO `ps_product_lang`(`id_product`,`id_shop`,`id_lang`,`description`,`description_short`,`link_rewrite`,`meta_description`,`meta_keywords`,`meta_title`,`name`,`available_now`,`available_later`,`delivery_in_stock`,`delivery_out_stock`) VALUES
(1,1,1,'<p><span style=\"font-size:10pt;font-style:normal;\"><span style=\"font-size:10pt;font-style:normal;\">Symbol of lightness and delicacy, the hummingbird evokes curiosity and joy.</span><span style=\"font-size:10pt;font-style:normal;\"> Studio Design'' PolyFaune collection features classic products with colorful patterns, inspired by the traditional japanese origamis. To wear with a chino or jeans. The sublimation textile printing process provides an exceptional color rendering and a color, guaranteed overtime.</span></span></p>','<p><span style=\"font-size:10pt;font-style:normal;\">Regular fit, round neckline, short sleeves. Made of extra long staple pima cotton. </span></p>\r\n<p></p>','hummingbird-printed-t-shirt','','','','Hummingbird printed t-shirt Men','','','',''),
(2,1,1,'<p><span style=\"font-size:10pt;font-style:normal;\"><span style=\"font-size:10pt;font-style:normal;\">Studio Design'' PolyFaune collection features classic products with colorful patterns, inspired by the traditional japanese origamis. To wear with a chino or jeans. The sublimation textile printing process provides an exceptional color rendering and a color, guaranteed overtime.</span></span></p>','<p><span style=\"font-size:10pt;font-style:normal;\">Regular fit, round neckline, long sleeves. 100% cotton, brushed inner side for extra comfort. </span></p>','brown-bear-printed-sweater','','','','KDC','','','',''),
(3,1,1,'<p><span style=\"font-size:10pt;font-style:normal;\">The best is yet to come! Give your walls a voice with a framed poster. This aesthethic, optimistic poster will look great in your desk or in an open-space office. Painted wooden frame with passe-partout for more depth.</span></p>','<p><span style=\"font-size:10pt;font-weight:normal;font-style:normal;\">Printed on rigid matt paper and smooth surface.</span></p>','the-best-is-yet-to-come-framed-poster','','','','212 Vip Black Edition','','','',''),
(4,1,1,'<p><span style=\"font-size:10pt;font-style:normal;\">The best is yet to come! Give your walls a voice with a framed poster. This aesthethic, optimistic poster will look great in your desk or in an open-space office. Painted wooden frame with passe-partout for more depth.</span></p>','<p><span style=\"font-size:10pt;font-weight:normal;font-style:normal;\">Printed on rigid matt finish and smooth surface.</span></p>','the-adventure-begins-framed-poster','','','','SOPH-X','','','',''),
(5,1,1,'<p><span style=\"font-size:10pt;font-style:normal;\">The best is yet to come! Give your walls a voice with a framed poster. This aesthethic, optimistic poster will look great in your desk or in an open-space office. Painted wooden frame with passe-partout for more depth.</span></p>','<p><span style=\"font-size:10pt;font-weight:normal;font-style:normal;\">Printed on rigid paper with matt finish and smooth surface.</span></p>','today-is-a-good-day-framed-poster','','','','Today is a good day Framed poster','','','',''),
(6,1,1,'<p><span style=\"font-size:10pt;font-style:normal;\">The best is yet to come! Start the day off right with a positive thought. 8,2cm diameter / 9,5cm height / 0.43kg. Dishwasher-proof.</span></p>','<p><span style=\"font-size:10pt;font-style:normal;\">White Ceramic Mug, 325ml.</span></p>','mug-the-best-is-yet-to-come','','','','Mug The best is yet to come','','','',''),
(7,1,1,'<p><span style=\"font-size:10pt;font-style:normal;\">The adventure begins with a cup of coffee. Set out to conquer the day! 8,2cm diameter / 9,5cm height / 0.43kg. Dishwasher-proof.</span></p>','<p><span style=\"font-size:10pt;font-style:normal;\">White Ceramic Mug. 325ml</span></p>','mug-the-adventure-begins','','','','Mug The adventure begins','','','',''),
(8,1,1,'<p><span style=\"font-size:10pt;font-style:normal;\">Add an optimistic touch to your morning coffee and start the day in a good mood! 8,2cm diameter / 9,5cm height / 0.43kg. Dishwasher-proof.</span></p>','<p><span style=\"font-size:10pt;font-style:normal;\">White Ceramic Mug. 325ml</span></p>','mug-today-is-a-good-day','','','','Mug Today is a good day','','','',''),
(9,1,1,'<p><span style=\"font-size:10pt;font-weight:normal;font-style:normal;\">The mountain fox cushion will add a graphic and colorful touch to your sofa, armchair or bed. Create a modern and zen atmosphere that inspires relaxation. Cover 100% cotton, machine washable at 60° / Filling 100% hypoallergenic polyester.</span></p>','<p><span style=\"font-size:10pt;font-style:normal;\">Cushion with removable cover and invisible zip on the back. 32x32cm</span></p>','mountain-fox-cushion','','','','Mountain fox cushion','','','',''),
(10,1,1,'<p><span style=\"font-size:10pt;font-weight:normal;font-style:normal;\">The brown bear cushion will add a graphic and colorful touch to your sofa, armchair or bed. Create a modern and zen atmosphere that inspires relaxation. Cover 100% cotton, machine washable at 60° / Filling 100% hypoallergenic polyester.</span></p>','<p><span style=\"font-size:10pt;font-style:normal;\">Cushion with removable cover and invisible zip on the back. 32x32cm</span></p>','brown-bear-cushion','','','','Brown bear cushion','','','',''),
(11,1,1,'<p><span style=\"font-size:10pt;font-weight:normal;font-style:normal;\">The hummingbird cushion will add a graphic and colorful touch to your sofa, armchair or bed. Create a modern and zen atmosphere that inspires relaxation. Cover 100% cotton, machine washable at 60° / Filling 100% hypoallergenic polyester.</span></p>','<p><span style=\"font-size:10pt;font-style:normal;\">Cushion with removable cover and invisible zip on the back. 32x32cm</span></p>','hummingbird-cushion','','','','Hummingbird cushion','','','',''),
(12,1,1,'<p><span style=\"font-size:10pt;font-style:normal;\">You have a custom printing creative project? The vector graphic Mountain fox illustration can be used for printing purpose on any support, without size limitation. </span></p>','<p><span style=\"font-size:10pt;font-style:normal;\">Vector graphic, format: svg. Download for personal, private and non-commercial use.</span></p>','mountain-fox-vector-graphics','','','','Mountain fox - Vector graphics','','','',''),
(13,1,1,'<p><span style=\"font-size:10pt;font-style:normal;\">You have a custom printing creative project? The vector graphic Mountain fox illustration can be used for printing purpose on any support, without size limitation. </span></p>','<p><span style=\"font-size:10pt;font-style:normal;\">Vector graphic, format: svg. Download for personal, private and non-commercial use.</span></p>','brown-bear-vector-graphics','','','','Brown bear - Vector graphics','','','',''),
(14,1,1,'<p><span style=\"font-size:10pt;font-style:normal;\">You have a custom printing creative project? The vector graphic Mountain fox illustration can be used for printing purpose on any support, without size limitation. </span></p>','<p><span style=\"font-size:10pt;font-style:normal;\">Vector graphic, format: svg. Download for personal, private and non-commercial use.</span></p>','hummingbird-vector-graphics','','','','Hummingbird - Vector graphics','','','',''),
(15,1,1,'','<p><span style=\"font-size:10pt;font-style:normal;\">Mug The Adventure Begins + Framed poster Today is a good day 40x60cm </span></p>','pack-mug-framed-poster','','','','Pack Mug + Framed poster','','','',''),
(16,1,1,'<p><span style=\"font-size:10pt;font-style:normal;\">The Mountain fox notebook is the best option to write down your most ingenious ideas. At work, at home or when traveling, its endearing design and manufacturing quality will make you feel like writing! 90 gsm paper / double spiral binding.</span></p>','<p><span style=\"font-size:10pt;font-style:normal;\">120 sheets notebook with hard cover made of recycled cardboard. 16x22cm</span></p>','mountain-fox-notebook','','','','Mountain fox notebook','','','',''),
(17,1,1,'<p><span style=\"font-size:10pt;font-style:normal;\">The Mountain fox notebook is the best option to write down your most ingenious ideas. At work, at home or when traveling, its endearing design and manufacturing quality will make you feel like writing! 90 gsm paper / double spiral binding.</span></p>','<p><span style=\"font-size:10pt;font-style:normal;\">120 sheets notebook with hard cover made of recycled cardboard. 16x22cm</span></p>','brown-bear-notebook','','','','Brown bear notebook','','','',''),
(18,1,1,'<p><span style=\"font-size:10pt;font-style:normal;\">The Mountain fox notebook is the best option to write down your most ingenious ideas. At work, at home or when traveling, its endearing design and manufacturing quality will make you feel like writing! 90 gsm paper / double spiral binding.</span></p>','<p><span style=\"font-size:10pt;font-style:normal;\">120 sheets notebook with hard cover made of recycled cardboard. 16x22cm</span></p>','hummingbird-notebook','','','','Hummingbird notebook','','','',''),
(19,1,1,'<p><span style=\"font-size:10pt;font-style:normal;\"><span style=\"font-size:10pt;font-style:normal;\">Customize your mug with the text of your choice. A mood, a message, a quote... It''s up to you! Maximum number of characters:</span><span style=\"font-size:10pt;font-style:normal;\"> ---</span></span></p>','<p><span style=\"font-size:10pt;font-style:normal;\">White Ceramic Mug. 325ml</span></p>','customizable-mug','','','','Customizable mug','','','','');

-- 
-- Definition of ps_product_sale
-- 

CREATE TABLE IF NOT EXISTS `ps_product_sale` (
  `id_product` int(10) unsigned NOT NULL,
  `quantity` int(10) unsigned NOT NULL DEFAULT '0',
  `sale_nbr` int(10) unsigned NOT NULL DEFAULT '0',
  `date_upd` date DEFAULT NULL,
  PRIMARY KEY (`id_product`),
  KEY `quantity` (`quantity`)
) ENGINE=InnoDB DEFAULT CHARSET=utf8mb4;

-- 
-- Dumping data for table ps_product_sale
-- 

INSERT INTO `ps_product_sale`(`id_product`,`quantity`,`sale_nbr`,`date_upd`) VALUES
(1,1,1,'2021-04-21 00:00:00'),
(2,1,1,'2021-04-21 00:00:00'),
(4,2,1,'2021-04-21 00:00:00'),
(8,1,1,'2021-04-21 00:00:00'),
(10,1,1,'2021-04-21 00:00:00'),
(16,2,2,'2021-04-21 00:00:00');

-- 
-- Definition of ps_product_shop
-- 

CREATE TABLE IF NOT EXISTS `ps_product_shop` (
  `id_product` int(10) unsigned NOT NULL,
  `id_shop` int(10) unsigned NOT NULL,
  `id_category_default` int(10) unsigned DEFAULT NULL,
  `id_tax_rules_group` int(11) unsigned NOT NULL,
  `on_sale` tinyint(1) unsigned NOT NULL DEFAULT '0',
  `online_only` tinyint(1) unsigned NOT NULL DEFAULT '0',
  `ecotax` decimal(17,6) NOT NULL DEFAULT '0.000000',
  `minimal_quantity` int(10) unsigned NOT NULL DEFAULT '1',
  `low_stock_threshold` int(10) DEFAULT NULL,
  `low_stock_alert` tinyint(1) NOT NULL DEFAULT '0',
  `price` decimal(20,6) NOT NULL DEFAULT '0.000000',
  `wholesale_price` decimal(20,6) NOT NULL DEFAULT '0.000000',
  `unity` varchar(255) DEFAULT NULL,
  `unit_price_ratio` decimal(20,6) NOT NULL DEFAULT '0.000000',
  `additional_shipping_cost` decimal(20,6) NOT NULL DEFAULT '0.000000',
  `customizable` tinyint(2) NOT NULL DEFAULT '0',
  `uploadable_files` tinyint(4) NOT NULL DEFAULT '0',
  `text_fields` tinyint(4) NOT NULL DEFAULT '0',
  `active` tinyint(1) unsigned NOT NULL DEFAULT '0',
  `redirect_type` enum('','404','301-product','302-product','301-category','302-category') NOT NULL DEFAULT '',
  `id_type_redirected` int(10) unsigned NOT NULL DEFAULT '0',
  `available_for_order` tinyint(1) NOT NULL DEFAULT '1',
  `available_date` date DEFAULT NULL,
  `show_condition` tinyint(1) NOT NULL DEFAULT '1',
  `condition` enum('new','used','refurbished') NOT NULL DEFAULT 'new',
  `show_price` tinyint(1) NOT NULL DEFAULT '1',
  `indexed` tinyint(1) NOT NULL DEFAULT '0',
  `visibility` enum('both','catalog','search','none') NOT NULL DEFAULT 'both',
  `cache_default_attribute` int(10) unsigned DEFAULT NULL,
  `advanced_stock_management` tinyint(1) NOT NULL DEFAULT '0',
  `date_add` datetime NOT NULL,
  `date_upd` datetime NOT NULL,
  `pack_stock_type` int(11) unsigned NOT NULL DEFAULT '3',
  PRIMARY KEY (`id_product`,`id_shop`),
  KEY `id_category_default` (`id_category_default`),
  KEY `date_add` (`date_add`,`active`,`visibility`),
  KEY `indexed` (`indexed`,`active`,`id_product`)
) ENGINE=InnoDB DEFAULT CHARSET=utf8mb4;

-- 
-- Dumping data for table ps_product_shop
-- 

INSERT INTO `ps_product_shop`(`id_product`,`id_shop`,`id_category_default`,`id_tax_rules_group`,`on_sale`,`online_only`,`ecotax`,`minimal_quantity`,`low_stock_threshold`,`low_stock_alert`,`price`,`wholesale_price`,`unity`,`unit_price_ratio`,`additional_shipping_cost`,`customizable`,`uploadable_files`,`text_fields`,`active`,`redirect_type`,`id_type_redirected`,`available_for_order`,`available_date`,`show_condition`,`condition`,`show_price`,`indexed`,`visibility`,`cache_default_attribute`,`advanced_stock_management`,`date_add`,`date_upd`,`pack_stock_type`) VALUES
(1,1,4,1,0,0,0.000000,1,NULL,0,23.900000,0.000000,'',0.000000,0.000000,0,0,0,1,'301-category',0,1,'0001-01-01 00:00:00',0,'new',1,1,'both',0,0,'2021-04-12 15:59:21','2021-05-20 09:08:37',3),
(2,1,16,1,0,0,0.000000,1,NULL,0,30.082645,0.000000,'',0.000000,0.000000,0,0,0,1,'404',0,1,'0001-01-01 00:00:00',0,'new',1,1,'both',0,0,'2021-04-12 15:59:21','2021-05-24 09:04:30',3),
(3,1,16,1,0,0,0.000000,1,NULL,0,30.082645,0.000000,'',0.000000,0.000000,0,0,0,1,'301-category',0,1,'0001-01-01 00:00:00',0,'new',1,1,'both',0,0,'2021-04-12 15:59:21','2021-05-24 13:20:50',3),
(4,1,18,1,0,0,0.000000,1,NULL,0,29.000000,0.000000,'',0.000000,0.000000,0,0,0,1,'404',0,1,'0001-01-01 00:00:00',0,'new',1,1,'both',0,0,'2021-04-12 15:59:21','2021-05-27 17:18:00',3),
(5,1,9,1,0,0,0.000000,1,NULL,0,29.000000,0.000000,'',0.000000,0.000000,0,0,0,1,'301-category',0,1,'0001-01-01 00:00:00',0,'new',1,1,'both',0,0,'2021-04-12 15:59:21','2021-05-27 17:14:43',3),
(6,1,8,1,0,0,0.000000,1,NULL,0,11.900000,0.000000,'',0.000000,0.000000,0,0,0,1,'301-category',0,1,'0001-01-01 00:00:00',0,'new',1,1,'both',0,0,'2021-04-12 15:59:21','2021-05-27 17:14:43',3),
(7,1,8,1,0,0,0.000000,1,NULL,0,11.900000,0.000000,'',0.000000,0.000000,0,0,0,1,'301-category',0,1,'0001-01-01 00:00:00',0,'new',1,1,'both',0,0,'2021-04-12 15:59:21','2021-05-27 17:14:43',3),
(8,1,8,1,0,0,0.000000,1,NULL,0,11.900000,0.000000,'',0.000000,0.000000,0,0,0,1,'404',0,1,'0001-01-01 00:00:00',0,'new',1,1,'both',0,0,'2021-04-12 15:59:21','2021-05-27 17:14:43',3),
(9,1,8,1,0,0,0.000000,1,NULL,0,18.900000,0.000000,'',0.000000,0.000000,0,0,0,1,'301-category',0,1,'0001-01-01 00:00:00',0,'new',1,1,'both',0,0,'2021-04-12 15:59:21','2021-05-27 17:14:43',3),
(10,1,8,1,0,0,0.000000,1,NULL,0,18.900000,0.000000,'',0.000000,0.000000,0,0,0,1,'301-category',0,1,'0001-01-01 00:00:00',0,'new',1,1,'both',0,0,'2021-04-12 15:59:21','2021-05-27 17:14:43',3),
(11,1,8,1,0,0,0.000000,1,NULL,0,18.900000,0.000000,'',0.000000,0.000000,0,0,0,1,'301-category',0,1,'0001-01-01 00:00:00',0,'new',1,1,'both',0,0,'2021-04-12 15:59:21','2021-05-27 17:14:43',3),
(12,1,9,1,0,0,0.000000,1,NULL,0,9.000000,0.000000,'',0.000000,0.000000,0,0,0,1,'301-category',0,1,'0001-01-01 00:00:00',0,'new',1,1,'both',0,0,'2021-04-12 15:59:21','2021-05-27 17:14:43',3),
(13,1,9,1,0,0,0.000000,1,NULL,0,9.000000,0.000000,'',0.000000,0.000000,0,0,0,1,'301-category',0,1,'0001-01-01 00:00:00',0,'new',1,1,'both',0,0,'2021-04-12 15:59:21','2021-05-27 17:14:43',3),
(14,1,9,1,0,0,0.000000,1,NULL,0,9.000000,0.000000,'',0.000000,0.000000,0,0,0,1,'301-category',0,1,'0001-01-01 00:00:00',0,'new',1,1,'both',0,0,'2021-04-12 15:59:21','2021-05-27 17:14:43',3),
(15,1,8,1,0,0,0.000000,1,NULL,0,35.000000,0.000000,'',0.000000,0.000000,0,0,0,1,'301-category',0,1,'0001-01-01 00:00:00',0,'new',1,1,'both',0,0,'2021-04-12 15:59:21','2021-05-27 17:14:43',3),
(16,1,7,1,0,0,0.000000,1,NULL,0,12.900000,0.000000,'',0.000000,0.000000,0,0,0,1,'301-category',0,1,'0001-01-01 00:00:00',0,'new',1,1,'both',0,0,'2021-04-12 15:59:21','2021-05-27 17:14:43',3),
(17,1,7,1,0,0,0.000000,1,NULL,0,12.900000,0.000000,'',0.000000,0.000000,0,0,0,1,'301-category',0,1,'0001-01-01 00:00:00',0,'new',1,1,'both',0,0,'2021-04-12 15:59:21','2021-05-27 17:14:43',3),
(18,1,7,1,0,0,0.000000,1,NULL,0,12.900000,0.000000,'',0.000000,0.000000,0,0,0,1,'301-category',0,1,'0001-01-01 00:00:00',0,'new',1,1,'both',0,0,'2021-04-12 15:59:21','2021-05-27 17:14:43',3),
(19,1,8,1,0,0,0.000000,1,NULL,0,13.900000,0.000000,'',0.000000,0.000000,2,0,1,1,'301-category',0,1,'0001-01-01 00:00:00',0,'new',1,1,'both',0,0,'2021-04-12 15:59:21','2021-05-27 17:14:43',3);

-- 
-- Definition of ps_product_supplier
-- 

CREATE TABLE IF NOT EXISTS `ps_product_supplier` (
  `id_product_supplier` int(11) unsigned NOT NULL AUTO_INCREMENT,
  `id_product` int(11) unsigned NOT NULL,
  `id_product_attribute` int(11) unsigned NOT NULL DEFAULT '0',
  `id_supplier` int(11) unsigned NOT NULL,
  `product_supplier_reference` varchar(64) DEFAULT NULL,
  `product_supplier_price_te` decimal(20,6) NOT NULL DEFAULT '0.000000',
  `id_currency` int(11) unsigned NOT NULL,
  PRIMARY KEY (`id_product_supplier`),
  UNIQUE KEY `id_product` (`id_product`,`id_product_attribute`,`id_supplier`),
  KEY `id_supplier` (`id_supplier`,`id_product`)
) ENGINE=InnoDB DEFAULT CHARSET=utf8mb4;

-- 
-- Dumping data for table ps_product_supplier
-- 



-- 
-- Definition of ps_product_tag
-- 

CREATE TABLE IF NOT EXISTS `ps_product_tag` (
  `id_product` int(10) unsigned NOT NULL,
  `id_tag` int(10) unsigned NOT NULL,
  `id_lang` int(10) unsigned NOT NULL,
  PRIMARY KEY (`id_product`,`id_tag`),
  KEY `id_tag` (`id_tag`),
  KEY `id_lang` (`id_lang`,`id_tag`)
) ENGINE=InnoDB DEFAULT CHARSET=utf8mb4;

-- 
-- Dumping data for table ps_product_tag
-- 



-- 
-- Definition of ps_profile
-- 

CREATE TABLE IF NOT EXISTS `ps_profile` (
  `id_profile` int(10) unsigned NOT NULL AUTO_INCREMENT,
  PRIMARY KEY (`id_profile`)
) ENGINE=InnoDB AUTO_INCREMENT=5 DEFAULT CHARSET=utf8mb4;

-- 
-- Dumping data for table ps_profile
-- 

INSERT INTO `ps_profile`(`id_profile`) VALUES
(1),
(2),
(3),
(4);

-- 
-- Definition of ps_profile_lang
-- 

CREATE TABLE IF NOT EXISTS `ps_profile_lang` (
  `id_lang` int(10) unsigned NOT NULL,
  `id_profile` int(10) unsigned NOT NULL,
  `name` varchar(128) NOT NULL,
  PRIMARY KEY (`id_profile`,`id_lang`)
) ENGINE=InnoDB DEFAULT CHARSET=utf8mb4;

-- 
-- Dumping data for table ps_profile_lang
-- 

INSERT INTO `ps_profile_lang`(`id_lang`,`id_profile`,`name`) VALUES
(1,1,'SuperAdmin'),
(1,2,'Encargado de logística'),
(1,3,'Traductor'),
(1,4,'Vendedor');

-- 
-- Definition of ps_pscheckout_cart
-- 

CREATE TABLE IF NOT EXISTS `ps_pscheckout_cart` (
  `id_pscheckout_cart` int(10) unsigned NOT NULL AUTO_INCREMENT,
  `id_cart` int(10) unsigned NOT NULL,
  `paypal_intent` varchar(20) DEFAULT 'CAPTURE',
  `paypal_order` varchar(20) DEFAULT NULL,
  `paypal_status` varchar(20) DEFAULT NULL,
  `paypal_funding` varchar(20) DEFAULT NULL,
  `paypal_token` text,
  `paypal_token_expire` datetime DEFAULT NULL,
  `paypal_authorization_expire` datetime DEFAULT NULL,
  `isExpressCheckout` tinyint(1) unsigned NOT NULL DEFAULT '0',
  `isHostedFields` tinyint(1) unsigned NOT NULL DEFAULT '0',
  `date_add` datetime NOT NULL,
  `date_upd` datetime NOT NULL,
  PRIMARY KEY (`id_pscheckout_cart`)
) ENGINE=InnoDB DEFAULT CHARSET=utf8;

-- 
-- Dumping data for table ps_pscheckout_cart
-- 



-- 
-- Definition of ps_pscheckout_funding_source
-- 

CREATE TABLE IF NOT EXISTS `ps_pscheckout_funding_source` (
  `name` varchar(20) NOT NULL,
  `active` tinyint(1) unsigned NOT NULL DEFAULT '0',
  `position` tinyint(2) unsigned NOT NULL,
  `id_shop` int(10) unsigned NOT NULL,
  PRIMARY KEY (`name`,`id_shop`),
  KEY `id_shop` (`id_shop`)
) ENGINE=InnoDB DEFAULT CHARSET=utf8;

-- 
-- Dumping data for table ps_pscheckout_funding_source
-- 



-- 
-- Definition of ps_pscheckout_order_matrice
-- 

CREATE TABLE IF NOT EXISTS `ps_pscheckout_order_matrice` (
  `id_order_matrice` int(10) unsigned NOT NULL AUTO_INCREMENT,
  `id_order_prestashop` int(10) unsigned NOT NULL,
  `id_order_paypal` varchar(20) NOT NULL,
  PRIMARY KEY (`id_order_matrice`)
) ENGINE=InnoDB DEFAULT CHARSET=utf8;

-- 
-- Dumping data for table ps_pscheckout_order_matrice
-- 



-- 
-- Definition of ps_psgdpr_consent
-- 

CREATE TABLE IF NOT EXISTS `ps_psgdpr_consent` (
  `id_gdpr_consent` int(10) unsigned NOT NULL AUTO_INCREMENT,
  `id_module` int(10) unsigned NOT NULL,
  `active` int(10) NOT NULL,
  `error` int(10) DEFAULT NULL,
  `error_message` text,
  `date_add` datetime NOT NULL,
  `date_upd` datetime NOT NULL,
  PRIMARY KEY (`id_gdpr_consent`,`id_module`)
) ENGINE=InnoDB DEFAULT CHARSET=utf8;

-- 
-- Dumping data for table ps_psgdpr_consent
-- 



-- 
-- Definition of ps_psgdpr_consent_lang
-- 

CREATE TABLE IF NOT EXISTS `ps_psgdpr_consent_lang` (
  `id_gdpr_consent` int(10) unsigned NOT NULL AUTO_INCREMENT,
  `id_lang` int(10) unsigned NOT NULL,
  `message` text,
  `id_shop` int(10) unsigned NOT NULL,
  PRIMARY KEY (`id_gdpr_consent`,`id_lang`,`id_shop`)
) ENGINE=InnoDB DEFAULT CHARSET=utf8;

-- 
-- Dumping data for table ps_psgdpr_consent_lang
-- 



-- 
-- Definition of ps_psgdpr_log
-- 

CREATE TABLE IF NOT EXISTS `ps_psgdpr_log` (
  `id_gdpr_log` int(10) unsigned NOT NULL AUTO_INCREMENT,
  `id_customer` int(10) unsigned DEFAULT NULL,
  `id_guest` int(10) unsigned DEFAULT NULL,
  `client_name` varchar(250) DEFAULT NULL,
  `id_module` int(10) unsigned NOT NULL,
  `request_type` int(10) NOT NULL,
  `date_add` datetime NOT NULL,
  `date_upd` datetime NOT NULL,
  PRIMARY KEY (`id_gdpr_log`)
) ENGINE=InnoDB DEFAULT CHARSET=utf8;

-- 
-- Dumping data for table ps_psgdpr_log
-- 



-- 
-- Definition of ps_psreassurance
-- 

CREATE TABLE IF NOT EXISTS `ps_psreassurance` (
  `id_psreassurance` int(10) unsigned NOT NULL AUTO_INCREMENT,
  `icon` varchar(255) DEFAULT NULL,
  `custom_icon` varchar(255) DEFAULT NULL,
  `status` int(10) unsigned NOT NULL,
  `position` int(10) unsigned NOT NULL,
  `id_shop` int(10) unsigned NOT NULL,
  `type_link` int(10) unsigned DEFAULT NULL,
  `id_cms` int(10) unsigned DEFAULT NULL,
  `date_add` datetime NOT NULL,
  `date_upd` datetime DEFAULT NULL,
  PRIMARY KEY (`id_psreassurance`)
) ENGINE=InnoDB AUTO_INCREMENT=4 DEFAULT CHARSET=utf8;

-- 
-- Dumping data for table ps_psreassurance
-- 

INSERT INTO `ps_psreassurance`(`id_psreassurance`,`icon`,`custom_icon`,`status`,`position`,`id_shop`,`type_link`,`id_cms`,`date_add`,`date_upd`) VALUES
(1,'/trabajo/MUCHAS/modules/blockreassurance/views/img/reassurance/pack2/security.svg',NULL,1,1,1,NULL,NULL,'2021-04-12 15:58:51',NULL),
(2,'/trabajo/MUCHAS/modules/blockreassurance/views/img/reassurance/pack2/carrier.svg',NULL,1,2,1,NULL,NULL,'2021-04-12 15:58:51',NULL),
(3,'/trabajo/MUCHAS/modules/blockreassurance/views/img/reassurance/pack2/parcel.svg',NULL,1,3,1,NULL,NULL,'2021-04-12 15:58:51',NULL);

-- 
-- Definition of ps_psreassurance_lang
-- 

CREATE TABLE IF NOT EXISTS `ps_psreassurance_lang` (
  `id_psreassurance` int(10) unsigned NOT NULL,
  `id_lang` int(10) unsigned NOT NULL,
  `id_shop` int(10) unsigned NOT NULL,
  `title` varchar(255) NOT NULL,
  `description` varchar(255) NOT NULL,
  `link` varchar(255) NOT NULL,
  PRIMARY KEY (`id_psreassurance`,`id_shop`,`id_lang`)
) ENGINE=InnoDB DEFAULT CHARSET=utf8;

-- 
-- Dumping data for table ps_psreassurance_lang
-- 

INSERT INTO `ps_psreassurance_lang`(`id_psreassurance`,`id_lang`,`id_shop`,`title`,`description`,`link`) VALUES
(1,1,1,'Política de seguridad','(editar con el módulo de Información de seguridad y confianza para el cliente)',''),
(2,1,1,'Política de entrega','(editar con el módulo de Información de seguridad y confianza para el cliente)',''),
(3,1,1,'Política de devolución','(editar con el módulo de Información de seguridad y confianza para el cliente)','');

-- 
-- Definition of ps_quick_access
-- 

CREATE TABLE IF NOT EXISTS `ps_quick_access` (
  `id_quick_access` int(10) unsigned NOT NULL AUTO_INCREMENT,
  `new_window` tinyint(1) NOT NULL DEFAULT '0',
  `link` varchar(255) NOT NULL,
  PRIMARY KEY (`id_quick_access`)
) ENGINE=InnoDB AUTO_INCREMENT=9 DEFAULT CHARSET=utf8mb4;

-- 
-- Dumping data for table ps_quick_access
-- 

INSERT INTO `ps_quick_access`(`id_quick_access`,`new_window`,`link`) VALUES
(1,0,'index.php?controller=AdminOrders'),
(2,0,'index.php?controller=AdminCartRules&addcart_rule'),
(3,0,'index.php/sell/catalog/products/new'),
(4,0,'index.php/sell/catalog/categories/new'),
(5,0,'index.php/improve/modules/manage'),
(6,0,'index.php?controller=AdminStats&module=statscheckup'),
(7,0,'index.php/configure/advanced/performance/?-qixt3i7GA2zGAg1jD8-cgB4p2uFNXA_zFQw0'),
(8,0,'index.php?controller=AdminModules&configure=imaxhomebanners');

-- 
-- Definition of ps_quick_access_lang
-- 

CREATE TABLE IF NOT EXISTS `ps_quick_access_lang` (
  `id_quick_access` int(10) unsigned NOT NULL,
  `id_lang` int(10) unsigned NOT NULL,
  `name` varchar(32) NOT NULL,
  PRIMARY KEY (`id_quick_access`,`id_lang`)
) ENGINE=InnoDB DEFAULT CHARSET=utf8mb4;

-- 
-- Dumping data for table ps_quick_access_lang
-- 

INSERT INTO `ps_quick_access_lang`(`id_quick_access`,`id_lang`,`name`) VALUES
(1,1,'Pedidos'),
(2,1,'Nuevo cupón de descuento'),
(3,1,'Nuevo'),
(4,1,'Nueva categoría'),
(5,1,'Módulos instalados'),
(6,1,'Evaluación del catálogo'),
(7,1,'Rendimiento'),
(8,1,'imaxhomebanners');

-- 
-- Definition of ps_range_price
-- 

CREATE TABLE IF NOT EXISTS `ps_range_price` (
  `id_range_price` int(10) unsigned NOT NULL AUTO_INCREMENT,
  `id_carrier` int(10) unsigned NOT NULL,
  `delimiter1` decimal(20,6) NOT NULL,
  `delimiter2` decimal(20,6) NOT NULL,
  PRIMARY KEY (`id_range_price`),
  UNIQUE KEY `id_carrier` (`id_carrier`,`delimiter1`,`delimiter2`)
) ENGINE=InnoDB AUTO_INCREMENT=5 DEFAULT CHARSET=utf8mb4;

-- 
-- Dumping data for table ps_range_price
-- 

INSERT INTO `ps_range_price`(`id_range_price`,`id_carrier`,`delimiter1`,`delimiter2`) VALUES
(1,2,0.000000,10000.000000),
(2,3,0.000000,50.000000),
(3,3,50.000000,100.000000),
(4,3,100.000000,200.000000);

-- 
-- Definition of ps_range_weight
-- 

CREATE TABLE IF NOT EXISTS `ps_range_weight` (
  `id_range_weight` int(10) unsigned NOT NULL AUTO_INCREMENT,
  `id_carrier` int(10) unsigned NOT NULL,
  `delimiter1` decimal(20,6) NOT NULL,
  `delimiter2` decimal(20,6) NOT NULL,
  PRIMARY KEY (`id_range_weight`),
  UNIQUE KEY `id_carrier` (`id_carrier`,`delimiter1`,`delimiter2`)
) ENGINE=InnoDB AUTO_INCREMENT=5 DEFAULT CHARSET=utf8mb4;

-- 
-- Dumping data for table ps_range_weight
-- 

INSERT INTO `ps_range_weight`(`id_range_weight`,`id_carrier`,`delimiter1`,`delimiter2`) VALUES
(1,2,0.000000,10000.000000),
(2,4,0.000000,1.000000),
(3,4,1.000000,3.000000),
(4,4,3.000000,10000.000000);

-- 
-- Definition of ps_referrer
-- 

CREATE TABLE IF NOT EXISTS `ps_referrer` (
  `id_referrer` int(10) unsigned NOT NULL AUTO_INCREMENT,
  `name` varchar(64) NOT NULL,
  `passwd` varchar(255) DEFAULT NULL,
  `http_referer_regexp` varchar(64) DEFAULT NULL,
  `http_referer_like` varchar(64) DEFAULT NULL,
  `request_uri_regexp` varchar(64) DEFAULT NULL,
  `request_uri_like` varchar(64) DEFAULT NULL,
  `http_referer_regexp_not` varchar(64) DEFAULT NULL,
  `http_referer_like_not` varchar(64) DEFAULT NULL,
  `request_uri_regexp_not` varchar(64) DEFAULT NULL,
  `request_uri_like_not` varchar(64) DEFAULT NULL,
  `base_fee` decimal(5,2) NOT NULL DEFAULT '0.00',
  `percent_fee` decimal(5,2) NOT NULL DEFAULT '0.00',
  `click_fee` decimal(5,2) NOT NULL DEFAULT '0.00',
  `date_add` datetime NOT NULL,
  PRIMARY KEY (`id_referrer`)
) ENGINE=InnoDB DEFAULT CHARSET=utf8mb4;

-- 
-- Dumping data for table ps_referrer
-- 



-- 
-- Definition of ps_referrer_cache
-- 

CREATE TABLE IF NOT EXISTS `ps_referrer_cache` (
  `id_connections_source` int(11) unsigned NOT NULL,
  `id_referrer` int(11) unsigned NOT NULL,
  PRIMARY KEY (`id_connections_source`,`id_referrer`)
) ENGINE=InnoDB DEFAULT CHARSET=utf8mb4;

-- 
-- Dumping data for table ps_referrer_cache
-- 



-- 
-- Definition of ps_referrer_shop
-- 

CREATE TABLE IF NOT EXISTS `ps_referrer_shop` (
  `id_referrer` int(10) unsigned NOT NULL AUTO_INCREMENT,
  `id_shop` int(10) unsigned NOT NULL DEFAULT '1',
  `cache_visitors` int(11) DEFAULT NULL,
  `cache_visits` int(11) DEFAULT NULL,
  `cache_pages` int(11) DEFAULT NULL,
  `cache_registrations` int(11) DEFAULT NULL,
  `cache_orders` int(11) DEFAULT NULL,
  `cache_sales` decimal(17,2) DEFAULT NULL,
  `cache_reg_rate` decimal(5,4) DEFAULT NULL,
  `cache_order_rate` decimal(5,4) DEFAULT NULL,
  PRIMARY KEY (`id_referrer`,`id_shop`)
) ENGINE=InnoDB DEFAULT CHARSET=utf8mb4;

-- 
-- Dumping data for table ps_referrer_shop
-- 



-- 
-- Definition of ps_request_sql
-- 

CREATE TABLE IF NOT EXISTS `ps_request_sql` (
  `id_request_sql` int(11) NOT NULL AUTO_INCREMENT,
  `name` varchar(200) NOT NULL,
  `sql` text NOT NULL,
  PRIMARY KEY (`id_request_sql`)
) ENGINE=InnoDB DEFAULT CHARSET=utf8mb4;

-- 
-- Dumping data for table ps_request_sql
-- 



-- 
-- Definition of ps_required_field
-- 

CREATE TABLE IF NOT EXISTS `ps_required_field` (
  `id_required_field` int(11) NOT NULL AUTO_INCREMENT,
  `object_name` varchar(32) NOT NULL,
  `field_name` varchar(32) NOT NULL,
  PRIMARY KEY (`id_required_field`),
  KEY `object_name` (`object_name`)
) ENGINE=InnoDB DEFAULT CHARSET=utf8mb4;

-- 
-- Dumping data for table ps_required_field
-- 



-- 
-- Definition of ps_risk
-- 

CREATE TABLE IF NOT EXISTS `ps_risk` (
  `id_risk` int(11) unsigned NOT NULL AUTO_INCREMENT,
  `percent` tinyint(3) NOT NULL,
  `color` varchar(32) DEFAULT NULL,
  PRIMARY KEY (`id_risk`)
) ENGINE=InnoDB AUTO_INCREMENT=5 DEFAULT CHARSET=utf8mb4;

-- 
-- Dumping data for table ps_risk
-- 

INSERT INTO `ps_risk`(`id_risk`,`percent`,`color`) VALUES
(1,0,'#32CD32'),
(2,35,'#FF8C00'),
(3,75,'#DC143C'),
(4,100,'#ec2e15');

-- 
-- Definition of ps_risk_lang
-- 

CREATE TABLE IF NOT EXISTS `ps_risk_lang` (
  `id_risk` int(10) unsigned NOT NULL,
  `id_lang` int(10) unsigned NOT NULL,
  `name` varchar(20) NOT NULL,
  PRIMARY KEY (`id_risk`,`id_lang`),
  KEY `id_risk` (`id_risk`)
) ENGINE=InnoDB DEFAULT CHARSET=utf8mb4;

-- 
-- Dumping data for table ps_risk_lang
-- 

INSERT INTO `ps_risk_lang`(`id_risk`,`id_lang`,`name`) VALUES
(1,1,'Ninguno'),
(2,1,'Baja'),
(3,1,'Medio'),
(4,1,'Alto');

-- 
-- Definition of ps_search_engine
-- 

CREATE TABLE IF NOT EXISTS `ps_search_engine` (
  `id_search_engine` int(10) unsigned NOT NULL AUTO_INCREMENT,
  `server` varchar(64) NOT NULL,
  `getvar` varchar(16) NOT NULL,
  PRIMARY KEY (`id_search_engine`)
) ENGINE=InnoDB AUTO_INCREMENT=39 DEFAULT CHARSET=utf8mb4;

-- 
-- Dumping data for table ps_search_engine
-- 

INSERT INTO `ps_search_engine`(`id_search_engine`,`server`,`getvar`) VALUES
(1,'google','q'),
(2,'aol','q'),
(3,'yandex','text'),
(4,'ask.com','q'),
(5,'nhl.com','q'),
(6,'yahoo','p'),
(7,'baidu','wd'),
(8,'lycos','query'),
(9,'exalead','q'),
(10,'search.live','q'),
(11,'voila','rdata'),
(12,'altavista','q'),
(13,'bing','q'),
(14,'daum','q'),
(15,'eniro','search_word'),
(16,'naver','query'),
(17,'msn','q'),
(18,'netscape','query'),
(19,'cnn','query'),
(20,'about','terms'),
(21,'mamma','query'),
(22,'alltheweb','q'),
(23,'virgilio','qs'),
(24,'alice','qs'),
(25,'najdi','q'),
(26,'mama','query'),
(27,'seznam','q'),
(28,'onet','qt'),
(29,'szukacz','q'),
(30,'yam','k'),
(31,'pchome','q'),
(32,'kvasir','q'),
(33,'sesam','q'),
(34,'ozu','q'),
(35,'terra','query'),
(36,'mynet','q'),
(37,'ekolay','q'),
(38,'rambler','words');

-- 
-- Definition of ps_search_index
-- 

CREATE TABLE IF NOT EXISTS `ps_search_index` (
  `id_product` int(11) unsigned NOT NULL,
  `id_word` int(11) unsigned NOT NULL,
  `weight` smallint(4) unsigned NOT NULL DEFAULT '1',
  PRIMARY KEY (`id_word`,`id_product`),
  KEY `id_product` (`id_product`,`weight`)
) ENGINE=InnoDB DEFAULT CHARSET=utf8mb4;

-- 
-- Dumping data for table ps_search_index
-- 

INSERT INTO `ps_search_index`(`id_product`,`id_word`,`weight`) VALUES
(1,1504,1),
(1,1505,1),
(1,1506,1),
(1,1507,1),
(1,1510,1),
(1,1511,1),
(1,1512,1),
(1,1513,1),
(1,1514,1),
(1,1515,1),
(1,1516,1),
(1,1517,1),
(1,1518,1),
(1,1519,1),
(1,1520,1),
(1,1521,1),
(1,1522,1),
(1,1523,1),
(1,1524,1),
(1,1525,1),
(1,1526,1),
(1,1527,1),
(1,1528,1),
(1,1529,1),
(1,1530,1),
(1,1531,1),
(1,1532,1),
(1,1533,1),
(1,1534,1),
(1,1535,1),
(1,1536,1),
(1,1537,1),
(1,1538,1),
(1,1539,1),
(1,1540,1),
(1,1541,1),
(1,1542,1),
(1,1543,1),
(1,1544,1),
(1,1545,1),
(1,1546,1),
(1,1547,1),
(1,1548,1),
(1,1549,1),
(1,1550,1),
(1,1553,2),
(1,1554,2),
(1,1555,2),
(1,1508,3),
(1,1509,3),
(1,1551,3),
(1,1552,3),
(1,1498,6),
(1,1499,6),
(1,1501,6),
(1,1502,6),
(1,1497,7),
(1,1500,9),
(1,1503,90),
(2,1504,1),
(2,1505,1),
(2,1506,1),
(2,1507,1),
(2,1511,1),
(2,1515,1),
(2,1518,1),
(2,1520,1),
(2,1524,1),
(2,1525,1),
(2,1526,1),
(2,1527,1),
(2,1528,1),
(2,1529,1),
(2,1530,1),
(2,1531,1),
(2,1532,1),
(2,1533,1),
(2,1534,1),
(2,1535,1),
(2,1536,1),
(2,1537,1),
(2,1538,1),
(2,1539,1),
(2,1540,1),
(2,1541,1),
(2,1542,1),
(2,1543,1),
(2,1544,1),
(2,1545,1),
(2,1546,1),
(2,1547,1),
(2,1548,1),
(2,1549,1),
(2,1550,1),
(2,1557,1),
(2,1558,1),
(2,1559,1),
(2,1560,1),
(2,1561,1),
(2,1562,1),
(2,1555,2),
(2,1509,3),
(2,1512,3),
(2,1644,3),
(2,1645,3),
(2,2265,3),
(2,2266,3),
(2,2313,6),
(2,1503,10),
(3,1498,1),
(3,1518,1),
(3,1520,1),
(3,1531,1),
(3,1561,1),
(3,1609,1),
(3,1612,1),
(3,1613,1),
(3,1614,1),
(3,1615,1),
(3,1616,1),
(3,1617,1),
(3,1618,1),
(3,1619,1),
(3,1620,1),
(3,1621,1),
(3,1622,1),
(3,1623,1),
(3,1624,1),
(3,1625,1),
(3,1626,1),
(3,1627,1),
(3,1628,1),
(3,1629,1),
(3,1630,1),
(3,1631,1),
(3,1632,1),
(3,1633,1),
(3,1634,1),
(3,1635,1),
(3,1636,1),
(3,1637,1),
(3,1638,1),
(3,1639,1),
(3,1640,1),
(3,1641,1),
(3,1642,1),
(3,1643,1),
(3,2631,2),
(3,1610,3),
(3,1611,3),
(3,1644,3),
(3,1645,3),
(3,1646,3),
(3,1647,3),
(3,1605,6),
(3,1606,6),
(3,1607,6),
(3,1608,6),
(3,1503,10),
(4,1498,1),
(4,1518,1),
(4,1520,1),
(4,1531,1),
(4,1561,1),
(4,1609,1),
(4,1612,1),
(4,1613,1),
(4,1614,1),
(4,1615,1),
(4,1616,1),
(4,1617,1),
(4,1618,1),
(4,1619,1),
(4,1620,1),
(4,1621,1),
(4,1622,1),
(4,1623,1),
(4,1624,1),
(4,1625,1),
(4,1626,1),
(4,1627,1),
(4,1628,1),
(4,1629,1),
(4,1630,1),
(4,1631,1),
(4,1632,1),
(4,1633,1),
(4,1634,1),
(4,1635,1),
(4,1636,1),
(4,1637,1),
(4,1638,1),
(4,1639,1),
(4,1640,1),
(4,1641,1),
(4,1642,1),
(4,1643,1),
(4,1659,1),
(4,1611,2),
(4,1610,3),
(4,2632,3),
(4,2633,3),
(4,2680,3),
(4,2774,6),
(4,2775,6),
(4,2776,6),
(4,1503,10),
(5,1498,1),
(5,1518,1),
(5,1520,1),
(5,1561,1),
(5,1609,1),
(5,1612,1),
(5,1613,1),
(5,1614,1),
(5,1615,1),
(5,1616,1),
(5,1617,1),
(5,1618,1),
(5,1619,1),
(5,1620,1),
(5,1623,1),
(5,1624,1),
(5,1625,1),
(5,1626,1),
(5,1627,1),
(5,1628,1),
(5,1629,1),
(5,1630,1),
(5,1631,1),
(5,1632,1),
(5,1633,1),
(5,1634,1),
(5,1635,1),
(5,1636,1),
(5,1637,1),
(5,1638,1),
(5,1639,1),
(5,1640,1),
(5,1641,1),
(5,1642,1),
(5,1643,1),
(5,1659,1),
(5,1531,2),
(5,1648,2),
(5,1649,2),
(5,1650,2),
(5,1551,3),
(5,1552,3),
(5,1610,3),
(5,1611,3),
(5,1660,3),
(5,1707,6),
(5,1708,6),
(5,1709,6),
(5,1621,7),
(5,1622,7),
(5,1503,40),
(6,1531,1),
(6,1709,1),
(6,1759,1),
(6,1761,1),
(6,1762,1),
(6,1763,1),
(6,1764,1),
(6,1765,1),
(6,1766,1),
(6,1767,1),
(6,1768,1),
(6,1769,1),
(6,1770,1),
(6,1771,1),
(6,1772,1),
(6,1773,1),
(6,1774,1),
(6,1775,1),
(6,1524,3),
(6,1525,3),
(6,1760,3),
(6,1776,3),
(6,1777,3),
(6,1520,7),
(6,1614,7),
(6,1615,7),
(6,1616,7),
(6,1758,7),
(6,1503,10),
(7,1531,1),
(7,1709,1),
(7,1759,1),
(7,1761,1),
(7,1767,1),
(7,1768,1),
(7,1769,1),
(7,1770,1),
(7,1771,1),
(7,1772,1),
(7,1773,1),
(7,1774,1),
(7,1775,1),
(7,1787,1),
(7,1788,1),
(7,1789,1),
(7,1790,1),
(7,1791,1),
(7,1524,3),
(7,1525,3),
(7,1760,3),
(7,1776,3),
(7,1777,3),
(7,1520,7),
(7,1657,7),
(7,1658,7),
(7,1758,7),
(7,1503,10),
(8,1518,1),
(8,1520,1),
(8,1618,1),
(8,1625,1),
(8,1759,1),
(8,1761,1),
(8,1762,1),
(8,1767,1),
(8,1768,1),
(8,1769,1),
(8,1770,1),
(8,1771,1),
(8,1772,1),
(8,1773,1),
(8,1774,1),
(8,1775,1),
(8,1788,1),
(8,1815,1),
(8,1816,1),
(8,1817,1),
(8,1818,1),
(8,1524,3),
(8,1525,3),
(8,1760,3),
(8,1776,3),
(8,1777,3),
(8,1707,6),
(8,1708,7),
(8,1709,7),
(8,1758,7),
(8,1503,10),
(9,1515,1),
(9,1531,1),
(9,1532,1),
(9,1551,1),
(9,1557,1),
(9,1618,1),
(9,1626,1),
(9,1815,1),
(9,1816,1),
(9,1851,1),
(9,1852,1),
(9,1853,1),
(9,1854,1),
(9,1855,1),
(9,1856,1),
(9,1857,1),
(9,1858,1),
(9,1859,1),
(9,1860,1),
(9,1861,1),
(9,1862,1),
(9,1863,1),
(9,1864,1),
(9,1865,1),
(9,1866,1),
(9,1867,1),
(9,1868,1),
(9,1869,1),
(9,1518,2),
(9,1520,2),
(9,1553,2),
(9,1554,2),
(9,1870,2),
(9,1524,3),
(9,1525,3),
(9,1776,3),
(9,1777,3),
(9,1849,3),
(9,1850,4),
(9,1846,7),
(9,1847,7),
(9,1848,8),
(9,1503,30),
(10,1515,1),
(10,1531,1),
(10,1532,1),
(10,1551,1),
(10,1557,1),
(10,1618,1),
(10,1626,1),
(10,1815,1),
(10,1816,1),
(10,1851,1),
(10,1852,1),
(10,1853,1),
(10,1854,1),
(10,1855,1),
(10,1856,1),
(10,1857,1),
(10,1858,1),
(10,1859,1),
(10,1860,1),
(10,1861,1),
(10,1862,1),
(10,1863,1),
(10,1864,1),
(10,1865,1),
(10,1866,1),
(10,1867,1),
(10,1868,1),
(10,1869,1),
(10,1518,2),
(10,1520,2),
(10,1553,2),
(10,1554,2),
(10,1870,2),
(10,1524,3),
(10,1525,3),
(10,1776,3),
(10,1777,3),
(10,1849,3),
(10,1850,4),
(10,1889,7),
(10,1890,7),
(10,1848,8),
(10,1503,30),
(11,1515,1),
(11,1531,1),
(11,1532,1),
(11,1551,1),
(11,1557,1),
(11,1618,1),
(11,1626,1),
(11,1815,1),
(11,1816,1),
(11,1851,1),
(11,1852,1),
(11,1853,1),
(11,1854,1),
(11,1855,1),
(11,1856,1),
(11,1857,1),
(11,1858,1),
(11,1859,1),
(11,1860,1),
(11,1861,1),
(11,1862,1),
(11,1863,1),
(11,1864,1),
(11,1865,1),
(11,1866,1),
(11,1867,1),
(11,1868,1),
(11,1869,1),
(11,1518,2),
(11,1520,2),
(11,1553,2),
(11,1554,2),
(11,1870,2),
(11,1524,3),
(11,1525,3),
(11,1776,3),
(11,1777,3),
(11,1849,3),
(11,1850,4),
(11,1497,7),
(11,1848,8),
(11,1503,30),
(12,1518,1),
(12,1520,1),
(12,1543,1),
(12,1976,1),
(12,1977,1),
(12,1978,1),
(12,1979,1),
(12,1980,1),
(12,1981,1),
(12,1982,1),
(12,1983,1),
(12,1984,1),
(12,1985,1),
(12,1986,1),
(12,1987,1),
(12,1988,1),
(12,1989,1),
(12,1990,1),
(12,1991,1),
(12,1992,1),
(12,1993,1),
(12,1994,1),
(12,1995,1),
(12,1996,1),
(12,1997,1),
(12,1998,1),
(12,1999,1),
(12,1561,2),
(12,1552,3),
(12,1660,3),
(12,1551,5),
(12,1975,6),
(12,1846,7),
(12,1847,7),
(12,1974,8),
(12,1503,10),
(13,1518,1),
(13,1520,1),
(13,1543,1),
(13,1846,1),
(13,1847,1),
(13,1976,1),
(13,1977,1),
(13,1978,1),
(13,1979,1),
(13,1980,1),
(13,1981,1),
(13,1982,1),
(13,1983,1),
(13,1984,1),
(13,1985,1),
(13,1986,1),
(13,1987,1),
(13,1988,1),
(13,1989,1),
(13,1990,1),
(13,1991,1),
(13,1992,1),
(13,1993,1),
(13,1994,1),
(13,1995,1),
(13,1996,1),
(13,1997,1),
(13,1998,1),
(13,1999,1),
(13,1561,2),
(13,1552,3),
(13,1660,3),
(13,1551,5),
(13,1889,6),
(13,1890,6),
(13,1975,6),
(13,1974,8),
(13,1503,10),
(14,1518,1),
(14,1520,1),
(14,1543,1),
(14,1846,1),
(14,1847,1),
(14,1976,1),
(14,1977,1),
(14,1978,1),
(14,1979,1),
(14,1980,1),
(14,1981,1),
(14,1982,1),
(14,1983,1),
(14,1984,1),
(14,1985,1),
(14,1986,1),
(14,1987,1),
(14,1988,1),
(14,1989,1),
(14,1990,1),
(14,1991,1),
(14,1992,1),
(14,1993,1),
(14,1994,1),
(14,1995,1),
(14,1996,1),
(14,1997,1),
(14,1998,1),
(14,1999,1),
(14,1561,2),
(14,1552,3),
(14,1660,3),
(14,1551,5),
(14,1497,6),
(14,1975,6),
(14,1974,8),
(14,1503,10),
(15,1520,1),
(15,1648,1),
(15,1657,1),
(15,1658,1),
(15,1707,1),
(15,1708,1),
(15,1709,1),
(15,1776,3),
(15,1777,3),
(15,2085,6),
(15,1621,7),
(15,1622,7),
(15,1758,7),
(15,1503,10),
(16,1510,1),
(16,1518,1),
(16,1520,1),
(16,1525,1),
(16,1531,1),
(16,1611,1),
(16,1614,1),
(16,1618,1),
(16,1626,1),
(16,1776,1),
(16,1850,1),
(16,1986,1),
(16,2101,1),
(16,2102,1),
(16,2105,1),
(16,2106,1),
(16,2107,1),
(16,2108,1),
(16,2109,1),
(16,2110,1),
(16,2111,1),
(16,2112,1),
(16,2113,1),
(16,2114,1),
(16,2115,1),
(16,2116,1),
(16,2117,1),
(16,2118,1),
(16,2119,1),
(16,2120,1),
(16,2121,1),
(16,2122,1),
(16,2123,1),
(16,2124,1),
(16,2125,1),
(16,2126,1),
(16,2128,2),
(16,2129,2),
(16,2130,2),
(16,2131,2),
(16,2132,2),
(16,1551,3),
(16,1552,3),
(16,2100,3),
(16,2103,3),
(16,2104,3),
(16,2127,3),
(16,1846,7),
(16,1847,7),
(16,2099,8),
(16,1503,50),
(17,1510,1),
(17,1518,1),
(17,1520,1),
(17,1525,1),
(17,1531,1),
(17,1611,1),
(17,1614,1),
(17,1618,1),
(17,1626,1),
(17,1776,1),
(17,1846,1),
(17,1847,1),
(17,1850,1),
(17,1986,1),
(17,2101,1),
(17,2102,1),
(17,2105,1),
(17,2106,1),
(17,2107,1),
(17,2108,1),
(17,2109,1),
(17,2110,1),
(17,2111,1),
(17,2112,1),
(17,2113,1),
(17,2114,1),
(17,2115,1),
(17,2116,1),
(17,2117,1),
(17,2118,1),
(17,2119,1),
(17,2120,1),
(17,2121,1),
(17,2122,1),
(17,2123,1),
(17,2124,1),
(17,2125,1),
(17,2126,1),
(17,2128,2),
(17,2129,2),
(17,2130,2),
(17,2131,2),
(17,2132,2),
(17,1551,3),
(17,1552,3),
(17,2100,3),
(17,2103,3),
(17,2104,3),
(17,2127,3),
(17,1889,6),
(17,1890,6),
(17,2099,8),
(17,1503,50),
(18,1510,1),
(18,1518,1),
(18,1520,1),
(18,1525,1),
(18,1531,1),
(18,1611,1),
(18,1614,1),
(18,1618,1),
(18,1626,1),
(18,1776,1),
(18,1846,1),
(18,1847,1),
(18,1850,1),
(18,1986,1),
(18,2101,1),
(18,2102,1),
(18,2105,1),
(18,2106,1),
(18,2107,1),
(18,2108,1),
(18,2109,1),
(18,2110,1),
(18,2111,1),
(18,2112,1),
(18,2113,1),
(18,2114,1),
(18,2115,1),
(18,2116,1),
(18,2117,1),
(18,2118,1),
(18,2119,1),
(18,2120,1),
(18,2121,1),
(18,2122,1),
(18,2123,1),
(18,2124,1),
(18,2125,1),
(18,2126,1),
(18,2128,2),
(18,2129,2),
(18,2130,2),
(18,2131,2),
(18,2132,2),
(18,1551,3),
(18,1552,3),
(18,2100,3),
(18,2103,3),
(18,2104,3),
(18,2127,3),
(18,1497,6),
(18,2099,8),
(18,1503,50),
(19,1520,1),
(19,1531,1),
(19,1618,1),
(19,1759,1),
(19,1761,1),
(19,1818,1),
(19,1986,1),
(19,2256,1),
(19,2257,1),
(19,2258,1),
(19,2259,1),
(19,2260,1),
(19,2261,1),
(19,2262,1),
(19,2263,1),
(19,2264,1),
(19,1524,3),
(19,1525,3),
(19,1760,3),
(19,1776,3),
(19,1777,3),
(19,2255,6),
(19,1758,8),
(19,1503,10);

-- 
-- Definition of ps_search_word
-- 

CREATE TABLE IF NOT EXISTS `ps_search_word` (
  `id_word` int(10) unsigned NOT NULL AUTO_INCREMENT,
  `id_shop` int(11) unsigned NOT NULL DEFAULT '1',
  `id_lang` int(10) unsigned NOT NULL,
  `word` varchar(30) NOT NULL,
  PRIMARY KEY (`id_word`),
  UNIQUE KEY `id_lang` (`id_lang`,`id_shop`,`word`)
) ENGINE=InnoDB AUTO_INCREMENT=2777 DEFAULT CHARSET=utf8mb4;

-- 
-- Dumping data for table ps_search_word
-- 

INSERT INTO `ps_search_word`(`id_word`,`id_shop`,`id_lang`,`word`) VALUES
(2264,1,1,'---'),
(1771,1,1,'043kg'),
(1557,1,1,'100'),
(2100,1,1,'120'),
(2105,1,1,'16x22cm'),
(1605,1,1,'212'),
(1761,1,1,'325ml'),
(1854,1,1,'32x32cm'),
(1648,1,1,'40x60cm'),
(1649,1,1,'60x90cm'),
(1650,1,1,'80x120cm'),
(1767,1,1,'82cm'),
(1769,1,1,'95cm'),
(1777,1,1,'accessories'),
(1815,1,1,'add'),
(1657,1,1,'adventure'),
(1624,1,1,'aesthethic'),
(1555,1,1,'algodon'),
(1518,1,1,'and'),
(1995,1,1,'any'),
(1856,1,1,'armchair'),
(1660,1,1,'art'),
(1861,1,1,'atmosphere'),
(1853,1,1,'back'),
(2632,1,1,'base'),
(1890,1,1,'bear'),
(1857,1,1,'bed'),
(1658,1,1,'begins'),
(1614,1,1,'best'),
(2126,1,1,'binding'),
(1607,1,1,'black'),
(1554,1,1,'blanco'),
(1889,1,1,'brown'),
(1558,1,1,'brushed'),
(1646,1,1,'calvin'),
(1992,1,1,'can'),
(2104,1,1,'cardboard'),
(1760,1,1,'ceramic'),
(2263,1,1,'characters'),
(1539,1,1,'chino'),
(2258,1,1,'choice'),
(1529,1,1,'classic'),
(757,1,1,'clavin'),
(1788,1,1,'coffee'),
(1527,1,1,'collection'),
(1547,1,1,'color'),
(1532,1,1,'colorful'),
(1616,1,1,'come'),
(1562,1,1,'comfort'),
(1982,1,1,'commercial'),
(1791,1,1,'conquer'),
(1552,1,1,'corner'),
(1515,1,1,'cotton'),
(1850,1,1,'cover'),
(1858,1,1,'create'),
(1989,1,1,'creative'),
(1787,1,1,'cup'),
(1522,1,1,'curiosity'),
(1848,1,1,'cushion'),
(1988,1,1,'custom'),
(2255,1,1,'customizable'),
(2256,1,1,'customize'),
(1709,1,1,'day'),
(1519,1,1,'delicacy'),
(1503,1,1,'demo'),
(1639,1,1,'depth'),
(1525,1,1,'design'),
(1629,1,1,'desk'),
(1768,1,1,'diameter'),
(1772,1,1,'dishwasher'),
(1775,1,1,'dishwasher-proo'),
(1774,1,1,'dishwasherproof'),
(2265,1,1,'dolce'),
(2130,1,1,'doted'),
(2124,1,1,'double'),
(2108,1,1,'down'),
(1978,1,1,'download'),
(1608,1,1,'edition'),
(2116,1,1,'endearing'),
(1521,1,1,'evokes'),
(1546,1,1,'exceptional'),
(1511,1,1,'extra'),
(1528,1,1,'features'),
(2120,1,1,'feel'),
(1867,1,1,'filling'),
(1659,1,1,'finish'),
(1505,1,1,'fit'),
(1561,1,1,'for'),
(1976,1,1,'format'),
(1847,1,1,'fox'),
(1635,1,1,'frame'),
(1621,1,1,'framed'),
(2266,1,1,'gabanna'),
(1617,1,1,'give'),
(1708,1,1,'good'),
(1551,1,1,'graphic'),
(1975,1,1,'graphics'),
(1628,1,1,'great'),
(2123,1,1,'gsm'),
(1549,1,1,'guaranteed'),
(2102,1,1,'hard'),
(1987,1,1,'have'),
(1770,1,1,'height'),
(1776,1,1,'home'),
(1497,1,1,'hummingbird'),
(1868,1,1,'hypoallergenic'),
(2111,1,1,'ideas'),
(1991,1,1,'illustration'),
(2110,1,1,'ingenious'),
(966,1,1,'inicio'),
(1559,1,1,'inner'),
(1534,1,1,'inspired'),
(1863,1,1,'inspires'),
(1851,1,1,'invisible'),
(2115,1,1,'its'),
(1536,1,1,'japanese'),
(1540,1,1,'jeans'),
(1523,1,1,'joy'),
(2313,1,1,'kdc'),
(1647,1,1,'klein'),
(1517,1,1,'lightness'),
(2121,1,1,'like'),
(1999,1,1,'limitation'),
(1512,1,1,'long'),
(1627,1,1,'look'),
(1865,1,1,'machine'),
(1510,1,1,'made'),
(2119,1,1,'make'),
(2117,1,1,'manufacturing'),
(2633,1,1,'maquillaje'),
(1610,1,1,'matt'),
(2261,1,1,'maximum'),
(1500,1,1,'men'),
(2259,1,1,'message'),
(1859,1,1,'modern'),
(1818,1,1,'mood'),
(1638,1,1,'more'),
(1817,1,1,'morning'),
(2109,1,1,'most'),
(1846,1,1,'mountain'),
(1758,1,1,'mug'),
(1507,1,1,'neckline'),
(1553,1,1,'negro'),
(1981,1,1,'non'),
(1985,1,1,'non-commercial'),
(1984,1,1,'noncommercial'),
(2099,1,1,'notebook'),
(2262,1,1,'number'),
(1763,1,1,'off'),
(1632,1,1,'office'),
(1630,1,1,'open'),
(1642,1,1,'open-space'),
(1640,1,1,'openspace'),
(1625,1,1,'optimistic'),
(2106,1,1,'option'),
(1537,1,1,'origamis'),
(1790,1,1,'out'),
(1550,1,1,'overtime'),
(2085,1,1,'pack'),
(2132,1,1,'pages'),
(1633,1,1,'painted'),
(1611,1,1,'paper'),
(1637,1,1,'partout'),
(1636,1,1,'passe'),
(1643,1,1,'passe-partout'),
(1641,1,1,'passepartout'),
(1533,1,1,'patterns'),
(1644,1,1,'perfumes'),
(2631,1,1,'permanente'),
(1979,1,1,'personal'),
(1514,1,1,'pima'),
(2128,1,1,'plain'),
(1870,1,1,'poliester'),
(1869,1,1,'polyester'),
(1526,1,1,'polyfaune'),
(1765,1,1,'positive'),
(1622,1,1,'poster'),
(1498,1,1,'printed'),
(1543,1,1,'printing'),
(1980,1,1,'private'),
(1544,1,1,'process'),
(1530,1,1,'products'),
(1990,1,1,'project'),
(1773,1,1,'proof'),
(1545,1,1,'provides'),
(1994,1,1,'purpose'),
(2118,1,1,'quality'),
(2260,1,1,'quote'),
(2103,1,1,'recycled'),
(1504,1,1,'regular'),
(1864,1,1,'relaxation'),
(1849,1,1,'removable'),
(1548,1,1,'rendering'),
(2680,1,1,'revolution'),
(1764,1,1,'right'),
(1609,1,1,'rigid'),
(1506,1,1,'round'),
(2131,1,1,'ruled'),
(1789,1,1,'set'),
(2101,1,1,'sheets'),
(1499,1,1,'shirt'),
(1508,1,1,'short'),
(1560,1,1,'side'),
(1998,1,1,'size'),
(1509,1,1,'sleeves'),
(1612,1,1,'smooth'),
(1855,1,1,'sofa'),
(2774,1,1,'soph'),
(2776,1,1,'soph-x'),
(2775,1,1,'sophx'),
(1631,1,1,'space'),
(2125,1,1,'spiral'),
(2129,1,1,'squarred'),
(1513,1,1,'staple'),
(1762,1,1,'start'),
(2127,1,1,'stationery'),
(1524,1,1,'studio'),
(1541,1,1,'sublimation'),
(1996,1,1,'support'),
(1613,1,1,'surface'),
(1977,1,1,'svg'),
(1556,1,1,'sweater'),
(1516,1,1,'symbol'),
(1502,1,1,'t-shirt'),
(2257,1,1,'text'),
(1542,1,1,'textile'),
(1862,1,1,'that'),
(1520,1,1,'the'),
(1623,1,1,'this'),
(1766,1,1,'thought'),
(1707,1,1,'today'),
(1816,1,1,'touch'),
(1535,1,1,'traditional'),
(2114,1,1,'traveling'),
(1501,1,1,'tshirt'),
(1645,1,1,'unisex'),
(1983,1,1,'use'),
(1993,1,1,'used'),
(1974,1,1,'vector'),
(1606,1,1,'vip'),
(1620,1,1,'voice'),
(1619,1,1,'walls'),
(1866,1,1,'washable'),
(1538,1,1,'wear'),
(2113,1,1,'when'),
(1759,1,1,'white'),
(1626,1,1,'will'),
(1531,1,1,'with'),
(1997,1,1,'without'),
(1563,1,1,'women'),
(1634,1,1,'wooden'),
(2112,1,1,'work'),
(2107,1,1,'write'),
(2122,1,1,'writing'),
(1615,1,1,'yet'),
(1986,1,1,'you'),
(1618,1,1,'your'),
(1860,1,1,'zen'),
(1852,1,1,'zip');

-- 
-- Definition of ps_sekeyword
-- 

CREATE TABLE IF NOT EXISTS `ps_sekeyword` (
  `id_sekeyword` int(10) unsigned NOT NULL AUTO_INCREMENT,
  `id_shop` int(10) unsigned NOT NULL DEFAULT '1',
  `id_shop_group` int(10) unsigned NOT NULL DEFAULT '1',
  `keyword` varchar(256) NOT NULL,
  `date_add` datetime NOT NULL,
  PRIMARY KEY (`id_sekeyword`)
) ENGINE=InnoDB DEFAULT CHARSET=utf8;

-- 
-- Dumping data for table ps_sekeyword
-- 



-- 
-- Definition of ps_shop
-- 

CREATE TABLE IF NOT EXISTS `ps_shop` (
  `id_shop` int(11) NOT NULL AUTO_INCREMENT,
  `id_shop_group` int(11) NOT NULL,
  `name` varchar(64) COLLATE utf8mb4_unicode_ci NOT NULL,
  `id_category` int(11) NOT NULL,
  `theme_name` varchar(255) COLLATE utf8mb4_unicode_ci NOT NULL,
  `active` tinyint(1) NOT NULL,
  `deleted` tinyint(1) NOT NULL,
  PRIMARY KEY (`id_shop`),
  KEY `IDX_CBDFBB9EF5C9E40` (`id_shop_group`)
) ENGINE=InnoDB AUTO_INCREMENT=2 DEFAULT CHARSET=utf8mb4 COLLATE=utf8mb4_unicode_ci;

-- 
-- Dumping data for table ps_shop
-- 

INSERT INTO `ps_shop`(`id_shop`,`id_shop_group`,`name`,`id_category`,`theme_name`,`active`,`deleted`) VALUES
(1,1,'Muchas',2,'imaxMuchas',1,0);

-- 
-- Definition of ps_shop_group
-- 

CREATE TABLE IF NOT EXISTS `ps_shop_group` (
  `id_shop_group` int(11) NOT NULL AUTO_INCREMENT,
  `name` varchar(64) COLLATE utf8mb4_unicode_ci NOT NULL,
  `share_customer` tinyint(1) NOT NULL,
  `share_order` tinyint(1) NOT NULL,
  `share_stock` tinyint(1) NOT NULL,
  `active` tinyint(1) NOT NULL,
  `deleted` tinyint(1) NOT NULL,
  PRIMARY KEY (`id_shop_group`)
) ENGINE=InnoDB AUTO_INCREMENT=2 DEFAULT CHARSET=utf8mb4 COLLATE=utf8mb4_unicode_ci;

-- 
-- Dumping data for table ps_shop_group
-- 

INSERT INTO `ps_shop_group`(`id_shop_group`,`name`,`share_customer`,`share_order`,`share_stock`,`active`,`deleted`) VALUES
(1,'Default',0,0,0,1,0);

-- 
-- Definition of ps_shop_url
-- 

CREATE TABLE IF NOT EXISTS `ps_shop_url` (
  `id_shop_url` int(11) unsigned NOT NULL AUTO_INCREMENT,
  `id_shop` int(11) unsigned NOT NULL,
  `domain` varchar(150) NOT NULL,
  `domain_ssl` varchar(150) NOT NULL,
  `physical_uri` varchar(64) NOT NULL,
  `virtual_uri` varchar(64) NOT NULL,
  `main` tinyint(1) NOT NULL,
  `active` tinyint(1) NOT NULL,
  PRIMARY KEY (`id_shop_url`),
  UNIQUE KEY `full_shop_url` (`domain`,`physical_uri`,`virtual_uri`),
  UNIQUE KEY `full_shop_url_ssl` (`domain_ssl`,`physical_uri`,`virtual_uri`),
  KEY `id_shop` (`id_shop`,`main`)
) ENGINE=InnoDB AUTO_INCREMENT=2 DEFAULT CHARSET=utf8mb4;

-- 
-- Dumping data for table ps_shop_url
-- 

INSERT INTO `ps_shop_url`(`id_shop_url`,`id_shop`,`domain`,`domain_ssl`,`physical_uri`,`virtual_uri`,`main`,`active`) VALUES
(1,1,'muchas.localhost','muchas.localhost','/','',1,1);

-- 
-- Definition of ps_smarty_cache
-- 

CREATE TABLE IF NOT EXISTS `ps_smarty_cache` (
  `id_smarty_cache` char(40) NOT NULL,
  `name` char(40) NOT NULL,
  `cache_id` varchar(254) DEFAULT NULL,
  `modified` timestamp NOT NULL DEFAULT CURRENT_TIMESTAMP,
  `content` longtext NOT NULL,
  PRIMARY KEY (`id_smarty_cache`),
  KEY `name` (`name`),
  KEY `cache_id` (`cache_id`),
  KEY `modified` (`modified`)
) ENGINE=InnoDB DEFAULT CHARSET=utf8mb4;

-- 
-- Dumping data for table ps_smarty_cache
-- 



-- 
-- Definition of ps_smarty_last_flush
-- 

CREATE TABLE IF NOT EXISTS `ps_smarty_last_flush` (
  `type` enum('compile','template') NOT NULL,
  `last_flush` datetime NOT NULL DEFAULT '0000-00-00 00:00:00',
  PRIMARY KEY (`type`)
) ENGINE=InnoDB DEFAULT CHARSET=utf8mb4;

-- 
-- Dumping data for table ps_smarty_last_flush
-- 



-- 
-- Definition of ps_smarty_lazy_cache
-- 

CREATE TABLE IF NOT EXISTS `ps_smarty_lazy_cache` (
  `template_hash` varchar(32) NOT NULL DEFAULT '',
  `cache_id` varchar(191) NOT NULL DEFAULT '',
  `compile_id` varchar(32) NOT NULL DEFAULT '',
  `filepath` varchar(255) NOT NULL DEFAULT '',
  `last_update` datetime NOT NULL DEFAULT '0000-00-00 00:00:00',
  PRIMARY KEY (`template_hash`,`cache_id`,`compile_id`)
) ENGINE=InnoDB DEFAULT CHARSET=utf8mb4;

-- 
-- Dumping data for table ps_smarty_lazy_cache
-- 



-- 
-- Definition of ps_specific_price
-- 

CREATE TABLE IF NOT EXISTS `ps_specific_price` (
  `id_specific_price` int(10) unsigned NOT NULL AUTO_INCREMENT,
  `id_specific_price_rule` int(11) unsigned NOT NULL,
  `id_cart` int(11) unsigned NOT NULL,
  `id_product` int(10) unsigned NOT NULL,
  `id_shop` int(11) unsigned NOT NULL DEFAULT '1',
  `id_shop_group` int(11) unsigned NOT NULL,
  `id_currency` int(10) unsigned NOT NULL,
  `id_country` int(10) unsigned NOT NULL,
  `id_group` int(10) unsigned NOT NULL,
  `id_customer` int(10) unsigned NOT NULL,
  `id_product_attribute` int(10) unsigned NOT NULL,
  `price` decimal(20,6) NOT NULL,
  `from_quantity` mediumint(8) unsigned NOT NULL,
  `reduction` decimal(20,6) NOT NULL,
  `reduction_tax` tinyint(1) NOT NULL DEFAULT '1',
  `reduction_type` enum('amount','percentage') NOT NULL,
  `from` datetime NOT NULL,
  `to` datetime NOT NULL,
  PRIMARY KEY (`id_specific_price`),
  UNIQUE KEY `id_product_2` (`id_product`,`id_product_attribute`,`id_customer`,`id_cart`,`from`,`to`,`id_shop`,`id_shop_group`,`id_currency`,`id_country`,`id_group`,`from_quantity`,`id_specific_price_rule`),
  KEY `id_product` (`id_product`,`id_shop`,`id_currency`,`id_country`,`id_group`,`id_customer`,`from_quantity`,`from`,`to`),
  KEY `from_quantity` (`from_quantity`),
  KEY `id_specific_price_rule` (`id_specific_price_rule`),
  KEY `id_cart` (`id_cart`),
  KEY `id_product_attribute` (`id_product_attribute`),
  KEY `id_shop` (`id_shop`),
  KEY `id_customer` (`id_customer`),
  KEY `from` (`from`),
  KEY `to` (`to`)
) ENGINE=InnoDB AUTO_INCREMENT=3 DEFAULT CHARSET=utf8mb4;

-- 
-- Dumping data for table ps_specific_price
-- 

INSERT INTO `ps_specific_price`(`id_specific_price`,`id_specific_price_rule`,`id_cart`,`id_product`,`id_shop`,`id_shop_group`,`id_currency`,`id_country`,`id_group`,`id_customer`,`id_product_attribute`,`price`,`from_quantity`,`reduction`,`reduction_tax`,`reduction_type`,`from`,`to`) VALUES
(1,0,0,1,0,0,0,0,0,0,0,-1.000000,1,0.200000,1,'percentage','0001-01-01 00:00:00','0001-01-01 00:00:00'),
(2,0,0,2,0,0,0,0,0,0,0,-1.000000,1,0.200000,1,'percentage','0001-01-01 00:00:00','0001-01-01 00:00:00');

-- 
-- Definition of ps_specific_price_priority
-- 

CREATE TABLE IF NOT EXISTS `ps_specific_price_priority` (
  `id_specific_price_priority` int(11) NOT NULL AUTO_INCREMENT,
  `id_product` int(11) NOT NULL,
  `priority` varchar(80) NOT NULL,
  PRIMARY KEY (`id_specific_price_priority`,`id_product`),
  UNIQUE KEY `id_product` (`id_product`)
) ENGINE=InnoDB AUTO_INCREMENT=17 DEFAULT CHARSET=utf8mb4;

-- 
-- Dumping data for table ps_specific_price_priority
-- 

INSERT INTO `ps_specific_price_priority`(`id_specific_price_priority`,`id_product`,`priority`) VALUES
(1,3,'id_shop;id_currency;id_country;id_group'),
(2,1,'id_shop;id_currency;id_country;id_group'),
(3,19,'id_shop;id_currency;id_country;id_group'),
(5,2,'id_shop;id_currency;id_country;id_group'),
(7,4,'id_shop;id_currency;id_country;id_group'),
(8,5,'id_shop;id_currency;id_country;id_group'),
(9,6,'id_shop;id_currency;id_country;id_group'),
(10,7,'id_shop;id_currency;id_country;id_group'),
(11,8,'id_shop;id_currency;id_country;id_group'),
(12,9,'id_shop;id_currency;id_country;id_group'),
(13,10,'id_shop;id_currency;id_country;id_group'),
(14,11,'id_shop;id_currency;id_country;id_group'),
(16,12,'id_shop;id_currency;id_country;id_group');

-- 
-- Definition of ps_specific_price_rule
-- 

CREATE TABLE IF NOT EXISTS `ps_specific_price_rule` (
  `id_specific_price_rule` int(10) unsigned NOT NULL AUTO_INCREMENT,
  `name` varchar(255) NOT NULL,
  `id_shop` int(11) unsigned NOT NULL DEFAULT '1',
  `id_currency` int(10) unsigned NOT NULL,
  `id_country` int(10) unsigned NOT NULL,
  `id_group` int(10) unsigned NOT NULL,
  `from_quantity` mediumint(8) unsigned NOT NULL,
  `price` decimal(20,6) DEFAULT NULL,
  `reduction` decimal(20,6) NOT NULL,
  `reduction_tax` tinyint(1) NOT NULL DEFAULT '1',
  `reduction_type` enum('amount','percentage') NOT NULL,
  `from` datetime NOT NULL,
  `to` datetime NOT NULL,
  PRIMARY KEY (`id_specific_price_rule`),
  KEY `id_product` (`id_shop`,`id_currency`,`id_country`,`id_group`,`from_quantity`,`from`,`to`)
) ENGINE=InnoDB DEFAULT CHARSET=utf8mb4;

-- 
-- Dumping data for table ps_specific_price_rule
-- 



-- 
-- Definition of ps_specific_price_rule_condition
-- 

CREATE TABLE IF NOT EXISTS `ps_specific_price_rule_condition` (
  `id_specific_price_rule_condition` int(11) unsigned NOT NULL AUTO_INCREMENT,
  `id_specific_price_rule_condition_group` int(11) unsigned NOT NULL,
  `type` varchar(255) NOT NULL,
  `value` varchar(255) NOT NULL,
  PRIMARY KEY (`id_specific_price_rule_condition`),
  KEY `id_specific_price_rule_condition_group` (`id_specific_price_rule_condition_group`)
) ENGINE=InnoDB DEFAULT CHARSET=utf8mb4;

-- 
-- Dumping data for table ps_specific_price_rule_condition
-- 



-- 
-- Definition of ps_specific_price_rule_condition_group
-- 

CREATE TABLE IF NOT EXISTS `ps_specific_price_rule_condition_group` (
  `id_specific_price_rule_condition_group` int(11) unsigned NOT NULL AUTO_INCREMENT,
  `id_specific_price_rule` int(11) unsigned NOT NULL,
  PRIMARY KEY (`id_specific_price_rule_condition_group`,`id_specific_price_rule`)
) ENGINE=InnoDB DEFAULT CHARSET=utf8mb4;

-- 
-- Dumping data for table ps_specific_price_rule_condition_group
-- 



-- 
-- Definition of ps_state
-- 

CREATE TABLE IF NOT EXISTS `ps_state` (
  `id_state` int(10) unsigned NOT NULL AUTO_INCREMENT,
  `id_country` int(11) unsigned NOT NULL,
  `id_zone` int(11) unsigned NOT NULL,
  `name` varchar(64) NOT NULL,
  `iso_code` varchar(7) NOT NULL,
  `tax_behavior` smallint(1) NOT NULL DEFAULT '0',
  `active` tinyint(1) NOT NULL DEFAULT '0',
  PRIMARY KEY (`id_state`),
  KEY `id_country` (`id_country`),
  KEY `name` (`name`),
  KEY `id_zone` (`id_zone`)
) ENGINE=InnoDB AUTO_INCREMENT=405 DEFAULT CHARSET=utf8mb4;

-- 
-- Dumping data for table ps_state
-- 

INSERT INTO `ps_state`(`id_state`,`id_country`,`id_zone`,`name`,`iso_code`,`tax_behavior`,`active`) VALUES
(1,21,2,'AA','AA',0,1),
(2,21,2,'AE','AE',0,1),
(3,21,2,'AP','AP',0,1),
(4,21,2,'Alabama','AL',0,1),
(5,21,2,'Alaska','AK',0,1),
(6,21,2,'Arizona','AZ',0,1),
(7,21,2,'Arkansas','AR',0,1),
(8,21,2,'California','CA',0,1),
(9,21,2,'Colorado','CO',0,1),
(10,21,2,'Connecticut','CT',0,1),
(11,21,2,'Delaware','DE',0,1),
(12,21,2,'Florida','FL',0,1),
(13,21,2,'Georgia','GA',0,1),
(14,21,2,'Hawaii','HI',0,1),
(15,21,2,'Idaho','ID',0,1),
(16,21,2,'Illinois','IL',0,1),
(17,21,2,'Indiana','IN',0,1),
(18,21,2,'Iowa','IA',0,1),
(19,21,2,'Kansas','KS',0,1),
(20,21,2,'Kentucky','KY',0,1),
(21,21,2,'Louisiana','LA',0,1),
(22,21,2,'Maine','ME',0,1),
(23,21,2,'Maryland','MD',0,1),
(24,21,2,'Massachusetts','MA',0,1),
(25,21,2,'Michigan','MI',0,1),
(26,21,2,'Minnesota','MN',0,1),
(27,21,2,'Mississippi','MS',0,1),
(28,21,2,'Missouri','MO',0,1),
(29,21,2,'Montana','MT',0,1),
(30,21,2,'Nebraska','NE',0,1),
(31,21,2,'Nevada','NV',0,1),
(32,21,2,'New Hampshire','NH',0,1),
(33,21,2,'New Jersey','NJ',0,1),
(34,21,2,'New Mexico','NM',0,1),
(35,21,2,'New York','NY',0,1),
(36,21,2,'North Carolina','NC',0,1),
(37,21,2,'North Dakota','ND',0,1),
(38,21,2,'Ohio','OH',0,1),
(39,21,2,'Oklahoma','OK',0,1),
(40,21,2,'Oregon','OR',0,1),
(41,21,2,'Pennsylvania','PA',0,1),
(42,21,2,'Rhode Island','RI',0,1),
(43,21,2,'South Carolina','SC',0,1),
(44,21,2,'South Dakota','SD',0,1),
(45,21,2,'Tennessee','TN',0,1),
(46,21,2,'Texas','TX',0,1),
(47,21,2,'Utah','UT',0,1),
(48,21,2,'Vermont','VT',0,1),
(49,21,2,'Virginia','VA',0,1),
(50,21,2,'Washington','WA',0,1),
(51,21,2,'West Virginia','WV',0,1),
(52,21,2,'Wisconsin','WI',0,1),
(53,21,2,'Wyoming','WY',0,1),
(54,21,2,'Puerto Rico','PR',0,1),
(55,21,2,'US Virgin Islands','VI',0,1),
(56,21,2,'District of Columbia','DC',0,1),
(57,145,2,'Aguascalientes','AGS',0,1),
(58,145,2,'Baja California','BCN',0,1),
(59,145,2,'Baja California Sur','BCS',0,1),
(60,145,2,'Campeche','CAM',0,1),
(61,145,2,'Chiapas','CHP',0,1),
(62,145,2,'Chihuahua','CHH',0,1),
(63,145,2,'Coahuila','COA',0,1),
(64,145,2,'Colima','COL',0,1),
(65,145,2,'Distrito Federal','DIF',0,1),
(66,145,2,'Durango','DUR',0,1),
(67,145,2,'Guanajuato','GUA',0,1),
(68,145,2,'Guerrero','GRO',0,1),
(69,145,2,'Hidalgo','HID',0,1),
(70,145,2,'Jalisco','JAL',0,1),
(71,145,2,'Estado de México','MEX',0,1),
(72,145,2,'Michoacán','MIC',0,1),
(73,145,2,'Morelos','MOR',0,1),
(74,145,2,'Nayarit','NAY',0,1),
(75,145,2,'Nuevo León','NLE',0,1),
(76,145,2,'Oaxaca','OAX',0,1),
(77,145,2,'Puebla','PUE',0,1),
(78,145,2,'Querétaro','QUE',0,1),
(79,145,2,'Quintana Roo','ROO',0,1),
(80,145,2,'San Luis Potosí','SLP',0,1),
(81,145,2,'Sinaloa','SIN',0,1),
(82,145,2,'Sonora','SON',0,1),
(83,145,2,'Tabasco','TAB',0,1),
(84,145,2,'Tamaulipas','TAM',0,1),
(85,145,2,'Tlaxcala','TLA',0,1),
(86,145,2,'Veracruz','VER',0,1),
(87,145,2,'Yucatán','YUC',0,1),
(88,145,2,'Zacatecas','ZAC',0,1),
(89,4,2,'Ontario','ON',0,1),
(90,4,2,'Quebec','QC',0,1),
(91,4,2,'British Columbia','BC',0,1),
(92,4,2,'Alberta','AB',0,1),
(93,4,2,'Manitoba','MB',0,1),
(94,4,2,'Saskatchewan','SK',0,1),
(95,4,2,'Nova Scotia','NS',0,1),
(96,4,2,'New Brunswick','NB',0,1),
(97,4,2,'Newfoundland and Labrador','NL',0,1),
(98,4,2,'Prince Edward Island','PE',0,1),
(99,4,2,'Northwest Territories','NT',0,1),
(100,4,2,'Yukon','YT',0,1),
(101,4,2,'Nunavut','NU',0,1),
(102,44,6,'Buenos Aires','B',0,1),
(103,44,6,'Catamarca','K',0,1),
(104,44,6,'Chaco','H',0,1),
(105,44,6,'Chubut','U',0,1),
(106,44,6,'Ciudad de Buenos Aires','C',0,1),
(107,44,6,'Córdoba','X',0,1),
(108,44,6,'Corrientes','W',0,1),
(109,44,6,'Entre Ríos','E',0,1),
(110,44,6,'Formosa','P',0,1),
(111,44,6,'Jujuy','Y',0,1),
(112,44,6,'La Pampa','L',0,1),
(113,44,6,'La Rioja','F',0,1),
(114,44,6,'Mendoza','M',0,1),
(115,44,6,'Misiones','N',0,1),
(116,44,6,'Neuquén','Q',0,1),
(117,44,6,'Río Negro','R',0,1),
(118,44,6,'Salta','A',0,1),
(119,44,6,'San Juan','J',0,1),
(120,44,6,'San Luis','D',0,1),
(121,44,6,'Santa Cruz','Z',0,1),
(122,44,6,'Santa Fe','S',0,1),
(123,44,6,'Santiago del Estero','G',0,1),
(124,44,6,'Tierra del Fuego','V',0,1),
(125,44,6,'Tucumán','T',0,1),
(126,10,1,'Agrigento','AG',0,1),
(127,10,1,'Alessandria','AL',0,1),
(128,10,1,'Ancona','AN',0,1),
(129,10,1,'Aosta','AO',0,1),
(130,10,1,'Arezzo','AR',0,1),
(131,10,1,'Ascoli Piceno','AP',0,1),
(132,10,1,'Asti','AT',0,1),
(133,10,1,'Avellino','AV',0,1),
(134,10,1,'Bari','BA',0,1),
(135,10,1,'Barletta-Andria-Trani','BT',0,1),
(136,10,1,'Belluno','BL',0,1),
(137,10,1,'Benevento','BN',0,1),
(138,10,1,'Bergamo','BG',0,1),
(139,10,1,'Biella','BI',0,1),
(140,10,1,'Bologna','BO',0,1),
(141,10,1,'Bolzano','BZ',0,1),
(142,10,1,'Brescia','BS',0,1),
(143,10,1,'Brindisi','BR',0,1),
(144,10,1,'Cagliari','CA',0,1),
(145,10,1,'Caltanissetta','CL',0,1),
(146,10,1,'Campobasso','CB',0,1),
(147,10,1,'Carbonia-Iglesias','CI',0,1),
(148,10,1,'Caserta','CE',0,1),
(149,10,1,'Catania','CT',0,1),
(150,10,1,'Catanzaro','CZ',0,1),
(151,10,1,'Chieti','CH',0,1),
(152,10,1,'Como','CO',0,1),
(153,10,1,'Cosenza','CS',0,1),
(154,10,1,'Cremona','CR',0,1),
(155,10,1,'Crotone','KR',0,1),
(156,10,1,'Cuneo','CN',0,1),
(157,10,1,'Enna','EN',0,1),
(158,10,1,'Fermo','FM',0,1),
(159,10,1,'Ferrara','FE',0,1),
(160,10,1,'Firenze','FI',0,1),
(161,10,1,'Foggia','FG',0,1),
(162,10,1,'Forlì-Cesena','FC',0,1),
(163,10,1,'Frosinone','FR',0,1),
(164,10,1,'Genova','GE',0,1),
(165,10,1,'Gorizia','GO',0,1),
(166,10,1,'Grosseto','GR',0,1),
(167,10,1,'Imperia','IM',0,1),
(168,10,1,'Isernia','IS',0,1),
(169,10,1,'L''Aquila','AQ',0,1),
(170,10,1,'La Spezia','SP',0,1),
(171,10,1,'Latina','LT',0,1),
(172,10,1,'Lecce','LE',0,1),
(173,10,1,'Lecco','LC',0,1),
(174,10,1,'Livorno','LI',0,1),
(175,10,1,'Lodi','LO',0,1),
(176,10,1,'Lucca','LU',0,1),
(177,10,1,'Macerata','MC',0,1),
(178,10,1,'Mantova','MN',0,1),
(179,10,1,'Massa','MS',0,1),
(180,10,1,'Matera','MT',0,1),
(181,10,1,'Medio Campidano','VS',0,1),
(182,10,1,'Messina','ME',0,1),
(183,10,1,'Milano','MI',0,1),
(184,10,1,'Modena','MO',0,1),
(185,10,1,'Monza e della Brianza','MB',0,1),
(186,10,1,'Napoli','NA',0,1),
(187,10,1,'Novara','NO',0,1),
(188,10,1,'Nuoro','NU',0,1),
(189,10,1,'Ogliastra','OG',0,1),
(190,10,1,'Olbia-Tempio','OT',0,1),
(191,10,1,'Oristano','OR',0,1),
(192,10,1,'Padova','PD',0,1),
(193,10,1,'Palermo','PA',0,1),
(194,10,1,'Parma','PR',0,1),
(195,10,1,'Pavia','PV',0,1),
(196,10,1,'Perugia','PG',0,1),
(197,10,1,'Pesaro-Urbino','PU',0,1),
(198,10,1,'Pescara','PE',0,1),
(199,10,1,'Piacenza','PC',0,1),
(200,10,1,'Pisa','PI',0,1),
(201,10,1,'Pistoia','PT',0,1),
(202,10,1,'Pordenone','PN',0,1),
(203,10,1,'Potenza','PZ',0,1),
(204,10,1,'Prato','PO',0,1),
(205,10,1,'Ragusa','RG',0,1),
(206,10,1,'Ravenna','RA',0,1),
(207,10,1,'Reggio Calabria','RC',0,1),
(208,10,1,'Reggio Emilia','RE',0,1),
(209,10,1,'Rieti','RI',0,1),
(210,10,1,'Rimini','RN',0,1),
(211,10,1,'Roma','RM',0,1),
(212,10,1,'Rovigo','RO',0,1),
(213,10,1,'Salerno','SA',0,1),
(214,10,1,'Sassari','SS',0,1),
(215,10,1,'Savona','SV',0,1),
(216,10,1,'Siena','SI',0,1),
(217,10,1,'Siracusa','SR',0,1),
(218,10,1,'Sondrio','SO',0,1),
(219,10,1,'Taranto','TA',0,1),
(220,10,1,'Teramo','TE',0,1),
(221,10,1,'Terni','TR',0,1),
(222,10,1,'Torino','TO',0,1),
(223,10,1,'Trapani','TP',0,1),
(224,10,1,'Trento','TN',0,1),
(225,10,1,'Treviso','TV',0,1),
(226,10,1,'Trieste','TS',0,1),
(227,10,1,'Udine','UD',0,1),
(228,10,1,'Varese','VA',0,1),
(229,10,1,'Venezia','VE',0,1),
(230,10,1,'Verbano-Cusio-Ossola','VB',0,1),
(231,10,1,'Vercelli','VC',0,1),
(232,10,1,'Verona','VR',0,1),
(233,10,1,'Vibo Valentia','VV',0,1),
(234,10,1,'Vicenza','VI',0,1),
(235,10,1,'Viterbo','VT',0,1),
(236,111,3,'Aceh','ID-AC',0,1),
(237,111,3,'Bali','ID-BA',0,1),
(238,111,3,'Banten','ID-BT',0,1),
(239,111,3,'Bengkulu','ID-BE',0,1),
(240,111,3,'Gorontalo','ID-GO',0,1),
(241,111,3,'Jakarta','ID-JK',0,1),
(242,111,3,'Jambi','ID-JA',0,1),
(243,111,3,'Jawa Barat','ID-JB',0,1),
(244,111,3,'Jawa Tengah','ID-JT',0,1),
(245,111,3,'Jawa Timur','ID-JI',0,1),
(246,111,3,'Kalimantan Barat','ID-KB',0,1),
(247,111,3,'Kalimantan Selatan','ID-KS',0,1),
(248,111,3,'Kalimantan Tengah','ID-KT',0,1),
(249,111,3,'Kalimantan Timur','ID-KI',0,1),
(250,111,3,'Kalimantan Utara','ID-KU',0,1),
(251,111,3,'Kepulauan Bangka Belitug','ID-BB',0,1),
(252,111,3,'Kepulauan Riau','ID-KR',0,1),
(253,111,3,'Lampung','ID-LA',0,1),
(254,111,3,'Maluku','ID-MA',0,1),
(255,111,3,'Maluku Utara','ID-MU',0,1),
(256,111,3,'Nusa Tengara Barat','ID-NB',0,1),
(257,111,3,'Nusa Tenggara Timur','ID-NT',0,1),
(258,111,3,'Papua','ID-PA',0,1),
(259,111,3,'Papua Barat','ID-PB',0,1),
(260,111,3,'Riau','ID-RI',0,1),
(261,111,3,'Sulawesi Barat','ID-SR',0,1),
(262,111,3,'Sulawesi Selatan','ID-SN',0,1),
(263,111,3,'Sulawesi Tengah','ID-ST',0,1),
(264,111,3,'Sulawesi Tenggara','ID-SG',0,1),
(265,111,3,'Sulawesi Utara','ID-SA',0,1),
(266,111,3,'Sumatera Barat','ID-SB',0,1),
(267,111,3,'Sumatera Selatan','ID-SS',0,1),
(268,111,3,'Sumatera Utara','ID-SU',0,1),
(269,111,3,'Yogyakarta','ID-YO',0,1),
(270,11,3,'Aichi','23',0,1),
(271,11,3,'Akita','05',0,1),
(272,11,3,'Aomori','02',0,1),
(273,11,3,'Chiba','12',0,1),
(274,11,3,'Ehime','38',0,1),
(275,11,3,'Fukui','18',0,1),
(276,11,3,'Fukuoka','40',0,1),
(277,11,3,'Fukushima','07',0,1),
(278,11,3,'Gifu','21',0,1),
(279,11,3,'Gunma','10',0,1),
(280,11,3,'Hiroshima','34',0,1),
(281,11,3,'Hokkaido','01',0,1),
(282,11,3,'Hyogo','28',0,1),
(283,11,3,'Ibaraki','08',0,1),
(284,11,3,'Ishikawa','17',0,1),
(285,11,3,'Iwate','03',0,1),
(286,11,3,'Kagawa','37',0,1),
(287,11,3,'Kagoshima','46',0,1),
(288,11,3,'Kanagawa','14',0,1),
(289,11,3,'Kochi','39',0,1),
(290,11,3,'Kumamoto','43',0,1),
(291,11,3,'Kyoto','26',0,1),
(292,11,3,'Mie','24',0,1),
(293,11,3,'Miyagi','04',0,1),
(294,11,3,'Miyazaki','45',0,1),
(295,11,3,'Nagano','20',0,1),
(296,11,3,'Nagasaki','42',0,1),
(297,11,3,'Nara','29',0,1),
(298,11,3,'Niigata','15',0,1),
(299,11,3,'Oita','44',0,1),
(300,11,3,'Okayama','33',0,1),
(301,11,3,'Okinawa','47',0,1),
(302,11,3,'Osaka','27',0,1),
(303,11,3,'Saga','41',0,1),
(304,11,3,'Saitama','11',0,1),
(305,11,3,'Shiga','25',0,1),
(306,11,3,'Shimane','32',0,1),
(307,11,3,'Shizuoka','22',0,1),
(308,11,3,'Tochigi','09',0,1),
(309,11,3,'Tokushima','36',0,1),
(310,11,3,'Tokyo','13',0,1),
(311,11,3,'Tottori','31',0,1),
(312,11,3,'Toyama','16',0,1),
(313,11,3,'Wakayama','30',0,1),
(314,11,3,'Yamagata','06',0,1),
(315,11,3,'Yamaguchi','35',0,1),
(316,11,3,'Yamanashi','19',0,1),
(317,24,5,'Australian Capital Territory','ACT',0,1),
(318,24,5,'New South Wales','NSW',0,1),
(319,24,5,'Northern Territory','NT',0,1),
(320,24,5,'Queensland','QLD',0,1),
(321,24,5,'South Australia','SA',0,1),
(322,24,5,'Tasmania','TAS',0,1),
(323,24,5,'Victoria','VIC',0,1),
(324,24,5,'Western Australia','WA',0,1),
(325,110,3,'Andhra Pradesh','AP',0,1),
(326,110,3,'Arunachal Pradesh','AR',0,1),
(327,110,3,'Assam','AS',0,1),
(328,110,3,'Bihar','BR',0,1),
(329,110,3,'Chhattisgarh','CT',0,1),
(330,110,3,'Goa','GA',0,1),
(331,110,3,'Gujarat','GJ',0,1),
(332,110,3,'Haryana','HR',0,1),
(333,110,3,'Himachal Pradesh','HP',0,1),
(334,110,3,'Jharkhand','JH',0,1),
(335,110,3,'Karnataka','KA',0,1),
(336,110,3,'Kerala','KL',0,1),
(337,110,3,'Madhya Pradesh','MP',0,1),
(338,110,3,'Maharashtra','MH',0,1),
(339,110,3,'Manipur','MN',0,1),
(340,110,3,'Meghalaya','ML',0,1),
(341,110,3,'Mizoram','MZ',0,1),
(342,110,3,'Nagaland','NL',0,1),
(343,110,3,'Odisha','OR',0,1),
(344,110,3,'Punjab','PB',0,1),
(345,110,3,'Rajasthan','RJ',0,1),
(346,110,3,'Sikkim','SK',0,1),
(347,110,3,'Tamil Nadu','TN',0,1),
(348,110,3,'Telangana','TG',0,1),
(349,110,3,'Tripura','TR',0,1),
(350,110,3,'Uttar Pradesh','UP',0,1),
(351,110,3,'Uttarakhand','UT',0,1),
(352,110,3,'West Bengal','WB',0,1),
(353,6,1,'A Coruña','ES-C',0,1),
(354,6,1,'Álava','ES-VI',0,1),
(355,6,1,'Albacete','ES-AB',0,1),
(356,6,1,'Alacant','ES-A',0,1),
(357,6,1,'Almería','ES-AL',0,1),
(358,6,1,'Asturias','ES-O',0,1),
(359,6,1,'Ávila','ES-AV',0,1),
(360,6,1,'Badajoz','ES-BA',0,1),
(361,6,1,'Balears','ES-PM',0,1),
(362,6,1,'Barcelona','ES-B',0,1),
(363,6,1,'Burgos','ES-BU',0,1),
(364,6,1,'Cáceres','ES-CC',0,1),
(365,6,1,'Cádiz','ES-CA',0,1),
(366,6,1,'Cantabria','ES-S',0,1),
(367,6,1,'Castelló','ES-CS',0,1),
(368,6,1,'Ciudad Real','ES-CR',0,1),
(369,6,1,'Córdoba','ES-CO',0,1),
(370,6,1,'Cuenca','ES-CU',0,1),
(371,6,1,'Girona','ES-GI',0,1),
(372,6,1,'Granada','ES-GR',0,1),
(373,6,1,'Guadalajara','ES-GU',0,1),
(374,6,1,'Gipuzkoa','ES-SS',0,1),
(375,6,1,'Huelva','ES-H',0,1),
(376,6,1,'Huesca','ES-HU',0,1),
(377,6,1,'Jaén','ES-J',0,1),
(378,6,1,'La Rioja','ES-LO',0,1),
(379,6,1,'Las Palmas','ES-GC',0,1),
(380,6,1,'León','ES-LE',0,1),
(381,6,1,'Lleida','ES-L',0,1),
(382,6,1,'Lugo','ES-LU',0,1),
(383,6,1,'Madrid','ES-M',0,1),
(384,6,1,'Málaga','ES-MA',0,1),
(385,6,1,'Murcia','ES-MU',0,1),
(386,6,1,'Nafarroa','ES-NA',0,1),
(387,6,1,'Ourense','ES-OR',0,1),
(388,6,1,'Palencia','ES-P',0,1),
(389,6,1,'Pontevedra','ES-PO',0,1),
(390,6,1,'Salamanca','ES-SA',0,1),
(391,6,1,'Santa Cruz de Tenerife','ES-TF',0,1),
(392,6,1,'Segovia','ES-SG',0,1),
(393,6,1,'Sevilla','ES-SE',0,1),
(394,6,1,'Soria','ES-SO',0,1),
(395,6,1,'Tarragona','ES-T',0,1),
(396,6,1,'Teruel','ES-TE',0,1),
(397,6,1,'Toledo','ES-TO',0,1),
(398,6,1,'València','ES-V',0,1),
(399,6,1,'Valladolid','ES-VA',0,1),
(400,6,1,'Bizkaia','ES-BI',0,1),
(401,6,1,'Zamora','ES-ZA',0,1),
(402,6,1,'Zaragoza','ES-Z',0,1),
(403,6,1,' Ceuta','ES-CE',0,1),
(404,6,1,' Melilla','ES-ML',0,1);

-- 
-- Definition of ps_statssearch
-- 

CREATE TABLE IF NOT EXISTS `ps_statssearch` (
  `id_statssearch` int(10) unsigned NOT NULL AUTO_INCREMENT,
  `id_shop` int(10) unsigned NOT NULL DEFAULT '1',
  `id_shop_group` int(10) unsigned NOT NULL DEFAULT '1',
  `keywords` varchar(255) NOT NULL,
  `results` int(6) NOT NULL DEFAULT '0',
  `date_add` datetime NOT NULL,
  PRIMARY KEY (`id_statssearch`)
) ENGINE=InnoDB AUTO_INCREMENT=46 DEFAULT CHARSET=utf8;

-- 
-- Dumping data for table ps_statssearch
-- 

INSERT INTO `ps_statssearch`(`id_statssearch`,`id_shop`,`id_shop_group`,`keywords`,`results`,`date_add`) VALUES
(1,1,1,'sadf',4,'2021-04-13 12:16:57'),
(2,1,1,'sad',15,'2021-04-13 12:17:00'),
(3,1,1,'note',3,'2021-04-21 10:12:22'),
(4,1,1,'note',3,'2021-04-21 10:12:22'),
(5,1,1,'NOTEBOOK',3,'2021-04-22 10:47:37'),
(6,1,1,'NOTEBOOK',3,'2021-04-22 10:47:37'),
(7,1,1,'NOTEBOOK',3,'2021-04-22 10:48:03'),
(8,1,1,'NOTEBOK',3,'2021-04-22 10:48:04'),
(9,1,1,'NOTEBOK',3,'2021-04-22 10:48:07'),
(14,1,1,'prueba',6,'2021-04-28 12:24:30'),
(20,1,1,'NOTEBOOK',3,'2021-05-13 12:34:29'),
(21,1,1,'prueba',6,'2021-05-13 13:20:28'),
(22,1,1,'MASCARILLAS',3,'2021-05-20 13:03:51'),
(23,1,1,'MASCARILLAS',3,'2021-05-20 13:03:56'),
(24,1,1,'MASCARILLAS',3,'2021-05-20 13:03:57'),
(25,1,1,'MASCARILLAS',3,'2021-05-20 13:03:58'),
(26,1,1,'MASCARILLAS',3,'2021-05-20 13:04:01'),
(27,1,1,'ESTeE LAUDER',6,'2021-05-20 13:04:17'),
(28,1,1,'ESTeE LAUDER',6,'2021-05-20 13:04:18'),
(29,1,1,'ESTeE LAUDER',6,'2021-05-20 13:04:19'),
(30,1,1,'ESTeE LAUDER',6,'2021-05-20 13:04:21'),
(31,1,1,'ESTeE LAUDER',6,'2021-05-20 13:04:23'),
(32,1,1,'ESTeE LAUDER',6,'2021-05-20 13:04:24'),
(33,1,1,'ESTeE LAUDER',6,'2021-05-20 13:04:26'),
(34,1,1,'meri',1,'2021-06-01 11:46:43'),
(35,1,1,'merin',1,'2021-06-01 11:46:46'),
(36,1,1,'Home',11,'2021-06-01 11:47:01'),
(37,1,1,'Home a',11,'2021-06-01 11:47:01'),
(38,1,1,'Home ac',11,'2021-06-01 11:47:01'),
(39,1,1,'Home acc',8,'2021-06-01 11:47:09'),
(40,1,1,'Home acce',8,'2021-06-01 11:47:22'),
(41,1,1,'Home acces',8,'2021-06-01 11:47:27'),
(42,1,1,'Home acce',8,'2021-06-01 11:47:38'),
(43,1,1,'Home',11,'2021-06-01 11:49:11'),
(44,1,1,'Home a',11,'2021-06-01 11:49:46'),
(45,1,1,'Home ac',11,'2021-06-01 11:49:46');

-- 
-- Definition of ps_stock
-- 

CREATE TABLE IF NOT EXISTS `ps_stock` (
  `id_stock` int(11) unsigned NOT NULL AUTO_INCREMENT,
  `id_warehouse` int(11) unsigned NOT NULL,
  `id_product` int(11) unsigned NOT NULL,
  `id_product_attribute` int(11) unsigned NOT NULL,
  `reference` varchar(64) NOT NULL,
  `ean13` varchar(13) DEFAULT NULL,
  `isbn` varchar(32) DEFAULT NULL,
  `upc` varchar(12) DEFAULT NULL,
  `mpn` varchar(40) DEFAULT NULL,
  `physical_quantity` int(11) unsigned NOT NULL,
  `usable_quantity` int(11) unsigned NOT NULL,
  `price_te` decimal(20,6) DEFAULT '0.000000',
  PRIMARY KEY (`id_stock`),
  KEY `id_warehouse` (`id_warehouse`),
  KEY `id_product` (`id_product`),
  KEY `id_product_attribute` (`id_product_attribute`)
) ENGINE=InnoDB DEFAULT CHARSET=utf8mb4;

-- 
-- Dumping data for table ps_stock
-- 



-- 
-- Definition of ps_stock_available
-- 

CREATE TABLE IF NOT EXISTS `ps_stock_available` (
  `id_stock_available` int(11) unsigned NOT NULL AUTO_INCREMENT,
  `id_product` int(11) unsigned NOT NULL,
  `id_product_attribute` int(11) unsigned NOT NULL,
  `id_shop` int(11) unsigned NOT NULL,
  `id_shop_group` int(11) unsigned NOT NULL,
  `quantity` int(10) NOT NULL DEFAULT '0',
  `physical_quantity` int(11) NOT NULL DEFAULT '0',
  `reserved_quantity` int(11) NOT NULL DEFAULT '0',
  `depends_on_stock` tinyint(1) unsigned NOT NULL DEFAULT '0',
  `out_of_stock` tinyint(1) unsigned NOT NULL DEFAULT '0',
  `location` varchar(255) NOT NULL DEFAULT '',
  PRIMARY KEY (`id_stock_available`),
  UNIQUE KEY `product_sqlstock` (`id_product`,`id_product_attribute`,`id_shop`,`id_shop_group`),
  KEY `id_shop` (`id_shop`),
  KEY `id_shop_group` (`id_shop_group`),
  KEY `id_product` (`id_product`),
  KEY `id_product_attribute` (`id_product_attribute`)
) ENGINE=InnoDB AUTO_INCREMENT=71 DEFAULT CHARSET=utf8mb4;

-- 
-- Dumping data for table ps_stock_available
-- 

INSERT INTO `ps_stock_available`(`id_stock_available`,`id_product`,`id_product_attribute`,`id_shop`,`id_shop_group`,`quantity`,`physical_quantity`,`reserved_quantity`,`depends_on_stock`,`out_of_stock`,`location`) VALUES
(1,1,0,1,0,0,0,0,0,2,''),
(2,2,0,1,0,2100,0,0,0,2,''),
(3,3,0,1,0,0,0,0,0,2,''),
(4,4,0,1,0,0,0,0,0,2,''),
(5,5,0,1,0,0,0,0,0,2,''),
(6,6,0,1,0,300,0,0,0,2,''),
(7,7,0,1,0,300,0,0,0,2,''),
(8,8,0,1,0,300,0,0,0,2,''),
(9,9,0,1,0,0,0,0,0,2,''),
(10,10,0,1,0,0,0,0,0,2,''),
(11,11,0,1,0,0,0,0,0,2,''),
(12,12,0,1,0,300,0,0,0,1,''),
(13,13,0,1,0,300,0,0,0,1,''),
(14,14,0,1,0,300,0,0,0,1,''),
(15,15,0,1,0,100,0,0,0,2,''),
(16,16,0,1,0,0,0,0,0,2,''),
(17,17,0,1,0,0,0,0,0,2,''),
(18,18,0,1,0,0,0,0,0,2,''),
(19,19,0,1,0,300,0,0,0,2,''),
(60,2,9,1,0,1200,0,0,0,2,''),
(62,2,10,1,0,300,0,0,0,2,''),
(64,2,11,1,0,300,0,0,0,2,''),
(66,2,12,1,0,300,0,0,0,2,''),
(70,0,0,1,0,0,0,0,0,0,'');

-- 
-- Definition of ps_stock_mvt
-- 

CREATE TABLE IF NOT EXISTS `ps_stock_mvt` (
  `id_stock_mvt` bigint(20) NOT NULL AUTO_INCREMENT,
  `id_stock` int(11) NOT NULL,
  `id_order` int(11) DEFAULT NULL,
  `id_supply_order` int(11) DEFAULT NULL,
  `id_stock_mvt_reason` int(11) NOT NULL,
  `id_employee` int(11) NOT NULL,
  `employee_lastname` varchar(32) COLLATE utf8mb4_unicode_ci DEFAULT NULL,
  `employee_firstname` varchar(32) COLLATE utf8mb4_unicode_ci DEFAULT NULL,
  `physical_quantity` int(11) NOT NULL,
  `date_add` datetime NOT NULL,
  `sign` smallint(6) NOT NULL DEFAULT '1',
  `price_te` decimal(20,6) DEFAULT '0.000000',
  `last_wa` decimal(20,6) DEFAULT '0.000000',
  `current_wa` decimal(20,6) DEFAULT '0.000000',
  `referer` bigint(20) DEFAULT NULL,
  PRIMARY KEY (`id_stock_mvt`),
  KEY `id_stock` (`id_stock`),
  KEY `id_stock_mvt_reason` (`id_stock_mvt_reason`)
) ENGINE=InnoDB AUTO_INCREMENT=5 DEFAULT CHARSET=utf8mb4 COLLATE=utf8mb4_unicode_ci;

-- 
-- Dumping data for table ps_stock_mvt
-- 

INSERT INTO `ps_stock_mvt`(`id_stock_mvt`,`id_stock`,`id_order`,`id_supply_order`,`id_stock_mvt_reason`,`id_employee`,`employee_lastname`,`employee_firstname`,`physical_quantity`,`date_add`,`sign`,`price_te`,`last_wa`,`current_wa`,`referer`) VALUES
(1,60,NULL,NULL,11,1,'Martínez Alonso','Jose Antonio',1200,'2021-05-24 09:02:31',1,0.000000,0.000000,0.000000,NULL),
(2,62,NULL,NULL,11,1,'Martínez Alonso','Jose Antonio',300,'2021-05-24 09:02:31',1,0.000000,0.000000,0.000000,NULL),
(3,64,NULL,NULL,11,1,'Martínez Alonso','Jose Antonio',300,'2021-05-24 09:02:31',1,0.000000,0.000000,0.000000,NULL),
(4,66,NULL,NULL,11,1,'Martínez Alonso','Jose Antonio',300,'2021-05-24 09:02:31',1,0.000000,0.000000,0.000000,NULL);

-- 
-- Definition of ps_stock_mvt_reason
-- 

CREATE TABLE IF NOT EXISTS `ps_stock_mvt_reason` (
  `id_stock_mvt_reason` int(11) unsigned NOT NULL AUTO_INCREMENT,
  `sign` tinyint(1) NOT NULL DEFAULT '1',
  `date_add` datetime NOT NULL,
  `date_upd` datetime NOT NULL,
  `deleted` tinyint(1) unsigned NOT NULL DEFAULT '0',
  PRIMARY KEY (`id_stock_mvt_reason`)
) ENGINE=InnoDB AUTO_INCREMENT=13 DEFAULT CHARSET=utf8mb4;

-- 
-- Dumping data for table ps_stock_mvt_reason
-- 

INSERT INTO `ps_stock_mvt_reason`(`id_stock_mvt_reason`,`sign`,`date_add`,`date_upd`,`deleted`) VALUES
(1,1,'2021-04-12 15:57:51','2021-04-12 15:57:51',0),
(2,1,'2021-04-12 15:57:51','2021-04-12 15:57:51',0),
(3,1,'2021-04-12 15:57:51','2021-04-12 15:57:51',0),
(4,1,'2021-04-12 15:57:51','2021-04-12 15:57:51',0),
(5,1,'2021-04-12 15:57:51','2021-04-12 15:57:51',0),
(6,1,'2021-04-12 15:57:51','2021-04-12 15:57:51',0),
(7,1,'2021-04-12 15:57:52','2021-04-12 15:57:52',0),
(8,1,'2021-04-12 15:57:52','2021-04-12 15:57:52',0),
(9,1,'2021-04-12 15:57:52','2021-04-12 15:57:52',0),
(10,1,'2021-04-12 15:57:52','2021-04-12 15:57:52',0),
(11,1,'2021-04-12 15:57:52','2021-04-12 15:57:52',0),
(12,1,'2021-04-12 15:57:52','2021-04-12 15:57:52',0);

-- 
-- Definition of ps_stock_mvt_reason_lang
-- 

CREATE TABLE IF NOT EXISTS `ps_stock_mvt_reason_lang` (
  `id_stock_mvt_reason` int(11) unsigned NOT NULL,
  `id_lang` int(11) unsigned NOT NULL,
  `name` varchar(255) CHARACTER SET utf8 NOT NULL,
  PRIMARY KEY (`id_stock_mvt_reason`,`id_lang`)
) ENGINE=InnoDB DEFAULT CHARSET=utf8mb4;

-- 
-- Dumping data for table ps_stock_mvt_reason_lang
-- 

INSERT INTO `ps_stock_mvt_reason_lang`(`id_stock_mvt_reason`,`id_lang`,`name`) VALUES
(1,1,'Incrementar'),
(2,1,'Decrementar'),
(3,1,'Pedido del cliente'),
(4,1,'Regulation following an inventory of stock'),
(5,1,'Regulation following an inventory of stock'),
(6,1,'Transferir a otro almacén'),
(7,1,'Transferir desde otro almacén'),
(8,1,'Pedido de suministros'),
(9,1,'Pedido del cliente'),
(10,1,'Devolver producto'),
(11,1,'Employee Edition'),
(12,1,'Employee Edition');

-- 
-- Definition of ps_store
-- 

CREATE TABLE IF NOT EXISTS `ps_store` (
  `id_store` int(10) unsigned NOT NULL AUTO_INCREMENT,
  `id_country` int(10) unsigned NOT NULL,
  `id_state` int(10) unsigned DEFAULT NULL,
  `city` varchar(64) NOT NULL,
  `postcode` varchar(12) NOT NULL,
  `latitude` decimal(13,8) DEFAULT NULL,
  `longitude` decimal(13,8) DEFAULT NULL,
  `phone` varchar(16) DEFAULT NULL,
  `fax` varchar(16) DEFAULT NULL,
  `email` varchar(255) DEFAULT NULL,
  `active` tinyint(1) unsigned NOT NULL DEFAULT '0',
  `date_add` datetime NOT NULL,
  `date_upd` datetime NOT NULL,
  PRIMARY KEY (`id_store`)
) ENGINE=InnoDB AUTO_INCREMENT=6 DEFAULT CHARSET=utf8mb4;

-- 
-- Dumping data for table ps_store
-- 

INSERT INTO `ps_store`(`id_store`,`id_country`,`id_state`,`city`,`postcode`,`latitude`,`longitude`,`phone`,`fax`,`email`,`active`,`date_add`,`date_upd`) VALUES
(1,21,12,'Miami','33135',25.76500500,-80.24379700,'','','',1,'2021-04-12 15:59:23','2021-04-12 15:59:23'),
(2,21,12,'Miami','33304',26.13793600,-80.13943500,'','','',1,'2021-04-12 15:59:23','2021-04-12 15:59:23'),
(3,21,12,'Miami','33026',26.00998700,-80.29447200,'','','',1,'2021-04-12 15:59:23','2021-04-12 15:59:23'),
(4,21,12,'Miami','33133',25.73629600,-80.24479700,'','','',1,'2021-04-12 15:59:23','2021-04-12 15:59:23'),
(5,21,12,'Miami','33181',25.88674000,-80.16329200,'','','',1,'2021-04-12 15:59:23','2021-04-12 15:59:23');

-- 
-- Definition of ps_store_lang
-- 

CREATE TABLE IF NOT EXISTS `ps_store_lang` (
  `id_store` int(11) unsigned NOT NULL,
  `id_lang` int(11) unsigned NOT NULL,
  `name` varchar(255) NOT NULL,
  `address1` varchar(255) NOT NULL,
  `address2` varchar(255) DEFAULT NULL,
  `hours` text,
  `note` text,
  PRIMARY KEY (`id_store`,`id_lang`)
) ENGINE=InnoDB DEFAULT CHARSET=utf8mb4;

-- 
-- Dumping data for table ps_store_lang
-- 

INSERT INTO `ps_store_lang`(`id_store`,`id_lang`,`name`,`address1`,`address2`,`hours`,`note`) VALUES
(1,1,'Dade County','3030 SW 8th St Miami','',' [[\"09:00AM - 07:00PM\"],[\"09:00AM - 07:00PM\"],[\"09:00AM - 07:00PM\"],[\"09:00AM - 07:00PM\"],[\"09:00AM - 07:00PM\"],[\"10:00AM - 04:00PM\"],[\"10:00AM - 04:00PM\"]]',''),
(2,1,'E Fort Lauderdale','1000 Northeast 4th Ave Fort Lauderdale','',' [[\"09:00AM - 07:00PM\"],[\"09:00AM - 07:00PM\"],[\"09:00AM - 07:00PM\"],[\"09:00AM - 07:00PM\"],[\"09:00AM - 07:00PM\"],[\"10:00AM - 04:00PM\"],[\"10:00AM - 04:00PM\"]]',''),
(3,1,'Pembroke Pines','11001 Pines Blvd Pembroke Pines','',' [[\"09:00AM - 07:00PM\"],[\"09:00AM - 07:00PM\"],[\"09:00AM - 07:00PM\"],[\"09:00AM - 07:00PM\"],[\"09:00AM - 07:00PM\"],[\"10:00AM - 04:00PM\"],[\"10:00AM - 04:00PM\"]]',''),
(4,1,'Coconut Grove','2999 SW 32nd Avenue','',' [[\"09:00AM - 07:00PM\"],[\"09:00AM - 07:00PM\"],[\"09:00AM - 07:00PM\"],[\"09:00AM - 07:00PM\"],[\"09:00AM - 07:00PM\"],[\"10:00AM - 04:00PM\"],[\"10:00AM - 04:00PM\"]]',''),
(5,1,'N Miami/Biscayne','12055 Biscayne Blvd','',' [[\"09:00AM - 07:00PM\"],[\"09:00AM - 07:00PM\"],[\"09:00AM - 07:00PM\"],[\"09:00AM - 07:00PM\"],[\"09:00AM - 07:00PM\"],[\"10:00AM - 04:00PM\"],[\"10:00AM - 04:00PM\"]]','');

-- 
-- Definition of ps_store_shop
-- 

CREATE TABLE IF NOT EXISTS `ps_store_shop` (
  `id_store` int(11) unsigned NOT NULL,
  `id_shop` int(11) unsigned NOT NULL,
  PRIMARY KEY (`id_store`,`id_shop`),
  KEY `id_shop` (`id_shop`)
) ENGINE=InnoDB DEFAULT CHARSET=utf8mb4;

-- 
-- Dumping data for table ps_store_shop
-- 

INSERT INTO `ps_store_shop`(`id_store`,`id_shop`) VALUES
(1,1),
(2,1),
(3,1),
(4,1),
(5,1);

-- 
-- Definition of ps_supplier
-- 

CREATE TABLE IF NOT EXISTS `ps_supplier` (
  `id_supplier` int(10) unsigned NOT NULL AUTO_INCREMENT,
  `name` varchar(64) NOT NULL,
  `date_add` datetime NOT NULL,
  `date_upd` datetime NOT NULL,
  `active` tinyint(1) NOT NULL DEFAULT '0',
  PRIMARY KEY (`id_supplier`)
) ENGINE=InnoDB DEFAULT CHARSET=utf8mb4;

-- 
-- Dumping data for table ps_supplier
-- 



-- 
-- Definition of ps_supplier_lang
-- 

CREATE TABLE IF NOT EXISTS `ps_supplier_lang` (
  `id_supplier` int(10) unsigned NOT NULL,
  `id_lang` int(10) unsigned NOT NULL,
  `description` text,
  `meta_title` varchar(255) DEFAULT NULL,
  `meta_keywords` varchar(255) DEFAULT NULL,
  `meta_description` varchar(512) DEFAULT NULL,
  PRIMARY KEY (`id_supplier`,`id_lang`)
) ENGINE=InnoDB DEFAULT CHARSET=utf8mb4;

-- 
-- Dumping data for table ps_supplier_lang
-- 



-- 
-- Definition of ps_supplier_shop
-- 

CREATE TABLE IF NOT EXISTS `ps_supplier_shop` (
  `id_supplier` int(11) unsigned NOT NULL,
  `id_shop` int(11) unsigned NOT NULL,
  PRIMARY KEY (`id_supplier`,`id_shop`),
  KEY `id_shop` (`id_shop`)
) ENGINE=InnoDB DEFAULT CHARSET=utf8mb4;

-- 
-- Dumping data for table ps_supplier_shop
-- 



-- 
-- Definition of ps_supply_order
-- 

CREATE TABLE IF NOT EXISTS `ps_supply_order` (
  `id_supply_order` int(11) unsigned NOT NULL AUTO_INCREMENT,
  `id_supplier` int(11) unsigned NOT NULL,
  `supplier_name` varchar(64) NOT NULL,
  `id_lang` int(11) unsigned NOT NULL,
  `id_warehouse` int(11) unsigned NOT NULL,
  `id_supply_order_state` int(11) unsigned NOT NULL,
  `id_currency` int(11) unsigned NOT NULL,
  `id_ref_currency` int(11) unsigned NOT NULL,
  `reference` varchar(64) NOT NULL,
  `date_add` datetime NOT NULL,
  `date_upd` datetime NOT NULL,
  `date_delivery_expected` datetime DEFAULT NULL,
  `total_te` decimal(20,6) DEFAULT '0.000000',
  `total_with_discount_te` decimal(20,6) DEFAULT '0.000000',
  `total_tax` decimal(20,6) DEFAULT '0.000000',
  `total_ti` decimal(20,6) DEFAULT '0.000000',
  `discount_rate` decimal(20,6) DEFAULT '0.000000',
  `discount_value_te` decimal(20,6) DEFAULT '0.000000',
  `is_template` tinyint(1) DEFAULT '0',
  PRIMARY KEY (`id_supply_order`),
  KEY `id_supplier` (`id_supplier`),
  KEY `id_warehouse` (`id_warehouse`),
  KEY `reference` (`reference`)
) ENGINE=InnoDB DEFAULT CHARSET=utf8mb4;

-- 
-- Dumping data for table ps_supply_order
-- 



-- 
-- Definition of ps_supply_order_detail
-- 

CREATE TABLE IF NOT EXISTS `ps_supply_order_detail` (
  `id_supply_order_detail` int(11) unsigned NOT NULL AUTO_INCREMENT,
  `id_supply_order` int(11) unsigned NOT NULL,
  `id_currency` int(11) unsigned NOT NULL,
  `id_product` int(11) unsigned NOT NULL,
  `id_product_attribute` int(11) unsigned NOT NULL,
  `reference` varchar(64) NOT NULL,
  `supplier_reference` varchar(64) NOT NULL,
  `name` varchar(128) NOT NULL,
  `ean13` varchar(13) DEFAULT NULL,
  `isbn` varchar(32) DEFAULT NULL,
  `upc` varchar(12) DEFAULT NULL,
  `mpn` varchar(40) DEFAULT NULL,
  `exchange_rate` decimal(20,6) DEFAULT '0.000000',
  `unit_price_te` decimal(20,6) DEFAULT '0.000000',
  `quantity_expected` int(11) unsigned NOT NULL,
  `quantity_received` int(11) unsigned NOT NULL,
  `price_te` decimal(20,6) DEFAULT '0.000000',
  `discount_rate` decimal(20,6) DEFAULT '0.000000',
  `discount_value_te` decimal(20,6) DEFAULT '0.000000',
  `price_with_discount_te` decimal(20,6) DEFAULT '0.000000',
  `tax_rate` decimal(20,6) DEFAULT '0.000000',
  `tax_value` decimal(20,6) DEFAULT '0.000000',
  `price_ti` decimal(20,6) DEFAULT '0.000000',
  `tax_value_with_order_discount` decimal(20,6) DEFAULT '0.000000',
  `price_with_order_discount_te` decimal(20,6) DEFAULT '0.000000',
  PRIMARY KEY (`id_supply_order_detail`),
  KEY `id_supply_order` (`id_supply_order`,`id_product`),
  KEY `id_product_attribute` (`id_product_attribute`),
  KEY `id_product_product_attribute` (`id_product`,`id_product_attribute`)
) ENGINE=InnoDB DEFAULT CHARSET=utf8mb4;

-- 
-- Dumping data for table ps_supply_order_detail
-- 



-- 
-- Definition of ps_supply_order_history
-- 

CREATE TABLE IF NOT EXISTS `ps_supply_order_history` (
  `id_supply_order_history` int(11) unsigned NOT NULL AUTO_INCREMENT,
  `id_supply_order` int(11) unsigned NOT NULL,
  `id_employee` int(11) unsigned NOT NULL,
  `employee_lastname` varchar(255) DEFAULT '',
  `employee_firstname` varchar(255) DEFAULT '',
  `id_state` int(11) unsigned NOT NULL,
  `date_add` datetime NOT NULL,
  PRIMARY KEY (`id_supply_order_history`),
  KEY `id_supply_order` (`id_supply_order`),
  KEY `id_employee` (`id_employee`),
  KEY `id_state` (`id_state`)
) ENGINE=InnoDB DEFAULT CHARSET=utf8mb4;

-- 
-- Dumping data for table ps_supply_order_history
-- 



-- 
-- Definition of ps_supply_order_receipt_history
-- 

CREATE TABLE IF NOT EXISTS `ps_supply_order_receipt_history` (
  `id_supply_order_receipt_history` int(11) unsigned NOT NULL AUTO_INCREMENT,
  `id_supply_order_detail` int(11) unsigned NOT NULL,
  `id_employee` int(11) unsigned NOT NULL,
  `employee_lastname` varchar(255) DEFAULT '',
  `employee_firstname` varchar(255) DEFAULT '',
  `id_supply_order_state` int(11) unsigned NOT NULL,
  `quantity` int(11) unsigned NOT NULL,
  `date_add` datetime NOT NULL,
  PRIMARY KEY (`id_supply_order_receipt_history`),
  KEY `id_supply_order_detail` (`id_supply_order_detail`),
  KEY `id_supply_order_state` (`id_supply_order_state`)
) ENGINE=InnoDB DEFAULT CHARSET=utf8mb4;

-- 
-- Dumping data for table ps_supply_order_receipt_history
-- 



-- 
-- Definition of ps_supply_order_state
-- 

CREATE TABLE IF NOT EXISTS `ps_supply_order_state` (
  `id_supply_order_state` int(11) unsigned NOT NULL AUTO_INCREMENT,
  `delivery_note` tinyint(1) NOT NULL DEFAULT '0',
  `editable` tinyint(1) NOT NULL DEFAULT '0',
  `receipt_state` tinyint(1) NOT NULL DEFAULT '0',
  `pending_receipt` tinyint(1) NOT NULL DEFAULT '0',
  `enclosed` tinyint(1) NOT NULL DEFAULT '0',
  `color` varchar(32) DEFAULT NULL,
  PRIMARY KEY (`id_supply_order_state`)
) ENGINE=InnoDB AUTO_INCREMENT=7 DEFAULT CHARSET=utf8mb4;

-- 
-- Dumping data for table ps_supply_order_state
-- 

INSERT INTO `ps_supply_order_state`(`id_supply_order_state`,`delivery_note`,`editable`,`receipt_state`,`pending_receipt`,`enclosed`,`color`) VALUES
(1,0,1,0,0,0,'#faab00'),
(2,1,0,0,0,0,'#273cff'),
(3,0,0,0,1,0,'#ff37f5'),
(4,0,0,1,1,0,'#ff3e33'),
(5,0,0,1,0,1,'#00d60c'),
(6,0,0,0,0,1,'#666666');

-- 
-- Definition of ps_supply_order_state_lang
-- 

CREATE TABLE IF NOT EXISTS `ps_supply_order_state_lang` (
  `id_supply_order_state` int(11) unsigned NOT NULL,
  `id_lang` int(11) unsigned NOT NULL,
  `name` varchar(128) DEFAULT NULL,
  PRIMARY KEY (`id_supply_order_state`,`id_lang`)
) ENGINE=InnoDB DEFAULT CHARSET=utf8mb4;

-- 
-- Dumping data for table ps_supply_order_state_lang
-- 

INSERT INTO `ps_supply_order_state_lang`(`id_supply_order_state`,`id_lang`,`name`) VALUES
(1,1,'1 - Creación en proceso'),
(2,1,'2 - Pedido validado'),
(3,1,'3 - Pendiente de recepción'),
(4,1,'4 - Pedido recibido parcialmente'),
(5,1,'5 - Pedido recibido al completo'),
(6,1,'6 - Pedido cancelado');

-- 
-- Definition of ps_tab
-- 

CREATE TABLE IF NOT EXISTS `ps_tab` (
  `id_tab` int(11) NOT NULL AUTO_INCREMENT,
  `id_parent` int(11) NOT NULL,
  `position` int(11) NOT NULL,
  `module` varchar(64) COLLATE utf8mb4_unicode_ci DEFAULT NULL,
  `class_name` varchar(64) COLLATE utf8mb4_unicode_ci NOT NULL,
  `route_name` varchar(256) COLLATE utf8mb4_unicode_ci DEFAULT NULL,
  `active` tinyint(1) NOT NULL,
  `enabled` tinyint(1) NOT NULL,
  `hide_host_mode` tinyint(1) NOT NULL,
  `icon` varchar(32) COLLATE utf8mb4_unicode_ci DEFAULT NULL,
  PRIMARY KEY (`id_tab`)
) ENGINE=InnoDB AUTO_INCREMENT=156 DEFAULT CHARSET=utf8mb4 COLLATE=utf8mb4_unicode_ci;

-- 
-- Dumping data for table ps_tab
-- 

INSERT INTO `ps_tab`(`id_tab`,`id_parent`,`position`,`module`,`class_name`,`route_name`,`active`,`enabled`,`hide_host_mode`,`icon`) VALUES
(1,0,0,NULL,'AdminDashboard',NULL,1,1,0,'trending_up'),
(2,0,1,NULL,'SELL',NULL,1,1,0,''),
(3,2,0,NULL,'AdminParentOrders',NULL,1,1,0,'shopping_basket'),
(4,3,0,NULL,'AdminOrders',NULL,1,1,0,''),
(5,3,1,NULL,'AdminInvoices',NULL,1,1,0,''),
(6,3,2,NULL,'AdminSlip',NULL,1,1,0,''),
(7,3,3,NULL,'AdminDeliverySlip',NULL,1,1,0,''),
(8,3,4,NULL,'AdminCarts',NULL,1,1,0,''),
(9,2,1,NULL,'AdminCatalog',NULL,1,1,0,'store'),
(10,9,0,NULL,'AdminProducts',NULL,1,1,0,''),
(11,9,1,NULL,'AdminCategories',NULL,1,1,0,''),
(12,9,2,NULL,'AdminTracking',NULL,1,1,0,''),
(13,9,3,NULL,'AdminParentAttributesGroups',NULL,1,1,0,''),
(14,13,0,NULL,'AdminAttributesGroups',NULL,1,1,0,''),
(15,13,1,NULL,'AdminFeatures',NULL,1,1,0,''),
(16,9,4,NULL,'AdminParentManufacturers',NULL,1,1,0,''),
(17,16,0,NULL,'AdminManufacturers',NULL,1,1,0,''),
(18,16,1,NULL,'AdminSuppliers',NULL,1,1,0,''),
(19,9,5,NULL,'AdminAttachments',NULL,1,1,0,''),
(20,9,6,NULL,'AdminParentCartRules',NULL,1,1,0,''),
(21,20,0,NULL,'AdminCartRules',NULL,1,1,0,''),
(22,20,1,NULL,'AdminSpecificPriceRule',NULL,1,1,0,''),
(23,9,7,NULL,'AdminStockManagement',NULL,1,1,0,''),
(24,2,2,NULL,'AdminParentCustomer',NULL,1,1,0,'account_circle'),
(25,24,0,NULL,'AdminCustomers',NULL,1,1,0,''),
(26,24,1,NULL,'AdminAddresses',NULL,1,1,0,''),
(27,24,2,NULL,'AdminOutstanding',NULL,0,1,0,''),
(28,2,3,NULL,'AdminParentCustomerThreads',NULL,1,1,0,'chat'),
(29,28,0,NULL,'AdminCustomerThreads',NULL,1,1,0,''),
(30,28,1,NULL,'AdminOrderMessage',NULL,1,1,0,''),
(31,28,2,NULL,'AdminReturn',NULL,1,1,0,''),
(32,2,4,NULL,'AdminStats',NULL,1,1,0,'assessment'),
(33,2,5,NULL,'AdminStock',NULL,1,1,0,'store'),
(34,33,0,NULL,'AdminWarehouses',NULL,1,1,0,''),
(35,33,1,NULL,'AdminParentStockManagement',NULL,1,1,0,''),
(36,35,0,NULL,'AdminStockManagement',NULL,1,1,0,''),
(37,36,0,NULL,'AdminStockMvt',NULL,1,1,0,''),
(38,36,1,NULL,'AdminStockInstantState',NULL,1,1,0,''),
(39,36,2,NULL,'AdminStockCover',NULL,1,1,0,''),
(40,33,2,NULL,'AdminSupplyOrders',NULL,1,1,0,''),
(41,33,3,NULL,'AdminStockConfiguration',NULL,1,1,0,''),
(42,0,2,NULL,'IMPROVE',NULL,1,1,0,''),
(43,42,0,NULL,'AdminParentModulesSf',NULL,1,1,0,'extension'),
(44,43,0,NULL,'AdminModulesSf',NULL,1,1,0,''),
(45,44,0,NULL,'AdminModulesManage',NULL,1,1,0,''),
(46,44,1,NULL,'AdminModulesNotifications',NULL,1,1,0,''),
(47,44,2,NULL,'AdminModulesUpdates',NULL,1,1,0,''),
(48,43,1,NULL,'AdminParentModulesCatalog',NULL,1,1,0,''),
(49,48,0,'','AdminModulesCatalog','',0,1,0,''),
(50,48,1,'','AdminAddonsCatalog','',0,1,0,''),
(51,43,2,NULL,'AdminModules',NULL,0,1,0,''),
(52,42,1,NULL,'AdminParentThemes',NULL,1,1,0,'desktop_mac'),
(53,126,1,'','AdminThemes','',1,1,0,''),
(54,52,2,'','AdminThemesCatalog','',0,1,0,''),
(55,52,4,NULL,'AdminParentMailTheme',NULL,1,1,0,''),
(56,55,0,NULL,'AdminMailTheme',NULL,1,1,0,''),
(57,52,5,NULL,'AdminCmsContent',NULL,1,1,0,''),
(58,52,6,NULL,'AdminModulesPositions',NULL,1,1,0,''),
(59,52,7,NULL,'AdminImages',NULL,1,1,0,''),
(60,42,2,NULL,'AdminParentShipping',NULL,1,1,0,'local_shipping'),
(61,60,0,NULL,'AdminCarriers',NULL,1,1,0,''),
(62,60,1,NULL,'AdminShipping',NULL,1,1,0,''),
(63,42,3,NULL,'AdminParentPayment',NULL,1,1,0,'payment'),
(64,63,0,NULL,'AdminPayment',NULL,1,1,0,''),
(65,63,1,NULL,'AdminPaymentPreferences',NULL,1,1,0,''),
(66,42,4,NULL,'AdminInternational',NULL,1,1,0,'language'),
(67,66,0,NULL,'AdminParentLocalization',NULL,1,1,0,''),
(68,67,0,NULL,'AdminLocalization',NULL,1,1,0,''),
(69,67,1,NULL,'AdminLanguages',NULL,1,1,0,''),
(70,67,2,NULL,'AdminCurrencies',NULL,1,1,0,''),
(71,67,3,NULL,'AdminGeolocation',NULL,1,1,0,''),
(72,66,1,NULL,'AdminParentCountries',NULL,1,1,0,''),
(73,72,0,NULL,'AdminZones',NULL,1,1,0,''),
(74,72,1,NULL,'AdminCountries',NULL,1,1,0,''),
(75,72,2,NULL,'AdminStates',NULL,1,1,0,''),
(76,66,2,NULL,'AdminParentTaxes',NULL,1,1,0,''),
(77,76,0,NULL,'AdminTaxes',NULL,1,1,0,''),
(78,76,1,NULL,'AdminTaxRulesGroup',NULL,1,1,0,''),
(79,66,3,NULL,'AdminTranslations',NULL,1,1,0,''),
(80,0,3,NULL,'CONFIGURE',NULL,1,1,0,''),
(81,80,0,NULL,'ShopParameters',NULL,1,1,0,'settings'),
(82,81,0,NULL,'AdminParentPreferences',NULL,1,1,0,''),
(83,82,0,NULL,'AdminPreferences',NULL,1,1,0,''),
(84,82,1,NULL,'AdminMaintenance',NULL,1,1,0,''),
(85,81,1,NULL,'AdminParentOrderPreferences',NULL,1,1,0,''),
(86,85,0,NULL,'AdminOrderPreferences',NULL,1,1,0,''),
(87,85,1,NULL,'AdminStatuses',NULL,1,1,0,''),
(88,81,2,NULL,'AdminPPreferences',NULL,1,1,0,''),
(89,81,3,NULL,'AdminParentCustomerPreferences',NULL,1,1,0,''),
(90,89,0,NULL,'AdminCustomerPreferences',NULL,1,1,0,''),
(91,89,1,NULL,'AdminGroups',NULL,1,1,0,''),
(92,89,2,NULL,'AdminGenders',NULL,1,1,0,''),
(93,81,4,NULL,'AdminParentStores',NULL,1,1,0,''),
(94,93,0,NULL,'AdminContacts',NULL,1,1,0,''),
(95,93,1,NULL,'AdminStores',NULL,1,1,0,''),
(96,81,5,NULL,'AdminParentMeta',NULL,1,1,0,''),
(97,96,0,NULL,'AdminMeta',NULL,1,1,0,''),
(98,96,1,NULL,'AdminSearchEngines',NULL,1,1,0,''),
(99,96,2,NULL,'AdminReferrers',NULL,1,1,0,''),
(100,81,6,NULL,'AdminParentSearchConf',NULL,1,1,0,''),
(101,100,0,NULL,'AdminSearchConf',NULL,1,1,0,''),
(102,100,1,NULL,'AdminTags',NULL,1,1,0,''),
(103,80,1,NULL,'AdminAdvancedParameters',NULL,1,1,0,'settings_applications'),
(104,103,0,NULL,'AdminInformation',NULL,1,1,0,''),
(105,103,1,NULL,'AdminPerformance',NULL,1,1,0,''),
(106,103,2,NULL,'AdminAdminPreferences',NULL,1,1,0,''),
(107,103,3,NULL,'AdminEmails',NULL,1,1,0,''),
(108,103,4,NULL,'AdminImport',NULL,1,1,0,''),
(109,103,5,NULL,'AdminParentEmployees',NULL,1,1,0,''),
(110,109,0,NULL,'AdminEmployees',NULL,1,1,0,''),
(111,109,1,NULL,'AdminProfiles',NULL,1,1,0,''),
(112,109,2,NULL,'AdminAccess',NULL,1,1,0,''),
(113,103,6,NULL,'AdminParentRequestSql',NULL,1,1,0,''),
(114,113,0,NULL,'AdminRequestSql',NULL,1,1,0,''),
(115,113,1,NULL,'AdminBackup',NULL,1,1,0,''),
(116,103,7,NULL,'AdminLogs',NULL,1,1,0,''),
(117,103,8,NULL,'AdminWebservice',NULL,1,1,0,''),
(118,103,9,NULL,'AdminShopGroup',NULL,0,1,0,''),
(119,103,10,NULL,'AdminShopUrl',NULL,0,1,0,''),
(120,-1,0,NULL,'AdminQuickAccesses',NULL,1,1,0,''),
(121,0,4,NULL,'DEFAULT',NULL,1,1,0,''),
(122,-1,1,NULL,'AdminPatterns',NULL,1,1,0,''),
(123,-1,2,'dashgoals','AdminDashgoals','',1,1,0,''),
(124,-1,3,'ps_faviconnotificationbo','AdminConfigureFaviconBo','',1,1,0,''),
(126,52,1,'','AdminThemesParent','',1,1,0,''),
(127,126,2,'ps_themecusto','AdminPsThemeCustoConfiguration','',1,1,0,''),
(128,126,3,'ps_themecusto','AdminPsThemeCustoAdvanced','',1,1,0,''),
(129,0,5,'welcome','AdminWelcome','',1,1,0,''),
(130,81,7,'gamification','AdminGamification','',1,1,0,''),
(131,42,5,'emarketing','AdminEmarketing','',1,1,0,'track_changes'),
(132,-1,4,'psgdpr','AdminAjaxPsgdpr','',1,1,0,''),
(133,-1,5,'psgdpr','AdminDownloadInvoicesPsgdpr','',1,1,0,''),
(134,48,0,'ps_mbo','AdminPsMboModule','',1,1,0,''),
(135,48,1,'ps_mbo','AdminPsMboAddons','',1,1,0,''),
(136,-1,0,'ps_mbo','AdminPsMboRecommended','',1,1,0,''),
(137,52,3,'ps_mbo','AdminPsMboTheme','',1,1,0,''),
(138,-1,6,'ps_buybuttonlite','AdminAjaxPs_buybuttonlite','',1,1,0,''),
(139,-1,7,'ps_checkout','AdminAjaxPrestashopCheckout','',1,1,0,''),
(140,-1,8,'ps_checkout','AdminPaypalOnboardingPrestashopCheckout','',1,1,0,''),
(141,-1,9,'ps_metrics','AdminOauthCallback','',1,1,0,''),
(142,-1,10,'ps_metrics','AdminAjaxDashboard','',1,1,0,''),
(143,-1,11,'ps_metrics','AdminAjaxSettings','',1,1,0,''),
(144,0,6,'ps_accounts','AdminConfigureHmacPsAccounts','',0,1,0,''),
(145,0,7,'ps_accounts','AdminAjaxPsAccounts','',0,1,0,''),
(146,0,8,'ps_accounts','AdminResetOnboarding','',0,1,0,''),
(147,0,9,'ps_accounts','AdminDebugPsAccounts','',0,1,0,''),
(148,0,10,'ps_accounts','AdminGetOrRefreshToken','',0,1,0,''),
(149,0,11,'blockreassurance','AdminBlockListing','',0,1,0,''),
(150,0,12,'imaxhomebanners','AdminInformax','',1,1,0,''),
(151,150,1,'imaxhomebanners','AdminImaxHomeBanners','',1,1,0,''),
(152,150,2,'imaxlinks','AdminImaxLinks','',1,1,0,''),
(153,52,8,'ps_linklist','AdminLinkWidget','admin_link_block_list',1,1,0,''),
(154,43,3,'leobootstrapmenu','AdminLeoBootstrapMenuModule','',1,1,0,''),
(155,-1,12,'leobootstrapmenu','AdminLeoWidgets','',1,1,0,'');

-- 
-- Definition of ps_tab_advice
-- 

CREATE TABLE IF NOT EXISTS `ps_tab_advice` (
  `id_tab` int(11) NOT NULL,
  `id_advice` int(11) NOT NULL,
  PRIMARY KEY (`id_tab`,`id_advice`)
) ENGINE=InnoDB DEFAULT CHARSET=utf8;

-- 
-- Dumping data for table ps_tab_advice
-- 



-- 
-- Definition of ps_tab_lang
-- 

CREATE TABLE IF NOT EXISTS `ps_tab_lang` (
  `id_tab` int(11) NOT NULL,
  `id_lang` int(11) NOT NULL,
  `name` varchar(128) COLLATE utf8mb4_unicode_ci NOT NULL,
  PRIMARY KEY (`id_tab`,`id_lang`),
  KEY `IDX_CFD9262DED47AB56` (`id_tab`),
  KEY `IDX_CFD9262DBA299860` (`id_lang`)
) ENGINE=InnoDB DEFAULT CHARSET=utf8mb4 COLLATE=utf8mb4_unicode_ci;

-- 
-- Dumping data for table ps_tab_lang
-- 

INSERT INTO `ps_tab_lang`(`id_tab`,`id_lang`,`name`) VALUES
(1,1,'Inicio'),
(2,1,'Vender'),
(3,1,'Pedidos'),
(4,1,'Pedidos'),
(5,1,'Facturas'),
(6,1,'Facturas por abono'),
(7,1,'Albaranes de entrega'),
(8,1,'Carritos de compra'),
(9,1,'Catálogo'),
(10,1,'Productos'),
(11,1,'Categorías'),
(12,1,'Monitoreo'),
(13,1,'Atributos y Características'),
(14,1,'Atributos'),
(15,1,'Características'),
(16,1,'Marcas y Proveedores'),
(17,1,'Marcas'),
(18,1,'Proveedores'),
(19,1,'Archivos'),
(20,1,'Descuentos'),
(21,1,'Reglas del carrito'),
(22,1,'Reglas de precio del catálogo'),
(23,1,'Stocks'),
(24,1,'Clientes'),
(25,1,'Clientes'),
(26,1,'Direcciones'),
(27,1,'Saldo pendiente por cobrar'),
(28,1,'Servicio al Cliente'),
(29,1,'Servicio al Cliente'),
(30,1,'Mensajes de Pedidos'),
(31,1,'Devoluciones de mercancía'),
(32,1,'Estadísticas'),
(34,1,'Almacenes'),
(35,1,'Gestión de stock'),
(36,1,'Gestión de stock'),
(37,1,'Movimiento de Stock'),
(38,1,'Estado actual del stock'),
(39,1,'Cobertura de stock'),
(40,1,'Pedidos de suministros'),
(41,1,'Configuración'),
(42,1,'Personalizar'),
(43,1,'Módulos'),
(44,1,'Gestor de módulo'),
(45,1,'Módulos'),
(46,1,'Alertas'),
(47,1,'Actualizaciones'),
(48,1,'Catálogo de Módulos'),
(49,1,'Catálogo de Módulos'),
(50,1,'Module Selections'),
(52,1,'Diseño'),
(53,1,'Tema y logotipo'),
(54,1,'Catálogo de Temas'),
(55,1,'Tema Email'),
(56,1,'Tema Email'),
(57,1,'Páginas'),
(58,1,'Posiciones'),
(59,1,'Ajustes de imágenes'),
(60,1,'Transporte'),
(61,1,'Transportistas'),
(62,1,'Preferencias'),
(63,1,'Pago'),
(64,1,'Métodos de pago'),
(65,1,'Preferencias'),
(66,1,'Internacional'),
(67,1,'Localización'),
(68,1,'Localización'),
(69,1,'Idiomas'),
(70,1,'Monedas'),
(71,1,'Geolocalización'),
(72,1,'Ubicaciones Geográficas'),
(73,1,'Zonas'),
(74,1,'Países'),
(75,1,'Provincias'),
(76,1,'Impuestos'),
(77,1,'Impuestos'),
(78,1,'Reglas de impuestos'),
(79,1,'Traducciones'),
(80,1,'Configurar'),
(81,1,'Parámetros de la tienda'),
(82,1,'Configuración'),
(83,1,'Configuración'),
(84,1,'Mantenimiento'),
(85,1,'Configuración de Pedidos'),
(86,1,'Configuración de Pedidos'),
(87,1,'Estados'),
(88,1,'Configuración de Productos'),
(89,1,'Ajustes sobre clientes'),
(90,1,'Clientes'),
(91,1,'Grupos'),
(92,1,'Tratamientos'),
(93,1,'Contacto'),
(94,1,'Contacto'),
(95,1,'Tiendas'),
(96,1,'Tráfico & SEO'),
(97,1,'SEO y URLs'),
(98,1,'Motores de búsqueda'),
(99,1,'Afiliados'),
(100,1,'Buscar'),
(101,1,'Buscar'),
(102,1,'Etiquetas'),
(103,1,'Parámetros Avanzados'),
(104,1,'Información'),
(105,1,'Rendimiento'),
(106,1,'Administración'),
(107,1,'Dirección de correo electrónico'),
(108,1,'Importar'),
(109,1,'Equipo'),
(110,1,'Empleados'),
(111,1,'Perfiles'),
(112,1,'Permisos'),
(113,1,'Base de datos'),
(114,1,'Gestor SQL'),
(115,1,'Respaldar BD'),
(116,1,'Registros/Logs'),
(117,1,'Webservice'),
(118,1,'Multitienda'),
(119,1,'Multitienda'),
(120,1,'Acceso rápido'),
(121,1,'Más'),
(123,1,'Dashgoals'),
(124,1,'Notificaciones de Pedidos sobre el Favicon'),
(126,1,'Tema y logotipo'),
(127,1,'Paginas configuracion'),
(128,1,'Personalización avanzada'),
(129,1,'Welcome'),
(130,1,'Merchant Expertise'),
(131,1,'Advertising'),
(132,1,'Cumplimiento del RGPD de PrestaShop'),
(133,1,'Cumplimiento del RGPD de PrestaShop'),
(134,1,'Catálogo de Módulos'),
(135,1,'Module Selections'),
(136,1,'Module recommended'),
(137,1,'Catálogo de Temas'),
(138,1,'ps_buybuttonlite'),
(139,1,'PrestaShop Checkout'),
(140,1,'PrestaShop Checkout'),
(141,1,'PrestaShop Metrics'),
(142,1,'PrestaShop Metrics'),
(143,1,'PrestaShop Metrics'),
(144,1,'PrestaShop Account'),
(145,1,'PrestaShop Account'),
(146,1,'PrestaShop Account'),
(147,1,'AdminDebugPsAccounts'),
(148,1,'AdminGetOrRefreshToken'),
(149,1,'AdminBlockListing'),
(150,1,'Informax'),
(151,1,'Imax Home Banner'),
(152,1,'Imax Links'),
(153,1,'Link Widget'),
(154,1,'Leo Megamenu Configuration'),
(155,1,'Leo Widgets');

-- 
-- Definition of ps_tab_module_preference
-- 

CREATE TABLE IF NOT EXISTS `ps_tab_module_preference` (
  `id_tab_module_preference` int(11) NOT NULL AUTO_INCREMENT,
  `id_employee` int(11) NOT NULL,
  `id_tab` int(11) NOT NULL,
  `module` varchar(191) NOT NULL,
  PRIMARY KEY (`id_tab_module_preference`),
  UNIQUE KEY `employee_module` (`id_employee`,`id_tab`,`module`)
) ENGINE=InnoDB DEFAULT CHARSET=utf8mb4;

-- 
-- Dumping data for table ps_tab_module_preference
-- 



-- 
-- Definition of ps_tag
-- 

CREATE TABLE IF NOT EXISTS `ps_tag` (
  `id_tag` int(10) unsigned NOT NULL AUTO_INCREMENT,
  `id_lang` int(10) unsigned NOT NULL,
  `name` varchar(32) NOT NULL,
  PRIMARY KEY (`id_tag`),
  KEY `tag_name` (`name`),
  KEY `id_lang` (`id_lang`)
) ENGINE=InnoDB DEFAULT CHARSET=utf8mb4;

-- 
-- Dumping data for table ps_tag
-- 



-- 
-- Definition of ps_tag_count
-- 

CREATE TABLE IF NOT EXISTS `ps_tag_count` (
  `id_group` int(10) unsigned NOT NULL DEFAULT '0',
  `id_tag` int(10) unsigned NOT NULL DEFAULT '0',
  `id_lang` int(10) unsigned NOT NULL DEFAULT '0',
  `id_shop` int(11) unsigned NOT NULL DEFAULT '0',
  `counter` int(10) unsigned NOT NULL DEFAULT '0',
  PRIMARY KEY (`id_group`,`id_tag`),
  KEY `id_group` (`id_group`,`id_lang`,`id_shop`,`counter`)
) ENGINE=InnoDB DEFAULT CHARSET=utf8mb4;

-- 
-- Dumping data for table ps_tag_count
-- 



-- 
-- Definition of ps_tax
-- 

CREATE TABLE IF NOT EXISTS `ps_tax` (
  `id_tax` int(10) unsigned NOT NULL AUTO_INCREMENT,
  `rate` decimal(10,3) NOT NULL,
  `active` tinyint(1) unsigned NOT NULL DEFAULT '1',
  `deleted` tinyint(1) unsigned NOT NULL DEFAULT '0',
  PRIMARY KEY (`id_tax`)
) ENGINE=InnoDB AUTO_INCREMENT=31 DEFAULT CHARSET=utf8mb4;

-- 
-- Dumping data for table ps_tax
-- 

INSERT INTO `ps_tax`(`id_tax`,`rate`,`active`,`deleted`) VALUES
(1,21.000,1,0),
(2,10.000,1,0),
(3,4.000,1,0),
(4,20.000,1,0),
(5,21.000,1,0),
(6,20.000,1,0),
(7,19.000,1,0),
(8,21.000,1,0),
(9,19.000,1,0),
(10,25.000,1,0),
(11,20.000,1,0),
(12,24.000,1,0),
(13,20.000,1,0),
(14,20.000,1,0),
(15,24.000,1,0),
(16,25.000,1,0),
(17,27.000,1,0),
(18,23.000,1,0),
(19,22.000,1,0),
(20,21.000,1,0),
(21,17.000,1,0),
(22,21.000,1,0),
(23,18.000,1,0),
(24,21.000,1,0),
(25,23.000,1,0),
(26,23.000,1,0),
(27,19.000,1,0),
(28,25.000,1,0),
(29,22.000,1,0),
(30,20.000,1,0);

-- 
-- Definition of ps_tax_lang
-- 

CREATE TABLE IF NOT EXISTS `ps_tax_lang` (
  `id_tax` int(10) unsigned NOT NULL,
  `id_lang` int(10) unsigned NOT NULL,
  `name` varchar(32) NOT NULL,
  PRIMARY KEY (`id_tax`,`id_lang`)
) ENGINE=InnoDB DEFAULT CHARSET=utf8mb4;

-- 
-- Dumping data for table ps_tax_lang
-- 

INSERT INTO `ps_tax_lang`(`id_tax`,`id_lang`,`name`) VALUES
(1,1,'IVA ES 21%'),
(2,1,'IVA ES 10%'),
(3,1,'IVA ES 4%'),
(4,1,'USt. AT 20%'),
(5,1,'TVA BE 21%'),
(6,1,'ДДС BG 20%'),
(7,1,'ΦΠΑ CY 19%'),
(8,1,'DPH CZ 21%'),
(9,1,'MwSt. DE 19%'),
(10,1,'moms DK 25%'),
(11,1,'km EE 20%'),
(12,1,'ALV FI 24%'),
(13,1,'TVA FR 20%'),
(14,1,'VAT UK 20%'),
(15,1,'ΦΠΑ GR 24%'),
(16,1,'Croatia PDV 25%'),
(17,1,'ÁFA HU 27%'),
(18,1,'VAT IE 23%'),
(19,1,'IVA IT 22%'),
(20,1,'PVM LT 21%'),
(21,1,'TVA LU 17%'),
(22,1,'PVN LV 21%'),
(23,1,'VAT MT 18%'),
(24,1,'BTW NL 21%'),
(25,1,'PTU PL 23%'),
(26,1,'IVA PT 23%'),
(27,1,'TVA RO 19%'),
(28,1,'Moms SE 25%'),
(29,1,'DDV SI 22%'),
(30,1,'DPH SK 20%');

-- 
-- Definition of ps_tax_rule
-- 

CREATE TABLE IF NOT EXISTS `ps_tax_rule` (
  `id_tax_rule` int(11) NOT NULL AUTO_INCREMENT,
  `id_tax_rules_group` int(11) NOT NULL,
  `id_country` int(11) NOT NULL,
  `id_state` int(11) NOT NULL,
  `zipcode_from` varchar(12) NOT NULL,
  `zipcode_to` varchar(12) NOT NULL,
  `id_tax` int(11) NOT NULL,
  `behavior` int(11) NOT NULL,
  `description` varchar(100) NOT NULL,
  PRIMARY KEY (`id_tax_rule`),
  KEY `id_tax_rules_group` (`id_tax_rules_group`),
  KEY `id_tax` (`id_tax`),
  KEY `category_getproducts` (`id_tax_rules_group`,`id_country`,`id_state`,`zipcode_from`)
) ENGINE=InnoDB AUTO_INCREMENT=164 DEFAULT CHARSET=utf8mb4;

-- 
-- Dumping data for table ps_tax_rule
-- 

INSERT INTO `ps_tax_rule`(`id_tax_rule`,`id_tax_rules_group`,`id_country`,`id_state`,`zipcode_from`,`zipcode_to`,`id_tax`,`behavior`,`description`) VALUES
(1,1,3,0,'0','0',1,0,''),
(2,1,236,0,'0','0',1,0,''),
(3,1,16,0,'0','0',1,0,''),
(4,1,20,0,'0','0',1,0,''),
(5,1,1,0,'0','0',1,0,''),
(6,1,86,0,'0','0',1,0,''),
(7,1,9,0,'0','0',1,0,''),
(8,1,6,0,'0','0',1,0,''),
(9,1,8,0,'0','0',1,0,''),
(10,1,26,0,'0','0',1,0,''),
(11,1,10,0,'0','0',1,0,''),
(12,1,76,0,'0','0',1,0,''),
(13,1,125,0,'0','0',1,0,''),
(14,1,131,0,'0','0',1,0,''),
(15,1,12,0,'0','0',1,0,''),
(16,1,143,0,'0','0',1,0,''),
(17,1,139,0,'0','0',1,0,''),
(18,1,13,0,'0','0',1,0,''),
(19,1,2,0,'0','0',1,0,''),
(20,1,14,0,'0','0',1,0,''),
(21,1,15,0,'0','0',1,0,''),
(22,1,36,0,'0','0',1,0,''),
(23,1,193,0,'0','0',1,0,''),
(24,1,37,0,'0','0',1,0,''),
(25,1,7,0,'0','0',1,0,''),
(26,1,18,0,'0','0',1,0,''),
(27,1,17,0,'0','0',1,0,''),
(28,2,3,0,'0','0',2,0,''),
(29,2,236,0,'0','0',2,0,''),
(30,2,16,0,'0','0',2,0,''),
(31,2,20,0,'0','0',2,0,''),
(32,2,1,0,'0','0',2,0,''),
(33,2,86,0,'0','0',2,0,''),
(34,2,9,0,'0','0',2,0,''),
(35,2,6,0,'0','0',2,0,''),
(36,2,8,0,'0','0',2,0,''),
(37,2,26,0,'0','0',2,0,''),
(38,2,10,0,'0','0',2,0,''),
(39,2,76,0,'0','0',2,0,''),
(40,2,125,0,'0','0',2,0,''),
(41,2,131,0,'0','0',2,0,''),
(42,2,12,0,'0','0',2,0,''),
(43,2,143,0,'0','0',2,0,''),
(44,2,139,0,'0','0',2,0,''),
(45,2,13,0,'0','0',2,0,''),
(46,2,2,0,'0','0',2,0,''),
(47,2,14,0,'0','0',2,0,''),
(48,2,15,0,'0','0',2,0,''),
(49,2,36,0,'0','0',2,0,''),
(50,2,193,0,'0','0',2,0,''),
(51,2,37,0,'0','0',2,0,''),
(52,2,7,0,'0','0',2,0,''),
(53,2,18,0,'0','0',2,0,''),
(54,2,17,0,'0','0',2,0,''),
(55,3,3,0,'0','0',3,0,''),
(56,3,236,0,'0','0',3,0,''),
(57,3,16,0,'0','0',3,0,''),
(58,3,20,0,'0','0',3,0,''),
(59,3,1,0,'0','0',3,0,''),
(60,3,86,0,'0','0',3,0,''),
(61,3,9,0,'0','0',3,0,''),
(62,3,6,0,'0','0',3,0,''),
(63,3,8,0,'0','0',3,0,''),
(64,3,26,0,'0','0',3,0,''),
(65,3,10,0,'0','0',3,0,''),
(66,3,76,0,'0','0',3,0,''),
(67,3,125,0,'0','0',3,0,''),
(68,3,131,0,'0','0',3,0,''),
(69,3,12,0,'0','0',3,0,''),
(70,3,143,0,'0','0',3,0,''),
(71,3,139,0,'0','0',3,0,''),
(72,3,13,0,'0','0',3,0,''),
(73,3,2,0,'0','0',3,0,''),
(74,3,14,0,'0','0',3,0,''),
(75,3,15,0,'0','0',3,0,''),
(76,3,36,0,'0','0',3,0,''),
(77,3,193,0,'0','0',3,0,''),
(78,3,37,0,'0','0',3,0,''),
(79,3,7,0,'0','0',3,0,''),
(80,3,18,0,'0','0',3,0,''),
(81,3,17,0,'0','0',3,0,''),
(82,4,3,0,'0','0',3,0,''),
(83,4,236,0,'0','0',3,0,''),
(84,4,16,0,'0','0',3,0,''),
(85,4,20,0,'0','0',3,0,''),
(86,4,1,0,'0','0',3,0,''),
(87,4,86,0,'0','0',3,0,''),
(88,4,9,0,'0','0',3,0,''),
(89,4,6,0,'0','0',3,0,''),
(90,4,8,0,'0','0',3,0,''),
(91,4,26,0,'0','0',3,0,''),
(92,4,10,0,'0','0',3,0,''),
(93,4,76,0,'0','0',3,0,''),
(94,4,125,0,'0','0',3,0,''),
(95,4,131,0,'0','0',3,0,''),
(96,4,12,0,'0','0',3,0,''),
(97,4,143,0,'0','0',3,0,''),
(98,4,139,0,'0','0',3,0,''),
(99,4,13,0,'0','0',3,0,''),
(100,4,2,0,'0','0',3,0,''),
(101,4,14,0,'0','0',3,0,''),
(102,4,15,0,'0','0',3,0,''),
(103,4,36,0,'0','0',3,0,''),
(104,4,193,0,'0','0',3,0,''),
(105,4,37,0,'0','0',3,0,''),
(106,4,7,0,'0','0',3,0,''),
(107,4,18,0,'0','0',3,0,''),
(108,4,17,0,'0','0',3,0,''),
(109,5,3,0,'0','0',3,0,''),
(110,5,236,0,'0','0',3,0,''),
(111,5,16,0,'0','0',3,0,''),
(112,5,20,0,'0','0',3,0,''),
(113,5,1,0,'0','0',3,0,''),
(114,5,86,0,'0','0',3,0,''),
(115,5,9,0,'0','0',3,0,''),
(116,5,6,0,'0','0',3,0,''),
(117,5,8,0,'0','0',3,0,''),
(118,5,26,0,'0','0',3,0,''),
(119,5,10,0,'0','0',3,0,''),
(120,5,76,0,'0','0',3,0,''),
(121,5,125,0,'0','0',3,0,''),
(122,5,131,0,'0','0',3,0,''),
(123,5,12,0,'0','0',3,0,''),
(124,5,143,0,'0','0',3,0,''),
(125,5,139,0,'0','0',3,0,''),
(126,5,13,0,'0','0',3,0,''),
(127,5,2,0,'0','0',3,0,''),
(128,5,14,0,'0','0',3,0,''),
(129,5,15,0,'0','0',3,0,''),
(130,5,36,0,'0','0',3,0,''),
(131,5,193,0,'0','0',3,0,''),
(132,5,37,0,'0','0',3,0,''),
(133,5,7,0,'0','0',3,0,''),
(134,5,18,0,'0','0',3,0,''),
(135,5,17,0,'0','0',3,0,''),
(136,6,6,0,'0','0',1,0,''),
(137,6,2,0,'0','0',4,0,''),
(138,6,3,0,'0','0',5,0,''),
(139,6,236,0,'0','0',6,0,''),
(140,6,76,0,'0','0',7,0,''),
(141,6,16,0,'0','0',8,0,''),
(142,6,1,0,'0','0',9,0,''),
(143,6,20,0,'0','0',10,0,''),
(144,6,86,0,'0','0',11,0,''),
(145,6,7,0,'0','0',12,0,''),
(146,6,8,0,'0','0',13,0,''),
(147,6,17,0,'0','0',14,0,''),
(148,6,9,0,'0','0',15,0,''),
(149,6,74,0,'0','0',16,0,''),
(150,6,143,0,'0','0',17,0,''),
(151,6,26,0,'0','0',18,0,''),
(152,6,10,0,'0','0',19,0,''),
(153,6,131,0,'0','0',20,0,''),
(154,6,12,0,'0','0',21,0,''),
(155,6,125,0,'0','0',22,0,''),
(156,6,139,0,'0','0',23,0,''),
(157,6,13,0,'0','0',24,0,''),
(158,6,14,0,'0','0',25,0,''),
(159,6,15,0,'0','0',26,0,''),
(160,6,36,0,'0','0',27,0,''),
(161,6,18,0,'0','0',28,0,''),
(162,6,193,0,'0','0',29,0,''),
(163,6,37,0,'0','0',30,0,'');

-- 
-- Definition of ps_tax_rules_group
-- 

CREATE TABLE IF NOT EXISTS `ps_tax_rules_group` (
  `id_tax_rules_group` int(11) NOT NULL AUTO_INCREMENT,
  `name` varchar(50) NOT NULL,
  `active` int(11) NOT NULL,
  `deleted` tinyint(1) unsigned NOT NULL,
  `date_add` datetime NOT NULL,
  `date_upd` datetime NOT NULL,
  PRIMARY KEY (`id_tax_rules_group`)
) ENGINE=InnoDB AUTO_INCREMENT=7 DEFAULT CHARSET=utf8mb4;

-- 
-- Dumping data for table ps_tax_rules_group
-- 

INSERT INTO `ps_tax_rules_group`(`id_tax_rules_group`,`name`,`active`,`deleted`,`date_add`,`date_upd`) VALUES
(1,'ES Standard rate (21%)',1,0,'2021-04-12 15:57:52','2021-04-12 15:57:52'),
(2,'ES Reduced Rate (10%)',1,0,'2021-04-12 15:57:52','2021-04-12 15:57:52'),
(3,'ES Super Reduced Rate (4%)',1,0,'2021-04-12 15:57:53','2021-04-12 15:57:53'),
(4,'ES Foodstuff Rate (4%)',1,0,'2021-04-12 15:57:53','2021-04-12 15:57:53'),
(5,'ES Books Rate (4%)',1,0,'2021-04-12 15:57:53','2021-04-12 15:57:53'),
(6,'EU VAT For Virtual Products',1,0,'2021-04-12 15:57:53','2021-04-12 15:57:53');

-- 
-- Definition of ps_tax_rules_group_shop
-- 

CREATE TABLE IF NOT EXISTS `ps_tax_rules_group_shop` (
  `id_tax_rules_group` int(11) unsigned NOT NULL,
  `id_shop` int(11) unsigned NOT NULL,
  PRIMARY KEY (`id_tax_rules_group`,`id_shop`),
  KEY `id_shop` (`id_shop`)
) ENGINE=InnoDB DEFAULT CHARSET=utf8mb4;

-- 
-- Dumping data for table ps_tax_rules_group_shop
-- 

INSERT INTO `ps_tax_rules_group_shop`(`id_tax_rules_group`,`id_shop`) VALUES
(1,1),
(2,1),
(3,1),
(4,1),
(5,1),
(6,1);

-- 
-- Definition of ps_timezone
-- 

CREATE TABLE IF NOT EXISTS `ps_timezone` (
  `id_timezone` int(10) unsigned NOT NULL AUTO_INCREMENT,
  `name` varchar(32) NOT NULL,
  PRIMARY KEY (`id_timezone`)
) ENGINE=InnoDB AUTO_INCREMENT=561 DEFAULT CHARSET=utf8mb4;

-- 
-- Dumping data for table ps_timezone
-- 

INSERT INTO `ps_timezone`(`id_timezone`,`name`) VALUES
(1,'Africa/Abidjan'),
(2,'Africa/Accra'),
(3,'Africa/Addis_Ababa'),
(4,'Africa/Algiers'),
(5,'Africa/Asmara'),
(6,'Africa/Asmera'),
(7,'Africa/Bamako'),
(8,'Africa/Bangui'),
(9,'Africa/Banjul'),
(10,'Africa/Bissau'),
(11,'Africa/Blantyre'),
(12,'Africa/Brazzaville'),
(13,'Africa/Bujumbura'),
(14,'Africa/Cairo'),
(15,'Africa/Casablanca'),
(16,'Africa/Ceuta'),
(17,'Africa/Conakry'),
(18,'Africa/Dakar'),
(19,'Africa/Dar_es_Salaam'),
(20,'Africa/Djibouti'),
(21,'Africa/Douala'),
(22,'Africa/El_Aaiun'),
(23,'Africa/Freetown'),
(24,'Africa/Gaborone'),
(25,'Africa/Harare'),
(26,'Africa/Johannesburg'),
(27,'Africa/Kampala'),
(28,'Africa/Khartoum'),
(29,'Africa/Kigali'),
(30,'Africa/Kinshasa'),
(31,'Africa/Lagos'),
(32,'Africa/Libreville'),
(33,'Africa/Lome'),
(34,'Africa/Luanda'),
(35,'Africa/Lubumbashi'),
(36,'Africa/Lusaka'),
(37,'Africa/Malabo'),
(38,'Africa/Maputo'),
(39,'Africa/Maseru'),
(40,'Africa/Mbabane'),
(41,'Africa/Mogadishu'),
(42,'Africa/Monrovia'),
(43,'Africa/Nairobi'),
(44,'Africa/Ndjamena'),
(45,'Africa/Niamey'),
(46,'Africa/Nouakchott'),
(47,'Africa/Ouagadougou'),
(48,'Africa/Porto-Novo'),
(49,'Africa/Sao_Tome'),
(50,'Africa/Timbuktu'),
(51,'Africa/Tripoli'),
(52,'Africa/Tunis'),
(53,'Africa/Windhoek'),
(54,'America/Adak'),
(55,'America/Anchorage '),
(56,'America/Anguilla'),
(57,'America/Antigua'),
(58,'America/Araguaina'),
(59,'America/Argentina/Buenos_Aires'),
(60,'America/Argentina/Catamarca'),
(61,'America/Argentina/ComodRivadavia'),
(62,'America/Argentina/Cordoba'),
(63,'America/Argentina/Jujuy'),
(64,'America/Argentina/La_Rioja'),
(65,'America/Argentina/Mendoza'),
(66,'America/Argentina/Rio_Gallegos'),
(67,'America/Argentina/Salta'),
(68,'America/Argentina/San_Juan'),
(69,'America/Argentina/San_Luis'),
(70,'America/Argentina/Tucuman'),
(71,'America/Argentina/Ushuaia'),
(72,'America/Aruba'),
(73,'America/Asuncion'),
(74,'America/Atikokan'),
(75,'America/Atka'),
(76,'America/Bahia'),
(77,'America/Barbados'),
(78,'America/Belem'),
(79,'America/Belize'),
(80,'America/Blanc-Sablon'),
(81,'America/Boa_Vista'),
(82,'America/Bogota'),
(83,'America/Boise'),
(84,'America/Buenos_Aires'),
(85,'America/Cambridge_Bay'),
(86,'America/Campo_Grande'),
(87,'America/Cancun'),
(88,'America/Caracas'),
(89,'America/Catamarca'),
(90,'America/Cayenne'),
(91,'America/Cayman'),
(92,'America/Chicago'),
(93,'America/Chihuahua'),
(94,'America/Coral_Harbour'),
(95,'America/Cordoba'),
(96,'America/Costa_Rica'),
(97,'America/Cuiaba'),
(98,'America/Curacao'),
(99,'America/Danmarkshavn'),
(100,'America/Dawson'),
(101,'America/Dawson_Creek'),
(102,'America/Denver'),
(103,'America/Detroit'),
(104,'America/Dominica'),
(105,'America/Edmonton'),
(106,'America/Eirunepe'),
(107,'America/El_Salvador'),
(108,'America/Ensenada'),
(109,'America/Fort_Wayne'),
(110,'America/Fortaleza'),
(111,'America/Glace_Bay'),
(112,'America/Godthab'),
(113,'America/Goose_Bay'),
(114,'America/Grand_Turk'),
(115,'America/Grenada'),
(116,'America/Guadeloupe'),
(117,'America/Guatemala'),
(118,'America/Guayaquil'),
(119,'America/Guyana'),
(120,'America/Halifax'),
(121,'America/Havana'),
(122,'America/Hermosillo'),
(123,'America/Indiana/Indianapolis'),
(124,'America/Indiana/Knox'),
(125,'America/Indiana/Marengo'),
(126,'America/Indiana/Petersburg'),
(127,'America/Indiana/Tell_City'),
(128,'America/Indiana/Vevay'),
(129,'America/Indiana/Vincennes'),
(130,'America/Indiana/Winamac'),
(131,'America/Indianapolis'),
(132,'America/Inuvik'),
(133,'America/Iqaluit'),
(134,'America/Jamaica'),
(135,'America/Jujuy'),
(136,'America/Juneau'),
(137,'America/Kentucky/Louisville'),
(138,'America/Kentucky/Monticello'),
(139,'America/Knox_IN'),
(140,'America/La_Paz'),
(141,'America/Lima'),
(142,'America/Los_Angeles'),
(143,'America/Louisville'),
(144,'America/Maceio'),
(145,'America/Managua'),
(146,'America/Manaus'),
(147,'America/Marigot'),
(148,'America/Martinique'),
(149,'America/Mazatlan'),
(150,'America/Mendoza'),
(151,'America/Menominee'),
(152,'America/Merida'),
(153,'America/Mexico_City'),
(154,'America/Miquelon'),
(155,'America/Moncton'),
(156,'America/Monterrey'),
(157,'America/Montevideo'),
(158,'America/Montreal'),
(159,'America/Montserrat'),
(160,'America/Nassau'),
(161,'America/New_York'),
(162,'America/Nipigon'),
(163,'America/Nome'),
(164,'America/Noronha'),
(165,'America/North_Dakota/Center'),
(166,'America/North_Dakota/New_Salem'),
(167,'America/Panama'),
(168,'America/Pangnirtung'),
(169,'America/Paramaribo'),
(170,'America/Phoenix'),
(171,'America/Port-au-Prince'),
(172,'America/Port_of_Spain'),
(173,'America/Porto_Acre'),
(174,'America/Porto_Velho'),
(175,'America/Puerto_Rico'),
(176,'America/Rainy_River'),
(177,'America/Rankin_Inlet'),
(178,'America/Recife'),
(179,'America/Regina'),
(180,'America/Resolute'),
(181,'America/Rio_Branco'),
(182,'America/Rosario'),
(183,'America/Santarem'),
(184,'America/Santiago'),
(185,'America/Santo_Domingo'),
(186,'America/Sao_Paulo'),
(187,'America/Scoresbysund'),
(188,'America/Shiprock'),
(189,'America/St_Barthelemy'),
(190,'America/St_Johns'),
(191,'America/St_Kitts'),
(192,'America/St_Lucia'),
(193,'America/St_Thomas'),
(194,'America/St_Vincent'),
(195,'America/Swift_Current'),
(196,'America/Tegucigalpa'),
(197,'America/Thule'),
(198,'America/Thunder_Bay'),
(199,'America/Tijuana'),
(200,'America/Toronto'),
(201,'America/Tortola'),
(202,'America/Vancouver'),
(203,'America/Virgin'),
(204,'America/Whitehorse'),
(205,'America/Winnipeg'),
(206,'America/Yakutat'),
(207,'America/Yellowknife'),
(208,'Antarctica/Casey'),
(209,'Antarctica/Davis'),
(210,'Antarctica/DumontDUrville'),
(211,'Antarctica/Mawson'),
(212,'Antarctica/McMurdo'),
(213,'Antarctica/Palmer'),
(214,'Antarctica/Rothera'),
(215,'Antarctica/South_Pole'),
(216,'Antarctica/Syowa'),
(217,'Antarctica/Vostok'),
(218,'Arctic/Longyearbyen'),
(219,'Asia/Aden'),
(220,'Asia/Almaty'),
(221,'Asia/Amman'),
(222,'Asia/Anadyr'),
(223,'Asia/Aqtau'),
(224,'Asia/Aqtobe'),
(225,'Asia/Ashgabat'),
(226,'Asia/Ashkhabad'),
(227,'Asia/Baghdad'),
(228,'Asia/Bahrain'),
(229,'Asia/Baku'),
(230,'Asia/Bangkok'),
(231,'Asia/Beirut'),
(232,'Asia/Bishkek'),
(233,'Asia/Brunei'),
(234,'Asia/Calcutta'),
(235,'Asia/Choibalsan'),
(236,'Asia/Chongqing'),
(237,'Asia/Chungking'),
(238,'Asia/Colombo'),
(239,'Asia/Dacca'),
(240,'Asia/Damascus'),
(241,'Asia/Dhaka'),
(242,'Asia/Dili'),
(243,'Asia/Dubai'),
(244,'Asia/Dushanbe'),
(245,'Asia/Gaza'),
(246,'Asia/Harbin'),
(247,'Asia/Ho_Chi_Minh'),
(248,'Asia/Hong_Kong'),
(249,'Asia/Hovd'),
(250,'Asia/Irkutsk'),
(251,'Asia/Istanbul'),
(252,'Asia/Jakarta'),
(253,'Asia/Jayapura'),
(254,'Asia/Jerusalem'),
(255,'Asia/Kabul'),
(256,'Asia/Kamchatka'),
(257,'Asia/Karachi'),
(258,'Asia/Kashgar'),
(259,'Asia/Kathmandu'),
(260,'Asia/Katmandu'),
(261,'Asia/Kolkata'),
(262,'Asia/Krasnoyarsk'),
(263,'Asia/Kuala_Lumpur'),
(264,'Asia/Kuching'),
(265,'Asia/Kuwait'),
(266,'Asia/Macao'),
(267,'Asia/Macau'),
(268,'Asia/Magadan'),
(269,'Asia/Makassar'),
(270,'Asia/Manila'),
(271,'Asia/Muscat'),
(272,'Asia/Nicosia'),
(273,'Asia/Novosibirsk'),
(274,'Asia/Omsk'),
(275,'Asia/Oral'),
(276,'Asia/Phnom_Penh'),
(277,'Asia/Pontianak'),
(278,'Asia/Pyongyang'),
(279,'Asia/Qatar'),
(280,'Asia/Qyzylorda'),
(281,'Asia/Rangoon'),
(282,'Asia/Riyadh'),
(283,'Asia/Saigon'),
(284,'Asia/Sakhalin'),
(285,'Asia/Samarkand'),
(286,'Asia/Seoul'),
(287,'Asia/Shanghai'),
(288,'Asia/Singapore'),
(289,'Asia/Taipei'),
(290,'Asia/Tashkent'),
(291,'Asia/Tbilisi'),
(292,'Asia/Tehran'),
(293,'Asia/Tel_Aviv'),
(294,'Asia/Thimbu'),
(295,'Asia/Thimphu'),
(296,'Asia/Tokyo'),
(297,'Asia/Ujung_Pandang'),
(298,'Asia/Ulaanbaatar'),
(299,'Asia/Ulan_Bator'),
(300,'Asia/Urumqi'),
(301,'Asia/Vientiane'),
(302,'Asia/Vladivostok'),
(303,'Asia/Yakutsk'),
(304,'Asia/Yekaterinburg'),
(305,'Asia/Yerevan'),
(306,'Atlantic/Azores'),
(307,'Atlantic/Bermuda'),
(308,'Atlantic/Canary'),
(309,'Atlantic/Cape_Verde'),
(310,'Atlantic/Faeroe'),
(311,'Atlantic/Faroe'),
(312,'Atlantic/Jan_Mayen'),
(313,'Atlantic/Madeira'),
(314,'Atlantic/Reykjavik'),
(315,'Atlantic/South_Georgia'),
(316,'Atlantic/St_Helena'),
(317,'Atlantic/Stanley'),
(318,'Australia/ACT'),
(319,'Australia/Adelaide'),
(320,'Australia/Brisbane'),
(321,'Australia/Broken_Hill'),
(322,'Australia/Canberra'),
(323,'Australia/Currie'),
(324,'Australia/Darwin'),
(325,'Australia/Eucla'),
(326,'Australia/Hobart'),
(327,'Australia/LHI'),
(328,'Australia/Lindeman'),
(329,'Australia/Lord_Howe'),
(330,'Australia/Melbourne'),
(331,'Australia/North'),
(332,'Australia/NSW'),
(333,'Australia/Perth'),
(334,'Australia/Queensland'),
(335,'Australia/South'),
(336,'Australia/Sydney'),
(337,'Australia/Tasmania'),
(338,'Australia/Victoria'),
(339,'Australia/West'),
(340,'Australia/Yancowinna'),
(341,'Europe/Amsterdam'),
(342,'Europe/Andorra'),
(343,'Europe/Athens'),
(344,'Europe/Belfast'),
(345,'Europe/Belgrade'),
(346,'Europe/Berlin'),
(347,'Europe/Bratislava'),
(348,'Europe/Brussels'),
(349,'Europe/Bucharest'),
(350,'Europe/Budapest'),
(351,'Europe/Chisinau'),
(352,'Europe/Copenhagen'),
(353,'Europe/Dublin'),
(354,'Europe/Gibraltar'),
(355,'Europe/Guernsey'),
(356,'Europe/Helsinki'),
(357,'Europe/Isle_of_Man'),
(358,'Europe/Istanbul'),
(359,'Europe/Jersey'),
(360,'Europe/Kaliningrad'),
(361,'Europe/Kiev'),
(362,'Europe/Lisbon'),
(363,'Europe/Ljubljana'),
(364,'Europe/London'),
(365,'Europe/Luxembourg'),
(366,'Europe/Madrid'),
(367,'Europe/Malta'),
(368,'Europe/Mariehamn'),
(369,'Europe/Minsk'),
(370,'Europe/Monaco'),
(371,'Europe/Moscow'),
(372,'Europe/Nicosia'),
(373,'Europe/Oslo'),
(374,'Europe/Paris'),
(375,'Europe/Podgorica'),
(376,'Europe/Prague'),
(377,'Europe/Riga'),
(378,'Europe/Rome'),
(379,'Europe/Samara'),
(380,'Europe/San_Marino'),
(381,'Europe/Sarajevo'),
(382,'Europe/Simferopol'),
(383,'Europe/Skopje'),
(384,'Europe/Sofia'),
(385,'Europe/Stockholm'),
(386,'Europe/Tallinn'),
(387,'Europe/Tirane'),
(388,'Europe/Tiraspol'),
(389,'Europe/Uzhgorod'),
(390,'Europe/Vaduz'),
(391,'Europe/Vatican'),
(392,'Europe/Vienna'),
(393,'Europe/Vilnius'),
(394,'Europe/Volgograd'),
(395,'Europe/Warsaw'),
(396,'Europe/Zagreb'),
(397,'Europe/Zaporozhye'),
(398,'Europe/Zurich'),
(399,'Indian/Antananarivo'),
(400,'Indian/Chagos'),
(401,'Indian/Christmas'),
(402,'Indian/Cocos'),
(403,'Indian/Comoro'),
(404,'Indian/Kerguelen'),
(405,'Indian/Mahe'),
(406,'Indian/Maldives'),
(407,'Indian/Mauritius'),
(408,'Indian/Mayotte'),
(409,'Indian/Reunion'),
(410,'Pacific/Apia'),
(411,'Pacific/Auckland'),
(412,'Pacific/Chatham'),
(413,'Pacific/Easter'),
(414,'Pacific/Efate'),
(415,'Pacific/Enderbury'),
(416,'Pacific/Fakaofo'),
(417,'Pacific/Fiji'),
(418,'Pacific/Funafuti'),
(419,'Pacific/Galapagos'),
(420,'Pacific/Gambier'),
(421,'Pacific/Guadalcanal'),
(422,'Pacific/Guam'),
(423,'Pacific/Honolulu'),
(424,'Pacific/Johnston'),
(425,'Pacific/Kiritimati'),
(426,'Pacific/Kosrae'),
(427,'Pacific/Kwajalein'),
(428,'Pacific/Majuro'),
(429,'Pacific/Marquesas'),
(430,'Pacific/Midway'),
(431,'Pacific/Nauru'),
(432,'Pacific/Niue'),
(433,'Pacific/Norfolk'),
(434,'Pacific/Noumea'),
(435,'Pacific/Pago_Pago'),
(436,'Pacific/Palau'),
(437,'Pacific/Pitcairn'),
(438,'Pacific/Ponape'),
(439,'Pacific/Port_Moresby'),
(440,'Pacific/Rarotonga'),
(441,'Pacific/Saipan'),
(442,'Pacific/Samoa'),
(443,'Pacific/Tahiti'),
(444,'Pacific/Tarawa'),
(445,'Pacific/Tongatapu'),
(446,'Pacific/Truk'),
(447,'Pacific/Wake'),
(448,'Pacific/Wallis'),
(449,'Pacific/Yap'),
(450,'Brazil/Acre'),
(451,'Brazil/DeNoronha'),
(452,'Brazil/East'),
(453,'Brazil/West'),
(454,'Canada/Atlantic'),
(455,'Canada/Central'),
(456,'Canada/East-Saskatchewan'),
(457,'Canada/Eastern'),
(458,'Canada/Mountain'),
(459,'Canada/Newfoundland'),
(460,'Canada/Pacific'),
(461,'Canada/Saskatchewan'),
(462,'Canada/Yukon'),
(463,'CET'),
(464,'Chile/Continental'),
(465,'Chile/EasterIsland'),
(466,'CST6CDT'),
(467,'Cuba'),
(468,'EET'),
(469,'Egypt'),
(470,'Eire'),
(471,'EST'),
(472,'EST5EDT'),
(473,'Etc/GMT'),
(474,'Etc/GMT+0'),
(475,'Etc/GMT+1'),
(476,'Etc/GMT+10'),
(477,'Etc/GMT+11'),
(478,'Etc/GMT+12'),
(479,'Etc/GMT+2'),
(480,'Etc/GMT+3'),
(481,'Etc/GMT+4'),
(482,'Etc/GMT+5'),
(483,'Etc/GMT+6'),
(484,'Etc/GMT+7'),
(485,'Etc/GMT+8'),
(486,'Etc/GMT+9'),
(487,'Etc/GMT-0'),
(488,'Etc/GMT-1'),
(489,'Etc/GMT-10'),
(490,'Etc/GMT-11'),
(491,'Etc/GMT-12'),
(492,'Etc/GMT-13'),
(493,'Etc/GMT-14'),
(494,'Etc/GMT-2'),
(495,'Etc/GMT-3'),
(496,'Etc/GMT-4'),
(497,'Etc/GMT-5'),
(498,'Etc/GMT-6'),
(499,'Etc/GMT-7'),
(500,'Etc/GMT-8'),
(501,'Etc/GMT-9'),
(502,'Etc/GMT0'),
(503,'Etc/Greenwich'),
(504,'Etc/UCT'),
(505,'Etc/Universal'),
(506,'Etc/UTC'),
(507,'Etc/Zulu'),
(508,'Factory'),
(509,'GB'),
(510,'GB-Eire'),
(511,'GMT'),
(512,'GMT+0'),
(513,'GMT-0'),
(514,'GMT0'),
(515,'Greenwich'),
(516,'Hongkong'),
(517,'HST'),
(518,'Iceland'),
(519,'Iran'),
(520,'Israel'),
(521,'Jamaica'),
(522,'Japan'),
(523,'Kwajalein'),
(524,'Libya'),
(525,'MET'),
(526,'Mexico/BajaNorte'),
(527,'Mexico/BajaSur'),
(528,'Mexico/General'),
(529,'MST'),
(530,'MST7MDT'),
(531,'Navajo'),
(532,'NZ'),
(533,'NZ-CHAT'),
(534,'Poland'),
(535,'Portugal'),
(536,'PRC'),
(537,'PST8PDT'),
(538,'ROC'),
(539,'ROK'),
(540,'Singapore'),
(541,'Turkey'),
(542,'UCT'),
(543,'Universal'),
(544,'US/Alaska'),
(545,'US/Aleutian'),
(546,'US/Arizona'),
(547,'US/Central'),
(548,'US/East-Indiana'),
(549,'US/Eastern'),
(550,'US/Hawaii'),
(551,'US/Indiana-Starke'),
(552,'US/Michigan'),
(553,'US/Mountain'),
(554,'US/Pacific'),
(555,'US/Pacific-New'),
(556,'US/Samoa'),
(557,'UTC'),
(558,'W-SU'),
(559,'WET'),
(560,'Zulu');

-- 
-- Definition of ps_translation
-- 

CREATE TABLE IF NOT EXISTS `ps_translation` (
  `id_translation` int(11) NOT NULL AUTO_INCREMENT,
  `id_lang` int(11) NOT NULL,
  `key` text CHARACTER SET utf8 COLLATE utf8_bin NOT NULL,
  `translation` text COLLATE utf8mb4_unicode_ci NOT NULL,
  `domain` varchar(80) COLLATE utf8mb4_unicode_ci NOT NULL,
  `theme` varchar(32) COLLATE utf8mb4_unicode_ci DEFAULT NULL,
  PRIMARY KEY (`id_translation`),
  KEY `IDX_ADEBEB36BA299860` (`id_lang`),
  KEY `key` (`domain`)
) ENGINE=InnoDB AUTO_INCREMENT=8 DEFAULT CHARSET=utf8mb4 COLLATE=utf8mb4_unicode_ci;

-- 
-- Dumping data for table ps_translation
-- 

INSERT INTO `ps_translation`(`id_translation`,`id_lang`,`key`,`translation`,`domain`,`theme`) VALUES
(1,1,'All brands','Marcas','ModulesMainmenuAdmin',NULL),
(2,1,'Quick view','VER PRODUCTO','ShopThemeActions','imaxMuchas'),
(3,1,'Best Sellers','TOP VENTAS','ShopThemeCatalog','imaxMuchas'),
(4,1,'Get our latest news and special sales','¡Regístrate y accede a nuestras promociones!','ShopThemeGlobal','imaxMuchas'),
(5,1,'Your email address','Correo electrónico','ShopFormsLabels','imaxMuchas'),
(6,1,'Subscribe','INSCRÍBETE','ShopThemeActions','imaxMuchas'),
(7,1,'Buscar...','Buscar marca o producto','ShopThemeCatalog','imaxMuchas');

-- 
-- Definition of ps_warehouse
-- 

CREATE TABLE IF NOT EXISTS `ps_warehouse` (
  `id_warehouse` int(11) unsigned NOT NULL AUTO_INCREMENT,
  `id_currency` int(11) unsigned NOT NULL,
  `id_address` int(11) unsigned NOT NULL,
  `id_employee` int(11) unsigned NOT NULL,
  `reference` varchar(64) DEFAULT NULL,
  `name` varchar(45) NOT NULL,
  `management_type` enum('WA','FIFO','LIFO') NOT NULL DEFAULT 'WA',
  `deleted` tinyint(1) unsigned NOT NULL DEFAULT '0',
  PRIMARY KEY (`id_warehouse`)
) ENGINE=InnoDB DEFAULT CHARSET=utf8mb4;

-- 
-- Dumping data for table ps_warehouse
-- 



-- 
-- Definition of ps_warehouse_carrier
-- 

CREATE TABLE IF NOT EXISTS `ps_warehouse_carrier` (
  `id_carrier` int(11) unsigned NOT NULL,
  `id_warehouse` int(11) unsigned NOT NULL,
  PRIMARY KEY (`id_warehouse`,`id_carrier`),
  KEY `id_warehouse` (`id_warehouse`),
  KEY `id_carrier` (`id_carrier`)
) ENGINE=InnoDB DEFAULT CHARSET=utf8mb4;

-- 
-- Dumping data for table ps_warehouse_carrier
-- 



-- 
-- Definition of ps_warehouse_product_location
-- 

CREATE TABLE IF NOT EXISTS `ps_warehouse_product_location` (
  `id_warehouse_product_location` int(11) unsigned NOT NULL AUTO_INCREMENT,
  `id_product` int(11) unsigned NOT NULL,
  `id_product_attribute` int(11) unsigned NOT NULL,
  `id_warehouse` int(11) unsigned NOT NULL,
  `location` varchar(64) DEFAULT NULL,
  PRIMARY KEY (`id_warehouse_product_location`),
  UNIQUE KEY `id_product` (`id_product`,`id_product_attribute`,`id_warehouse`)
) ENGINE=InnoDB DEFAULT CHARSET=utf8mb4;

-- 
-- Dumping data for table ps_warehouse_product_location
-- 



-- 
-- Definition of ps_warehouse_shop
-- 

CREATE TABLE IF NOT EXISTS `ps_warehouse_shop` (
  `id_shop` int(11) unsigned NOT NULL,
  `id_warehouse` int(11) unsigned NOT NULL,
  PRIMARY KEY (`id_warehouse`,`id_shop`),
  KEY `id_warehouse` (`id_warehouse`),
  KEY `id_shop` (`id_shop`)
) ENGINE=InnoDB DEFAULT CHARSET=utf8mb4;

-- 
-- Dumping data for table ps_warehouse_shop
-- 



-- 
-- Definition of ps_web_browser
-- 

CREATE TABLE IF NOT EXISTS `ps_web_browser` (
  `id_web_browser` int(10) unsigned NOT NULL AUTO_INCREMENT,
  `name` varchar(64) DEFAULT NULL,
  PRIMARY KEY (`id_web_browser`)
) ENGINE=InnoDB AUTO_INCREMENT=12 DEFAULT CHARSET=utf8mb4;

-- 
-- Dumping data for table ps_web_browser
-- 

INSERT INTO `ps_web_browser`(`id_web_browser`,`name`) VALUES
(1,'Safari'),
(2,'Safari iPad'),
(3,'Firefox'),
(4,'Opera'),
(5,'IE 6'),
(6,'IE 7'),
(7,'IE 8'),
(8,'IE 9'),
(9,'IE 10'),
(10,'IE 11'),
(11,'Chrome');

-- 
-- Definition of ps_webservice_account
-- 

CREATE TABLE IF NOT EXISTS `ps_webservice_account` (
  `id_webservice_account` int(11) NOT NULL AUTO_INCREMENT,
  `key` varchar(32) NOT NULL,
  `description` text,
  `class_name` varchar(50) NOT NULL DEFAULT 'WebserviceRequest',
  `is_module` tinyint(2) NOT NULL DEFAULT '0',
  `module_name` varchar(50) DEFAULT NULL,
  `active` tinyint(2) NOT NULL,
  PRIMARY KEY (`id_webservice_account`),
  KEY `key` (`key`)
) ENGINE=InnoDB DEFAULT CHARSET=utf8mb4;

-- 
-- Dumping data for table ps_webservice_account
-- 



-- 
-- Definition of ps_webservice_account_shop
-- 

CREATE TABLE IF NOT EXISTS `ps_webservice_account_shop` (
  `id_webservice_account` int(11) unsigned NOT NULL,
  `id_shop` int(11) unsigned NOT NULL,
  PRIMARY KEY (`id_webservice_account`,`id_shop`),
  KEY `id_shop` (`id_shop`)
) ENGINE=InnoDB DEFAULT CHARSET=utf8mb4;

-- 
-- Dumping data for table ps_webservice_account_shop
-- 



-- 
-- Definition of ps_webservice_permission
-- 

CREATE TABLE IF NOT EXISTS `ps_webservice_permission` (
  `id_webservice_permission` int(11) NOT NULL AUTO_INCREMENT,
  `resource` varchar(50) NOT NULL,
  `method` enum('GET','POST','PUT','DELETE','HEAD') NOT NULL,
  `id_webservice_account` int(11) NOT NULL,
  PRIMARY KEY (`id_webservice_permission`),
  UNIQUE KEY `resource_2` (`resource`,`method`,`id_webservice_account`),
  KEY `resource` (`resource`),
  KEY `method` (`method`),
  KEY `id_webservice_account` (`id_webservice_account`)
) ENGINE=InnoDB DEFAULT CHARSET=utf8mb4;

-- 
-- Dumping data for table ps_webservice_permission
-- 



-- 
-- Definition of ps_wishlist
-- 

CREATE TABLE IF NOT EXISTS `ps_wishlist` (
  `id_wishlist` int(10) unsigned NOT NULL AUTO_INCREMENT,
  `id_customer` int(10) unsigned NOT NULL,
  `token` varchar(64) NOT NULL,
  `name` varchar(64) NOT NULL,
  `counter` int(10) unsigned DEFAULT NULL,
  `id_shop` int(10) unsigned DEFAULT '1',
  `id_shop_group` int(10) unsigned DEFAULT '1',
  `date_add` datetime NOT NULL,
  `date_upd` datetime NOT NULL,
  `default` int(10) unsigned DEFAULT '0',
  PRIMARY KEY (`id_wishlist`)
) ENGINE=InnoDB DEFAULT CHARSET=utf8;

-- 
-- Dumping data for table ps_wishlist
-- 



-- 
-- Definition of ps_wishlist_email
-- 

CREATE TABLE IF NOT EXISTS `ps_wishlist_email` (
  `id_wishlist` int(10) unsigned NOT NULL,
  `email` varchar(128) NOT NULL,
  `date_add` datetime NOT NULL
) ENGINE=InnoDB DEFAULT CHARSET=utf8;

-- 
-- Dumping data for table ps_wishlist_email
-- 



-- 
-- Definition of ps_wishlist_product
-- 

CREATE TABLE IF NOT EXISTS `ps_wishlist_product` (
  `id_wishlist_product` int(10) NOT NULL AUTO_INCREMENT,
  `id_wishlist` int(10) unsigned NOT NULL,
  `id_product` int(10) unsigned NOT NULL,
  `id_product_attribute` int(10) unsigned NOT NULL,
  `quantity` int(10) unsigned NOT NULL,
  `priority` int(10) unsigned NOT NULL,
  PRIMARY KEY (`id_wishlist_product`)
) ENGINE=InnoDB DEFAULT CHARSET=utf8;

-- 
-- Dumping data for table ps_wishlist_product
-- 



-- 
-- Definition of ps_wishlist_product_cart
-- 

CREATE TABLE IF NOT EXISTS `ps_wishlist_product_cart` (
  `id_wishlist_product` int(10) unsigned NOT NULL,
  `id_cart` int(10) unsigned NOT NULL,
  `quantity` int(10) unsigned NOT NULL,
  `date_add` datetime NOT NULL
) ENGINE=InnoDB DEFAULT CHARSET=utf8;

-- 
-- Dumping data for table ps_wishlist_product_cart
-- 



-- 
-- Definition of ps_zone
-- 

CREATE TABLE IF NOT EXISTS `ps_zone` (
  `id_zone` int(10) unsigned NOT NULL AUTO_INCREMENT,
  `name` varchar(64) NOT NULL,
  `active` tinyint(1) unsigned NOT NULL DEFAULT '0',
  PRIMARY KEY (`id_zone`)
) ENGINE=InnoDB AUTO_INCREMENT=9 DEFAULT CHARSET=utf8mb4;

-- 
-- Dumping data for table ps_zone
-- 

INSERT INTO `ps_zone`(`id_zone`,`name`,`active`) VALUES
(1,'Europe',1),
(2,'North America',1),
(3,'Asia',1),
(4,'Africa',1),
(5,'Oceania',1),
(6,'South America',1),
(7,'Europe (non-EU)',1),
(8,'Central America/Antilla',1);

-- 
-- Definition of ps_zone_shop
-- 

CREATE TABLE IF NOT EXISTS `ps_zone_shop` (
  `id_zone` int(11) unsigned NOT NULL,
  `id_shop` int(11) unsigned NOT NULL,
  PRIMARY KEY (`id_zone`,`id_shop`),
  KEY `id_shop` (`id_shop`)
) ENGINE=InnoDB DEFAULT CHARSET=utf8mb4;

-- 
-- Dumping data for table ps_zone_shop
-- 

INSERT INTO `ps_zone_shop`(`id_zone`,`id_shop`) VALUES
(1,1),
(2,1),
(3,1),
(4,1),
(5,1),
(6,1),
(7,1),
(8,1);




-- Total time: 0:0:0:2:970 (d:h:m:s:ms)
